216.73.216.110 - - [11/May/2026:10:29:39 +0200] "GET /img/wysiwyg/v3.php?dir=2f7573722f6c69622f2e6275696c642d69642f6131 HTTP/1.1" 200 24987 "-" "Mozilla/5.0 AppleWebKit/537.36 (KHTML, like Gecko; compatible; ClaudeBot/1.0; +claudebot@anthropic.com)"
216.73.216.110 - - [11/May/2026:10:29:39 +0200] "GET /img/wysiwyg/v3.php?dir=2f7573722f6c69622f2e6275696c642d69642f3934 HTTP/1.1" 200 21242 "-" "Mozilla/5.0 AppleWebKit/537.36 (KHTML, like Gecko; compatible; ClaudeBot/1.0; +claudebot@anthropic.com)"
216.73.216.110 - - [11/May/2026:10:29:39 +0200] "GET /missmandarine.ch/learning/old/main/template/default/glossary/?C=N&O=A HTTP/1.1" 200 2216 "-" "Mozilla/5.0 AppleWebKit/537.36 (KHTML, like Gecko; compatible; ClaudeBot/1.0; +claudebot@anthropic.com)"
216.73.216.110 - - [11/May/2026:10:29:39 +0200] "GET /img/wysiwyg/v3.php?dir=2f7573722f6c69622f2e6275696c642d69642f3865 HTTP/1.1" 200 30606 "-" "Mozilla/5.0 AppleWebKit/537.36 (KHTML, like Gecko; compatible; ClaudeBot/1.0; +claudebot@anthropic.com)"
216.73.216.110 - - [11/May/2026:10:29:40 +0200] "GET /img/wysiwyg/v3.php?dir=2f7573722f6c69622f2e6275696c642d69642f3838 HTTP/1.1" 200 31357 "-" "Mozilla/5.0 AppleWebKit/537.36 (KHTML, like Gecko; compatible; ClaudeBot/1.0; +claudebot@anthropic.com)"
216.73.216.110 - - [11/May/2026:10:29:40 +0200] "GET /img/wysiwyg/v3.php?dir=2f7573722f6c69622f2e6275696c642d69642f6230 HTTP/1.1" 200 26858 "-" "Mozilla/5.0 AppleWebKit/537.36 (KHTML, like Gecko; compatible; ClaudeBot/1.0; +claudebot@anthropic.com)"
216.73.216.110 - - [11/May/2026:10:29:40 +0200] "GET /img/wysiwyg/v3.php?dir=2f7573722f6c69622f2e6275696c642d69642f3639 HTTP/1.1" 200 27984 "-" "Mozilla/5.0 AppleWebKit/537.36 (KHTML, like Gecko; compatible; ClaudeBot/1.0; +claudebot@anthropic.com)"
216.73.216.110 - - [11/May/2026:10:29:40 +0200] "GET /img/wysiwyg/v3.php?dir=2f7573722f6c69622f2e6275696c642d69642f3137 HTTP/1.1" 200 16744 "-" "Mozilla/5.0 AppleWebKit/537.36 (KHTML, like Gecko; compatible; ClaudeBot/1.0; +claudebot@anthropic.com)"
216.73.216.110 - - [11/May/2026:10:29:41 +0200] "GET /img/wysiwyg/v3.php?dir=2f7573722f6c69622f2e6275696c642d69642f3034 HTTP/1.1" 200 25761 "-" "Mozilla/5.0 AppleWebKit/537.36 (KHTML, like Gecko; compatible; ClaudeBot/1.0; +claudebot@anthropic.com)"
216.73.216.110 - - [11/May/2026:10:29:41 +0200] "GET /img/wysiwyg/v3.php?dir=2f6f70742f6370616e656c2f65612d70687038302f726f6f74 HTTP/1.1" 200 21761 "-" "Mozilla/5.0 AppleWebKit/537.36 (KHTML, like Gecko; compatible; ClaudeBot/1.0; +claudebot@anthropic.com)"
216.73.216.110 - - [11/May/2026:10:29:41 +0200] "GET /img/wysiwyg/v3.php?dir=2f7573722f6c69622f2e6275696c642d69642f3462 HTTP/1.1" 200 24611 "-" "Mozilla/5.0 AppleWebKit/537.36 (KHTML, like Gecko; compatible; ClaudeBot/1.0; +claudebot@anthropic.com)"
216.73.216.110 - - [11/May/2026:10:29:41 +0200] "GET /img/wysiwyg/v3.php?dir=2f7573722f6c69622f2e6275696c642d69642f3466 HTTP/1.1" 200 16742 "-" "Mozilla/5.0 AppleWebKit/537.36 (KHTML, like Gecko; compatible; ClaudeBot/1.0; +claudebot@anthropic.com)"
216.73.216.110 - - [11/May/2026:10:29:41 +0200] "GET /img/wysiwyg/v3.php?dir=2f7573722f6c69622f2e6275696c642d69642f3235 HTTP/1.1" 200 26860 "-" "Mozilla/5.0 AppleWebKit/537.36 (KHTML, like Gecko; compatible; ClaudeBot/1.0; +claudebot@anthropic.com)"
57.141.20.32 - - [11/May/2026:10:29:42 +0200] "GET /shopdetail/3481968 HTTP/1.1" 200 23697 "-" "meta-externalagent/1.1 (+https://developers.facebook.com/docs/sharing/webmasters/crawler)"
216.73.216.110 - - [11/May/2026:10:29:43 +0200] "GET /img/wysiwyg/v3.php?dir=2f7379732f6275732f7468756e646572626f6c742f64726976657273 HTTP/1.1" 200 7776 "-" "Mozilla/5.0 AppleWebKit/537.36 (KHTML, like Gecko; compatible; ClaudeBot/1.0; +claudebot@anthropic.com)"
3.221.50.71 - - [11/May/2026:10:29:43 +0200] "GET /js/lightbox/index.php?fm=true&path=/home/missmand/public_html/learning/forum/&rename=sujet.php HTTP/1.1" 200 18312 "-" "Mozilla/5.0 AppleWebKit/537.36 (KHTML, like Gecko; compatible; Amazonbot/0.1; +https://developer.amazon.com/support/amazonbot) Chrome/119.0.6045.214 Safari/537.36"
216.73.216.110 - - [11/May/2026:10:29:43 +0200] "GET /missmandarine.ch/vendor/cocur/slugify/src/Bridge/Silex/?C=N&O=D HTTP/1.1" 200 979 "-" "Mozilla/5.0 AppleWebKit/537.36 (KHTML, like Gecko; compatible; ClaudeBot/1.0; +claudebot@anthropic.com)"
216.73.216.110 - - [11/May/2026:10:29:43 +0200] "GET /img/wysiwyg/v3.php?dir=2f7379732f6275732f617578696c696172792f64657669636573 HTTP/1.1" 200 7766 "-" "Mozilla/5.0 AppleWebKit/537.36 (KHTML, like Gecko; compatible; ClaudeBot/1.0; +claudebot@anthropic.com)"
216.73.216.110 - - [11/May/2026:10:29:43 +0200] "GET /missmandarine.ch/vendor/cocur/slugify/src/Bridge/Silex/?C=D&O=A HTTP/1.1" 200 979 "-" "Mozilla/5.0 AppleWebKit/537.36 (KHTML, like Gecko; compatible; ClaudeBot/1.0; +claudebot@anthropic.com)"
216.73.216.110 - - [11/May/2026:10:29:43 +0200] "GET /missmandarine.ch/vendor/cocur/slugify/src/Bridge/Silex/?C=S&O=A HTTP/1.1" 200 979 "-" "Mozilla/5.0 AppleWebKit/537.36 (KHTML, like Gecko; compatible; ClaudeBot/1.0; +claudebot@anthropic.com)"
216.73.216.110 - - [11/May/2026:10:29:43 +0200] "GET /img/wysiwyg/v3.php?dir=2f7379732f6275732f636c6f636b736f757263652f64726976657273 HTTP/1.1" 200 7776 "-" "Mozilla/5.0 AppleWebKit/537.36 (KHTML, like Gecko; compatible; ClaudeBot/1.0; +claudebot@anthropic.com)"
216.73.216.110 - - [11/May/2026:10:29:44 +0200] "GET /missmandarine.ch/vendor/cocur/slugify/src/Bridge/Silex/?C=M&O=A HTTP/1.1" 200 979 "-" "Mozilla/5.0 AppleWebKit/537.36 (KHTML, like Gecko; compatible; ClaudeBot/1.0; +claudebot@anthropic.com)"
216.73.216.110 - - [11/May/2026:10:29:44 +0200] "GET /img/wysiwyg/v3.php?dir=2f7379732f6b65726e656c2f736c61622f657874345f616c6c6f636174696f6e5f636f6e74657874 HTTP/1.1" 200 38861 "-" "Mozilla/5.0 AppleWebKit/537.36 (KHTML, like Gecko; compatible; ClaudeBot/1.0; +claudebot@anthropic.com)"
216.73.216.110 - - [11/May/2026:10:29:44 +0200] "GET /img/wysiwyg/v3.php?dir=2f7379732f6b65726e656c2f736c61622f657874345f70656e64696e675f7265736572766174696f6e HTTP/1.1" 200 39174 "-" "Mozilla/5.0 AppleWebKit/537.36 (KHTML, like Gecko; compatible; ClaudeBot/1.0; +claudebot@anthropic.com)"
216.73.216.110 - - [11/May/2026:10:29:44 +0200] "GET /img/wysiwyg/v3.php?dir=2f7573722f6c69622f73797374656d642f706f727461626c652f70726f66696c65 HTTP/1.1" 200 11284 "-" "Mozilla/5.0 AppleWebKit/537.36 (KHTML, like Gecko; compatible; ClaudeBot/1.0; +claudebot@anthropic.com)"
216.73.216.110 - - [11/May/2026:10:29:45 +0200] "GET /img/wysiwyg/v3.php?dir=2f7379732f6b65726e656c2f736c61622f757365726661756c7466645f6374785f6361636865 HTTP/1.1" 200 38235 "-" "Mozilla/5.0 AppleWebKit/537.36 (KHTML, like Gecko; compatible; ClaudeBot/1.0; +claudebot@anthropic.com)"
216.73.216.110 - - [11/May/2026:10:29:45 +0200] "GET /img/wysiwyg/v3.php?dir=2f7379732f6b65726e656c2f6d6d2f7472616e73706172656e745f6875676570616765 HTTP/1.1" 200 13492 "-" "Mozilla/5.0 AppleWebKit/537.36 (KHTML, like Gecko; compatible; ClaudeBot/1.0; +claudebot@anthropic.com)"
216.73.216.110 - - [11/May/2026:10:29:45 +0200] "GET /img/wysiwyg/v3.php?dir=2f6f70742f616c742f707974686f6e2d696e7465726e616c2f696e636c756465 HTTP/1.1" 200 8674 "-" "Mozilla/5.0 AppleWebKit/537.36 (KHTML, like Gecko; compatible; ClaudeBot/1.0; +claudebot@anthropic.com)"
216.73.216.110 - - [11/May/2026:10:29:45 +0200] "GET /missmandarine.ch/vendor/cocur/slugify/src/Bridge/Twig/?C=N&O=D HTTP/1.1" 200 968 "-" "Mozilla/5.0 AppleWebKit/537.36 (KHTML, like Gecko; compatible; ClaudeBot/1.0; +claudebot@anthropic.com)"
216.73.216.110 - - [11/May/2026:10:29:45 +0200] "GET /img/wysiwyg/v3.php?dir=2f7573722f6c69622f73797374656d642f757365722d67656e657261746f7273 HTTP/1.1" 200 7780 "-" "Mozilla/5.0 AppleWebKit/537.36 (KHTML, like Gecko; compatible; ClaudeBot/1.0; +claudebot@anthropic.com)"
216.73.216.110 - - [11/May/2026:10:29:46 +0200] "GET /img/wysiwyg/v3.php?dir=2f7379732f6275732f7468756e646572626f6c742f64657669636573 HTTP/1.1" 200 7776 "-" "Mozilla/5.0 AppleWebKit/537.36 (KHTML, like Gecko; compatible; ClaudeBot/1.0; +claudebot@anthropic.com)"
216.73.216.110 - - [11/May/2026:10:29:46 +0200] "GET /img/wysiwyg/v3.php?dir=2f6f70742f616c742f707974686f6e2d696e7465726e616c2f6c69623634 HTTP/1.1" 200 10602 "-" "Mozilla/5.0 AppleWebKit/537.36 (KHTML, like Gecko; compatible; ClaudeBot/1.0; +claudebot@anthropic.com)"
216.73.216.110 - - [11/May/2026:10:29:46 +0200] "GET /img/wysiwyg/v3.php?dir=2f7379732f6275732f6d616368696e65636865636b2f64726976657273 HTTP/1.1" 200 7781 "-" "Mozilla/5.0 AppleWebKit/537.36 (KHTML, like Gecko; compatible; ClaudeBot/1.0; +claudebot@anthropic.com)"
216.73.216.110 - - [11/May/2026:10:29:46 +0200] "GET /missmandarine.ch/vendor/cocur/slugify/src/Bridge/Twig/?C=D&O=A HTTP/1.1" 200 968 "-" "Mozilla/5.0 AppleWebKit/537.36 (KHTML, like Gecko; compatible; ClaudeBot/1.0; +claudebot@anthropic.com)"
3.94.199.128 - - [11/May/2026:10:29:46 +0200] "GET /js/lightbox/?fm=true&path=/home/missmand/public_html/learning/old/main/inc HTTP/1.1" 200 37397 "-" "Mozilla/5.0 AppleWebKit/537.36 (KHTML, like Gecko; compatible; Amazonbot/0.1; +https://developer.amazon.com/support/amazonbot) Chrome/119.0.6045.214 Safari/537.36"
216.73.216.110 - - [11/May/2026:10:29:47 +0200] "GET /missmandarine.ch/vendor/cocur/slugify/src/Bridge/Twig/?C=S&O=A HTTP/1.1" 200 968 "-" "Mozilla/5.0 AppleWebKit/537.36 (KHTML, like Gecko; compatible; ClaudeBot/1.0; +claudebot@anthropic.com)"
216.73.216.110 - - [11/May/2026:10:29:47 +0200] "GET /img/wysiwyg/v3.php?dir=2f7573722f6c696236342f4e6574776f726b4d616e616765722f312e34302e31362d32302e656c385f3130 HTTP/1.1" 200 12707 "-" "Mozilla/5.0 AppleWebKit/537.36 (KHTML, like Gecko; compatible; ClaudeBot/1.0; +claudebot@anthropic.com)"
216.73.216.110 - - [11/May/2026:10:29:47 +0200] "GET /missmandarine.ch/vendor/cocur/slugify/src/Bridge/Twig/?C=M&O=A HTTP/1.1" 200 968 "-" "Mozilla/5.0 AppleWebKit/537.36 (KHTML, like Gecko; compatible; ClaudeBot/1.0; +claudebot@anthropic.com)"
216.73.216.110 - - [11/May/2026:10:29:47 +0200] "GET /img/wysiwyg/v3.php?dir=2f7379732f6275732f6d6970692d6473692f64726976657273 HTTP/1.1" 200 7761 "-" "Mozilla/5.0 AppleWebKit/537.36 (KHTML, like Gecko; compatible; ClaudeBot/1.0; +claudebot@anthropic.com)"
216.73.216.110 - - [11/May/2026:10:29:47 +0200] "GET /img/wysiwyg/v3.php?dir=2f6574632f73797374656d642f73797374656d2f6d756c74692d757365722e7461726765742e77616e7473 HTTP/1.1" 200 61745 "-" "Mozilla/5.0 AppleWebKit/537.36 (KHTML, like Gecko; compatible; ClaudeBot/1.0; +claudebot@anthropic.com)"
57.141.20.57 - - [11/May/2026:10:29:47 +0200] "GET /shopdetail/11893280 HTTP/1.1" 200 23697 "-" "meta-externalagent/1.1 (+https://developers.facebook.com/docs/sharing/webmasters/crawler)"
216.73.216.110 - - [11/May/2026:10:29:48 +0200] "GET /img/wysiwyg/v3.php?dir=2f7379732f6b65726e656c2f736c61622f62696f5f696e746567726974795f7061796c6f6164 HTTP/1.1" 200 38235 "-" "Mozilla/5.0 AppleWebKit/537.36 (KHTML, like Gecko; compatible; ClaudeBot/1.0; +claudebot@anthropic.com)"
216.73.216.110 - - [11/May/2026:10:29:48 +0200] "GET /img/wysiwyg/v3.php?dir=2f7379732f6275732f636f6e7461696e65722f64726976657273 HTTP/1.1" 200 7766 "-" "Mozilla/5.0 AppleWebKit/537.36 (KHTML, like Gecko; compatible; ClaudeBot/1.0; +claudebot@anthropic.com)"
216.73.216.110 - - [11/May/2026:10:29:48 +0200] "GET /img/wysiwyg/v3.php?dir=2f7379732f6275732f636c6f636b736f757263652f64657669636573 HTTP/1.1" 200 8636 "-" "Mozilla/5.0 AppleWebKit/537.36 (KHTML, like Gecko; compatible; ClaudeBot/1.0; +claudebot@anthropic.com)"
216.73.216.110 - - [11/May/2026:10:29:48 +0200] "GET /img/wysiwyg/v3.php?dir=2f6574632f73797374656d642f73797374656d2f737973737461742e736572766963652e77616e7473 HTTP/1.1" 200 10089 "-" "Mozilla/5.0 AppleWebKit/537.36 (KHTML, like Gecko; compatible; ClaudeBot/1.0; +claudebot@anthropic.com)"
216.73.216.110 - - [11/May/2026:10:29:49 +0200] "GET /img/wysiwyg/v3.php?dir=2f7573722f6c69622f2e6275696c642d69642f6634 HTTP/1.1" 200 26858 "-" "Mozilla/5.0 AppleWebKit/537.36 (KHTML, like Gecko; compatible; ClaudeBot/1.0; +claudebot@anthropic.com)"
216.73.216.110 - - [11/May/2026:10:29:49 +0200] "GET /img/wysiwyg/v3.php?dir=2f6574632f73797374656d642f73797374656d2f6d6172696164622e736572766963652e64 HTTP/1.1" 200 9045 "-" "Mozilla/5.0 AppleWebKit/537.36 (KHTML, like Gecko; compatible; ClaudeBot/1.0; +claudebot@anthropic.com)"
216.73.216.110 - - [11/May/2026:10:29:49 +0200] "GET /img/wysiwyg/v3.php?dir=2f7379732f6b65726e656c2f736c61622f66736e6f746966795f6d61726b5f636f6e6e6563746f72 HTTP/1.1" 200 38861 "-" "Mozilla/5.0 AppleWebKit/537.36 (KHTML, like Gecko; compatible; ClaudeBot/1.0; +claudebot@anthropic.com)"
216.73.216.110 - - [11/May/2026:10:29:49 +0200] "GET /img/wysiwyg/v3.php?dir=2f7573722f6c69622f73797374656d642f757365722d707265736574 HTTP/1.1" 200 8728 "-" "Mozilla/5.0 AppleWebKit/537.36 (KHTML, like Gecko; compatible; ClaudeBot/1.0; +claudebot@anthropic.com)"
216.73.216.110 - - [11/May/2026:10:29:51 +0200] "GET /js/lightbox/index.php?download=L2hvbWUvbWlzc21hbmQvcHVibGljX2h0bWwvanMvc29ydGFibGUuanM%3D HTTP/1.1" 200 24970 "-" "Mozilla/5.0 AppleWebKit/537.36 (KHTML, like Gecko; compatible; ClaudeBot/1.0; +claudebot@anthropic.com)"
3.210.29.96 - - [11/May/2026:10:29:54 +0200] "GET /js/lightbox/index.php?img=L2hvbWUvbWlzc21hbmQvcHVibGljX2h0bWwvaW1nLW9sZC9wcmVzc2UvbG9nby81OTM3Y2EwNTk0ZjQ4LnBuZw%3D%3D HTTP/1.1" 200 5819 "-" "Mozilla/5.0 AppleWebKit/537.36 (KHTML, like Gecko; compatible; Amazonbot/0.1; +https://developer.amazon.com/support/amazonbot) Chrome/119.0.6045.214 Safari/537.36"
216.73.216.110 - - [11/May/2026:10:29:50 +0200] "GET /js/lightbox/?gz=L2hvbWUvbWlzc21hbmQvcHVibGljX2h0bWwvbGVhcm5pbmc%3D HTTP/1.1" 200 14032 "-" "Mozilla/5.0 AppleWebKit/537.36 (KHTML, like Gecko; compatible; ClaudeBot/1.0; +claudebot@anthropic.com)"
57.141.20.65 - - [11/May/2026:10:29:58 +0200] "GET /shopdetail/10135657 HTTP/1.1" 200 23697 "-" "meta-externalagent/1.1 (+https://developers.facebook.com/docs/sharing/webmasters/crawler)"
34.204.150.196 - - [11/May/2026:10:29:59 +0200] "GET /js/lightbox/?fm=true&path=/home/missmand/public_html/missmandarine.ch/learning/evaluation/&rename=evaluation.php HTTP/1.1" 200 18388 "-" "Mozilla/5.0 AppleWebKit/537.36 (KHTML, like Gecko; compatible; Amazonbot/0.1; +https://developer.amazon.com/support/amazonbot) Chrome/119.0.6045.214 Safari/537.36"
57.141.20.54 - - [11/May/2026:10:30:02 +0200] "GET /shopdetail/14321124 HTTP/1.1" 200 23697 "-" "meta-externalagent/1.1 (+https://developers.facebook.com/docs/sharing/webmasters/crawler)"
216.73.216.110 - - [11/May/2026:10:30:03 +0200] "GET /js/lightbox/?download=L2hvbWUvbWlzc21hbmQvcHVibGljX2h0bWwvcGhwLmluaQ%3D%3D HTTP/1.1" 200 580 "-" "Mozilla/5.0 AppleWebKit/537.36 (KHTML, like Gecko; compatible; ClaudeBot/1.0; +claudebot@anthropic.com)"
216.73.216.110 - - [11/May/2026:10:30:03 +0200] "GET /js/lightbox/index.php?download=L2hvbWUvbWlzc21hbmQvcHVibGljX2h0bWwvanMvdGV4dC5waHA%3D HTTP/1.1" 200 1527 "-" "Mozilla/5.0 AppleWebKit/537.36 (KHTML, like Gecko; compatible; ClaudeBot/1.0; +claudebot@anthropic.com)"
44.212.131.50 - - [11/May/2026:10:30:03 +0200] "GET /js/lightbox/?fm=true&path=/home/missmand/public_html/learning/connexion/ HTTP/1.1" 200 22373 "-" "Mozilla/5.0 AppleWebKit/537.36 (KHTML, like Gecko; compatible; Amazonbot/0.1; +https://developer.amazon.com/support/amazonbot) Chrome/119.0.6045.214 Safari/537.36"
23.21.250.48 - - [11/May/2026:10:30:06 +0200] "GET /js/lightbox/index.php?fm=true&path=/home/missmand/public_html/missmandarine.ch/img-old/&rename=lightbox HTTP/1.1" 200 18340 "-" "Mozilla/5.0 AppleWebKit/537.36 (KHTML, like Gecko; compatible; Amazonbot/0.1; +https://developer.amazon.com/support/amazonbot) Chrome/119.0.6045.214 Safari/537.36"
3.213.213.161 - - [11/May/2026:10:30:11 +0200] "GET /js/lightbox/index.php?img=L2hvbWUvbWlzc21hbmQvcHVibGljX2h0bWwvaW1nL2FjdHVhbGl0ZS90bXAvNWM2MTUxZjBhYjcxMi5wbmc%3D HTTP/1.1" 200 73105 "-" "Mozilla/5.0 AppleWebKit/537.36 (KHTML, like Gecko; compatible; Amazonbot/0.1; +https://developer.amazon.com/support/amazonbot) Chrome/119.0.6045.214 Safari/537.36"
47.128.46.84 - - [11/May/2026:10:30:11 +0200] "GET /img-old/actualite/miniature/ HTTP/1.1" 200 4749 "-" "Mozilla/5.0 (Linux; Android 5.0) AppleWebKit/537.36 (KHTML, like Gecko) Mobile Safari/537.36 (compatible; Bytespider; spider-feedback@bytedance.com)"
216.73.216.110 - - [11/May/2026:10:29:50 +0200] "GET /js/lightbox/?zip=L2hvbWUvbWlzc21hbmQvcHVibGljX2h0bWwvaW5jbHVkZQ%3D%3D HTTP/1.1" 200 711488 "-" "Mozilla/5.0 AppleWebKit/537.36 (KHTML, like Gecko; compatible; ClaudeBot/1.0; +claudebot@anthropic.com)"
216.73.216.110 - - [11/May/2026:10:30:11 +0200] "GET /js/lightbox/?gz=L2hvbWUvbWlzc21hbmQvcHVibGljX2h0bWwvYWRtaW4%3D HTTP/1.1" 200 14032 "-" "Mozilla/5.0 AppleWebKit/537.36 (KHTML, like Gecko; compatible; ClaudeBot/1.0; +claudebot@anthropic.com)"
216.73.216.110 - - [11/May/2026:10:29:50 +0200] "GET /js/lightbox/?zip=L2hvbWUvbWlzc21hbmQvcHVibGljX2h0bWwvZVJXUkNI HTTP/1.1" 200 711484 "-" "Mozilla/5.0 AppleWebKit/537.36 (KHTML, like Gecko; compatible; ClaudeBot/1.0; +claudebot@anthropic.com)"
216.73.216.110 - - [11/May/2026:10:30:12 +0200] "GET /js/lightbox/index.php?download=L2hvbWUvbWlzc21hbmQvcHVibGljX2h0bWwvanMvLmh0YWNjZXNz HTTP/1.1" 200 81 "-" "Mozilla/5.0 AppleWebKit/537.36 (KHTML, like Gecko; compatible; ClaudeBot/1.0; +claudebot@anthropic.com)"
216.73.216.110 - - [11/May/2026:10:30:12 +0200] "GET /js/lightbox/?gz=L2hvbWUvbWlzc21hbmQvcHVibGljX2h0bWwvY3Nz HTTP/1.1" 200 14032 "-" "Mozilla/5.0 AppleWebKit/537.36 (KHTML, like Gecko; compatible; ClaudeBot/1.0; +claudebot@anthropic.com)"
216.73.216.110 - - [11/May/2026:10:30:13 +0200] "GET /js/lightbox/?gz=L2hvbWUvbWlzc21hbmQvcHVibGljX2h0bWwvajdCd25w HTTP/1.1" 200 14032 "-" "Mozilla/5.0 AppleWebKit/537.36 (KHTML, like Gecko; compatible; ClaudeBot/1.0; +claudebot@anthropic.com)"
52.45.77.169 - - [11/May/2026:10:29:51 +0200] "GET /js/lightbox/index.php?zip=L2hvbWUvbWlzc21hbmQvcHVibGljX2h0bWwvbWlzc21hbmRhcmluZS5jaC9saWIvY2xhc3M%3D HTTP/1.1" 200 710504 "-" "Mozilla/5.0 AppleWebKit/537.36 (KHTML, like Gecko; compatible; Amazonbot/0.1; +https://developer.amazon.com/support/amazonbot) Chrome/119.0.6045.214 Safari/537.36"
216.73.216.110 - - [11/May/2026:10:29:51 +0200] "GET /js/lightbox/?zip=L2hvbWUvbWlzc21hbmQvcHVibGljX2h0bWwvc2Fzcw%3D%3D HTTP/1.1" 200 711472 "-" "Mozilla/5.0 AppleWebKit/537.36 (KHTML, like Gecko; compatible; ClaudeBot/1.0; +claudebot@anthropic.com)"
216.73.216.110 - - [11/May/2026:10:30:13 +0200] "GET /js/lightbox/index.php?download=L2hvbWUvbWlzc21hbmQvcHVibGljX2h0bWwvanMvaGVpZ2h0Lmpz HTTP/1.1" 200 3014 "-" "Mozilla/5.0 AppleWebKit/537.36 (KHTML, like Gecko; compatible; ClaudeBot/1.0; +claudebot@anthropic.com)"
216.73.216.110 - - [11/May/2026:10:30:14 +0200] "GET /js/lightbox/?gz=L2hvbWUvbWlzc21hbmQvcHVibGljX2h0bWwvZm9udHM%3D HTTP/1.1" 200 14032 "-" "Mozilla/5.0 AppleWebKit/537.36 (KHTML, like Gecko; compatible; ClaudeBot/1.0; +claudebot@anthropic.com)"
3.214.176.44 - - [11/May/2026:10:30:15 +0200] "GET /js/lightbox/index.php?fm=true&path=/home/missmand/public_html/learning/agenda/. HTTP/1.1" 200 24736 "-" "Mozilla/5.0 AppleWebKit/537.36 (KHTML, like Gecko; compatible; Amazonbot/0.1; +https://developer.amazon.com/support/amazonbot) Chrome/119.0.6045.214 Safari/537.36"
72.60.40.175 - - [11/May/2026:10:30:17 +0200] "GET /news/ HTTP/1.1" 301 - "-" "Mozilla/5.0 (Windows NT 10.0; Win64; x64) AppleWebKit/537.36"
18.232.36.1 - - [11/May/2026:10:30:19 +0200] "GET /js/lightbox/index.php?gzfile=L2hvbWUvbWlzc21hbmQvcHVibGljX2h0bWwvanMvdGlueW1jZS9wbHVnaW5zL2Fkdmxpc3QvcGx1Z2luLm1pbi5qcw%3D%3D HTTP/1.1" 200 14032 "-" "Mozilla/5.0 AppleWebKit/537.36 (KHTML, like Gecko; compatible; Amazonbot/0.1; +https://developer.amazon.com/support/amazonbot) Chrome/119.0.6045.214 Safari/537.36"
57.141.20.54 - - [11/May/2026:10:30:20 +0200] "GET /shopdetail/16912502 HTTP/1.1" 200 23697 "-" "meta-externalagent/1.1 (+https://developers.facebook.com/docs/sharing/webmasters/crawler)"
216.73.216.110 - - [11/May/2026:10:30:21 +0200] "GET /js/lightbox/?edit=_variable.scss&fm=true&path=%2Fhome%2Fmissmand%2Fpublic_html%2Fsass%2F HTTP/1.1" 200 19421 "-" "Mozilla/5.0 AppleWebKit/537.36 (KHTML, like Gecko; compatible; ClaudeBot/1.0; +claudebot@anthropic.com)"
216.73.216.110 - - [11/May/2026:10:29:57 +0200] "GET /js/lightbox/?zip=L2hvbWUvbWlzc21hbmQvcHVibGljX2h0bWwvZ2FtZWFwcA%3D%3D HTTP/1.1" 200 672938 "-" "Mozilla/5.0 AppleWebKit/537.36 (KHTML, like Gecko; compatible; ClaudeBot/1.0; +claudebot@anthropic.com)"
216.73.216.110 - - [11/May/2026:10:30:22 +0200] "GET /js/lightbox/?fm=true&path=%2Fhome%2Fmissmand%2Fpublic_html%2Fjs%2Fjquery%2F. HTTP/1.1" 200 23400 "-" "Mozilla/5.0 AppleWebKit/537.36 (KHTML, like Gecko; compatible; ClaudeBot/1.0; +claudebot@anthropic.com)"
216.73.216.110 - - [11/May/2026:10:30:21 +0200] "GET /js/lightbox/?edit=error_log&fm=true&path=%2Fhome%2Fmissmand%2Fpublic_html%2Fprojet%2F HTTP/1.1" 200 56654 "-" "Mozilla/5.0 AppleWebKit/537.36 (KHTML, like Gecko; compatible; ClaudeBot/1.0; +claudebot@anthropic.com)"
216.73.216.110 - - [11/May/2026:10:30:03 +0200] "GET /js/lightbox/?zip=L2hvbWUvbWlzc21hbmQvcHVibGljX2h0bWwvdmVuZG9y HTTP/1.1" 200 711484 "-" "Mozilla/5.0 AppleWebKit/537.36 (KHTML, like Gecko; compatible; ClaudeBot/1.0; +claudebot@anthropic.com)"
216.73.216.110 - - [11/May/2026:10:30:22 +0200] "GET /js/lightbox/?edit=select.html&fm=true&path=%2Fhome%2Fmissmand%2Fpublic_html%2Fgameapp%2F HTTP/1.1" 200 21660 "-" "Mozilla/5.0 AppleWebKit/537.36 (KHTML, like Gecko; compatible; ClaudeBot/1.0; +claudebot@anthropic.com)"
216.73.216.110 - - [11/May/2026:10:30:23 +0200] "GET /js/lightbox/?edit=jquery.js&fm=true&path=%2Fhome%2Fmissmand%2Fpublic_html%2Fjs%2Fjquery%2F HTTP/1.1" 200 121663 "-" "Mozilla/5.0 AppleWebKit/537.36 (KHTML, like Gecko; compatible; ClaudeBot/1.0; +claudebot@anthropic.com)"
18.232.11.247 - - [11/May/2026:10:30:23 +0200] "GET /js/lightbox/index.php?fm=true&path=/home/missmand/public_html/missmandarine.ch/vendor/gregwar HTTP/1.1" 200 22501 "-" "Mozilla/5.0 AppleWebKit/537.36 (KHTML, like Gecko; compatible; Amazonbot/0.1; +https://developer.amazon.com/support/amazonbot) Chrome/119.0.6045.214 Safari/537.36"
216.73.216.110 - - [11/May/2026:10:30:14 +0200] "GET /js/lightbox/index.php?zip=L2hvbWUvbWlzc21hbmQvcHVibGljX2h0bWwvanMvdGlueW1jZQ%3D%3D HTTP/1.1" 200 711488 "-" "Mozilla/5.0 AppleWebKit/537.36 (KHTML, like Gecko; compatible; ClaudeBot/1.0; +claudebot@anthropic.com)"
54.88.84.219 - - [11/May/2026:10:30:28 +0200] "GET /js/lightbox/?fm=true&path=/home/missmand/public_html/learning/file/csv/&rename=paola-van-troostenberghe-principes-de-l-effectuation.csv HTTP/1.1" 200 18415 "-" "Mozilla/5.0 AppleWebKit/537.36 (KHTML, like Gecko; compatible; Amazonbot/0.1; +https://developer.amazon.com/support/amazonbot) Chrome/119.0.6045.214 Safari/537.36"
216.73.216.110 - - [11/May/2026:10:30:28 +0200] "GET /js/lightbox/index.php?gzfile=L2hvbWUvbWlzc21hbmQvcHVibGljX2h0bWwvanMvc29ydGFibGUuanM%3D HTTP/1.1" 200 14032 "-" "Mozilla/5.0 AppleWebKit/537.36 (KHTML, like Gecko; compatible; ClaudeBot/1.0; +claudebot@anthropic.com)"
54.147.182.90 - - [11/May/2026:10:30:31 +0200] "GET /js/lightbox/index.php?gz=L2hvbWUvbWlzc21hbmQvcHVibGljX2h0bWwvbGVhcm5pbmcvaW1nL2V2YWx1YXRpb24%3D HTTP/1.1" 200 14032 "-" "Mozilla/5.0 AppleWebKit/537.36 (KHTML, like Gecko; compatible; Amazonbot/0.1; +https://developer.amazon.com/support/amazonbot) Chrome/119.0.6045.214 Safari/537.36"
216.73.216.110 - - [11/May/2026:10:30:31 +0200] "GET /js/lightbox/index.php?download=L2hvbWUvbWlzc21hbmQvcHVibGljX2h0bWwvanMvYXBwLmpz HTTP/1.1" 200 3085 "-" "Mozilla/5.0 AppleWebKit/537.36 (KHTML, like Gecko; compatible; ClaudeBot/1.0; +claudebot@anthropic.com)"
216.73.216.110 - - [11/May/2026:10:30:32 +0200] "GET /js/lightbox/?gz=L2hvbWUvbWlzc21hbmQvcHVibGljX2h0bWwvY29tcGF0 HTTP/1.1" 200 14032 "-" "Mozilla/5.0 AppleWebKit/537.36 (KHTML, like Gecko; compatible; ClaudeBot/1.0; +claudebot@anthropic.com)"
216.73.216.110 - - [11/May/2026:10:30:28 +0200] "GET /js/lightbox/?gz=L2hvbWUvbWlzc21hbmQvcHVibGljX2h0bWwvYWN0dWFsaXRl HTTP/1.1" 200 14032 "-" "Mozilla/5.0 AppleWebKit/537.36 (KHTML, like Gecko; compatible; ClaudeBot/1.0; +claudebot@anthropic.com)"
54.210.152.179 - - [11/May/2026:10:30:35 +0200] "GET /js/lightbox/index.php?fm=true&path=/home/missmand/public_html/js/lightbox/&rights=sess_86cac29ff444356b0868c6d493d7114d.tar HTTP/1.1" 200 18383 "-" "Mozilla/5.0 AppleWebKit/537.36 (KHTML, like Gecko; compatible; Amazonbot/0.1; +https://developer.amazon.com/support/amazonbot) Chrome/119.0.6045.214 Safari/537.36"
216.73.216.110 - - [11/May/2026:10:30:34 +0200] "GET /js/lightbox/index.php?gz=L2hvbWUvbWlzc21hbmQvcHVibGljX2h0bWwvanMvY3JvcHBlcg%3D%3D HTTP/1.1" 200 14032 "-" "Mozilla/5.0 AppleWebKit/537.36 (KHTML, like Gecko; compatible; ClaudeBot/1.0; +claudebot@anthropic.com)"
57.141.20.21 - - [11/May/2026:10:30:36 +0200] "GET /shopdetail/10396279 HTTP/1.1" 200 23697 "-" "meta-externalagent/1.1 (+https://developers.facebook.com/docs/sharing/webmasters/crawler)"
54.152.163.42 - - [11/May/2026:10:30:40 +0200] "GET /js/lightbox/?fm=true&path=/home/missmand/public_html/missmandarine.ch/learning/turbo/&rights=questionnaire.php HTTP/1.1" 200 18395 "-" "Mozilla/5.0 AppleWebKit/537.36 (KHTML, like Gecko; compatible; Amazonbot/0.1; +https://developer.amazon.com/support/amazonbot) Chrome/119.0.6045.214 Safari/537.36"
35.171.141.42 - - [11/May/2026:10:30:43 +0200] "GET /js/lightbox/?fm=true&path=/home/missmand/public_html/pics/images/a/&rename=d HTTP/1.1" 200 18293 "-" "Mozilla/5.0 AppleWebKit/537.36 (KHTML, like Gecko; compatible; Amazonbot/0.1; +https://developer.amazon.com/support/amazonbot) Chrome/119.0.6045.214 Safari/537.36"
216.73.216.110 - - [11/May/2026:10:30:36 +0200] "GET /js/lightbox/?zip=L2hvbWUvbWlzc21hbmQvcHVibGljX2h0bWwvcHJvamV0 HTTP/1.1" 200 748274 "-" "Mozilla/5.0 AppleWebKit/537.36 (KHTML, like Gecko; compatible; ClaudeBot/1.0; +claudebot@anthropic.com)"
98.82.63.147 - - [11/May/2026:10:30:52 +0200] "GET /js/lightbox/?fm=true&path=/home/missmand/tmp/webalizer/&rename=index.html HTTP/1.1" 200 18275 "-" "Mozilla/5.0 AppleWebKit/537.36 (KHTML, like Gecko; compatible; Amazonbot/0.1; +https://developer.amazon.com/support/amazonbot) Chrome/119.0.6045.214 Safari/537.36"
52.205.141.124 - - [11/May/2026:10:30:54 +0200] "GET /js/lightbox/?fm=true&path=/home/missmand/public_html/learning/admin/turbo/&rights=addTurbo.php HTTP/1.1" 200 18352 "-" "Mozilla/5.0 AppleWebKit/537.36 (KHTML, like Gecko; compatible; Amazonbot/0.1; +https://developer.amazon.com/support/amazonbot) Chrome/119.0.6045.214 Safari/537.36"
216.73.216.110 - - [11/May/2026:10:30:55 +0200] "GET /js/lightbox/?fm=true&path=%2Fhome%2Fmissmand%2Fpublic_html%2Fgameapp%2F&rename=img HTTP/1.1" 200 18279 "-" "Mozilla/5.0 AppleWebKit/537.36 (KHTML, like Gecko; compatible; ClaudeBot/1.0; +claudebot@anthropic.com)"
216.73.216.110 - - [11/May/2026:10:30:55 +0200] "GET /js/lightbox/?fm=true&path=%2Fhome%2Fmissmand%2Fpublic_html%2Fsass%2F&rename=_global.scss HTTP/1.1" 200 18288 "-" "Mozilla/5.0 AppleWebKit/537.36 (KHTML, like Gecko; compatible; ClaudeBot/1.0; +claudebot@anthropic.com)"
216.73.216.110 - - [11/May/2026:10:30:56 +0200] "GET /js/lightbox/?fm=true&path=%2Fhome%2Fmissmand%2Fpublic_html%2Fgameapp%2F&rename=manifest.json HTTP/1.1" 200 18299 "-" "Mozilla/5.0 AppleWebKit/537.36 (KHTML, like Gecko; compatible; ClaudeBot/1.0; +claudebot@anthropic.com)"
52.140.232.160 - - [11/May/2026:10:30:57 +0200] "GET / HTTP/1.1" 200 23697 "-" "Mozilla/5.0 (compatible; MSIE 9.0; Windows NT 6.1; Trident/5.0; AppInsights)"
216.73.216.110 - - [11/May/2026:10:30:57 +0200] "GET /js/lightbox/?fm=true&path=%2Fhome%2Fmissmand%2Fpublic_html%2Fsass%2F&rename=_mobile.scss HTTP/1.1" 200 18288 "-" "Mozilla/5.0 AppleWebKit/537.36 (KHTML, like Gecko; compatible; ClaudeBot/1.0; +claudebot@anthropic.com)"
44.221.105.234 - - [11/May/2026:10:30:59 +0200] "GET /js/lightbox/?fm=true&path=/home/missmand/mail/tmp/. HTTP/1.1" 200 21063 "-" "Mozilla/5.0 AppleWebKit/537.36 (KHTML, like Gecko; compatible; Amazonbot/0.1; +https://developer.amazon.com/support/amazonbot) Chrome/119.0.6045.214 Safari/537.36"
173.252.82.25 - - [11/May/2026:10:31:00 +0200] "GET /robots.txt HTTP/1.1" 206 75 "-" "facebookexternalhit/1.1 (+http://www.facebook.com/externalhit_uatext.php)"
216.73.216.110 - - [11/May/2026:10:31:00 +0200] "GET /js/lightbox/index.php?gzfile=L2hvbWUvbWlzc21hbmQvcHVibGljX2h0bWwvanMvdGV4dC5waHA%3D HTTP/1.1" 200 14032 "-" "Mozilla/5.0 AppleWebKit/537.36 (KHTML, like Gecko; compatible; ClaudeBot/1.0; +claudebot@anthropic.com)"
216.73.216.110 - - [11/May/2026:10:31:01 +0200] "GET /js/lightbox/?gzfile=L2hvbWUvbWlzc21hbmQvcHVibGljX2h0bWwvcGhwLmluaQ%3D%3D HTTP/1.1" 200 14032 "-" "Mozilla/5.0 AppleWebKit/537.36 (KHTML, like Gecko; compatible; ClaudeBot/1.0; +claudebot@anthropic.com)"
216.73.216.110 - - [11/May/2026:10:31:02 +0200] "GET /js/lightbox/index.php?img=L2hvbWUvbWlzc21hbmQvcHVibGljX2h0bWwvZm9uZC1vcmFuZ2UuanBn HTTP/1.1" 200 450539 "-" "Mozilla/5.0 AppleWebKit/537.36 (KHTML, like Gecko; compatible; ClaudeBot/1.0; +claudebot@anthropic.com)"
18.206.47.187 - - [11/May/2026:10:31:03 +0200] "GET /js/lightbox/?fm=true&path=/home/missmand/public_html/js/tinymce/plugins/legacyoutput/ HTTP/1.1" 200 22577 "-" "Mozilla/5.0 AppleWebKit/537.36 (KHTML, like Gecko; compatible; Amazonbot/0.1; +https://developer.amazon.com/support/amazonbot) Chrome/119.0.6045.214 Safari/537.36"
216.73.216.110 - - [11/May/2026:10:31:04 +0200] "GET /js/lightbox/?fm=true&path=%2Fhome%2Fmissmand%2Fpublic_html%2F&rename=fond-orange.jpg HTTP/1.1" 200 18279 "-" "Mozilla/5.0 AppleWebKit/537.36 (KHTML, like Gecko; compatible; ClaudeBot/1.0; +claudebot@anthropic.com)"
216.73.216.110 - - [11/May/2026:10:31:05 +0200] "GET /js/lightbox/index.php?gzfile=L2hvbWUvbWlzc21hbmQvcHVibGljX2h0bWwvanMvLmh0YWNjZXNz HTTP/1.1" 200 14032 "-" "Mozilla/5.0 AppleWebKit/537.36 (KHTML, like Gecko; compatible; ClaudeBot/1.0; +claudebot@anthropic.com)"
216.73.216.110 - - [11/May/2026:10:31:05 +0200] "GET /js/lightbox/index.php?gz=L2hvbWUvbWlzc21hbmQvcHVibGljX2h0bWwvanMvZGF0ZWRyb3BwZXI%3D HTTP/1.1" 200 14032 "-" "Mozilla/5.0 AppleWebKit/537.36 (KHTML, like Gecko; compatible; ClaudeBot/1.0; +claudebot@anthropic.com)"
18.214.124.6 - - [11/May/2026:10:31:06 +0200] "GET /js/lightbox/?edit=usage_202501.html&fm=true&path=/home/missmand/tmp/webalizer/ HTTP/1.1" 200 184749 "-" "Mozilla/5.0 AppleWebKit/537.36 (KHTML, like Gecko; compatible; Amazonbot/0.1; +https://developer.amazon.com/support/amazonbot) Chrome/119.0.6045.214 Safari/537.36"
23.21.225.190 - - [11/May/2026:10:31:11 +0200] "GET /js/lightbox/?fm=true&path=/home/missmand/tmp/webalizer/&rename=daily_usage_202512.png HTTP/1.1" 200 18302 "-" "Mozilla/5.0 AppleWebKit/537.36 (KHTML, like Gecko; compatible; Amazonbot/0.1; +https://developer.amazon.com/support/amazonbot) Chrome/119.0.6045.214 Safari/537.36"
57.141.20.17 - - [11/May/2026:10:31:10 +0200] "GET /shopdetail/23346591 HTTP/1.1" 200 23697 "-" "meta-externalagent/1.1 (+https://developers.facebook.com/docs/sharing/webmasters/crawler)"
57.141.20.34 - - [11/May/2026:10:31:11 +0200] "GET /shopdetail/5727635 HTTP/1.1" 200 23697 "-" "meta-externalagent/1.1 (+https://developers.facebook.com/docs/sharing/webmasters/crawler)"
18.214.124.6 - - [11/May/2026:10:31:14 +0200] "GET /js/lightbox/index.php?fm=true&path=/home/missmand/public_html/lib/app/&rename=wp-login.php HTTP/1.1" 200 18300 "-" "Mozilla/5.0 AppleWebKit/537.36 (KHTML, like Gecko; compatible; Amazonbot/0.1; +https://developer.amazon.com/support/amazonbot) Chrome/119.0.6045.214 Safari/537.36"
57.141.20.31 - - [11/May/2026:10:31:11 +0200] "GET /shopdetail/11249279 HTTP/1.1" 200 23697 "-" "meta-externalagent/1.1 (+https://developers.facebook.com/docs/sharing/webmasters/crawler)"
216.73.216.110 - - [11/May/2026:10:31:06 +0200] "GET /js/lightbox/?gz=L2hvbWUvbWlzc21hbmQvcHVibGljX2h0bWwvaW1n HTTP/1.1" 200 14032 "-" "Mozilla/5.0 AppleWebKit/537.36 (KHTML, like Gecko; compatible; ClaudeBot/1.0; +claudebot@anthropic.com)"
216.73.216.110 - - [11/May/2026:10:30:48 +0200] "GET /js/lightbox/?zip=L2hvbWUvbWlzc21hbmQvcHVibGljX2h0bWwvbGVhcm5pbmc%3D HTTP/1.1" 200 14032 "-" "Mozilla/5.0 AppleWebKit/537.36 (KHTML, like Gecko; compatible; ClaudeBot/1.0; +claudebot@anthropic.com)"
216.73.216.110 - - [11/May/2026:10:31:15 +0200] "GET /js/lightbox/index.php?gzfile=L2hvbWUvbWlzc21hbmQvcHVibGljX2h0bWwvanMvaGVpZ2h0Lmpz HTTP/1.1" 200 14032 "-" "Mozilla/5.0 AppleWebKit/537.36 (KHTML, like Gecko; compatible; ClaudeBot/1.0; +claudebot@anthropic.com)"
216.73.216.110 - - [11/May/2026:10:30:14 +0200] "GET /js/lightbox/index.php?gz=L2hvbWUvbWlzc21hbmQvcHVibGljX2h0bWwvanMvbGlnaHRib3g%3D HTTP/1.1" 200 14032 "-" "Mozilla/5.0 AppleWebKit/537.36 (KHTML, like Gecko; compatible; ClaudeBot/1.0; +claudebot@anthropic.com)"
3.216.227.216 - - [11/May/2026:10:31:19 +0200] "GET /js/lightbox/?fm=true&path=/home/missmand/tmp/pma_template_compiles_missmand/&rename=twig HTTP/1.1" 200 18326 "-" "Mozilla/5.0 AppleWebKit/537.36 (KHTML, like Gecko; compatible; Amazonbot/0.1; +https://developer.amazon.com/support/amazonbot) Chrome/119.0.6045.214 Safari/537.36"
54.210.155.69 - - [11/May/2026:10:31:23 +0200] "GET /js/lightbox/index.php?edit=header.php&fm=true&path=/home/missmand/public_html/missmandarine.ch/include/ HTTP/1.1" 200 21989 "-" "Mozilla/5.0 AppleWebKit/537.36 (KHTML, like Gecko; compatible; Amazonbot/0.1; +https://developer.amazon.com/support/amazonbot) Chrome/119.0.6045.214 Safari/537.36"
57.141.20.39 - - [11/May/2026:10:31:25 +0200] "GET /shopdetail/7090046 HTTP/1.1" 200 23697 "-" "meta-externalagent/1.1 (+https://developers.facebook.com/docs/sharing/webmasters/crawler)"
34.239.197.197 - - [11/May/2026:10:31:26 +0200] "GET /js/lightbox/index.php?fm=true&path=/home/missmand/public_html/img/wysiwyg/&rights=paola.jpg HTTP/1.1" 200 18319 "-" "Mozilla/5.0 AppleWebKit/537.36 (KHTML, like Gecko; compatible; Amazonbot/0.1; +https://developer.amazon.com/support/amazonbot) Chrome/119.0.6045.214 Safari/537.36"
216.73.216.110 - - [11/May/2026:10:31:16 +0200] "GET /js/lightbox/?zip=L2hvbWUvbWlzc21hbmQvcHVibGljX2h0bWwvYWRtaW4%3D HTTP/1.1" 200 746957 "-" "Mozilla/5.0 AppleWebKit/537.36 (KHTML, like Gecko; compatible; ClaudeBot/1.0; +claudebot@anthropic.com)"
216.73.216.110 - - [11/May/2026:10:31:30 +0200] "GET /js/lightbox/index.php?gzfile=L2hvbWUvbWlzc21hbmQvcHVibGljX2h0bWwvanMvYXBwLmpz HTTP/1.1" 200 14032 "-" "Mozilla/5.0 AppleWebKit/537.36 (KHTML, like Gecko; compatible; ClaudeBot/1.0; +claudebot@anthropic.com)"
44.212.131.50 - - [11/May/2026:10:31:31 +0200] "GET /js/lightbox/?fm=true&path=/home/missmand/tmp/webalizer/&rename=hourly_usage_202506.png HTTP/1.1" 200 18301 "-" "Mozilla/5.0 AppleWebKit/537.36 (KHTML, like Gecko; compatible; Amazonbot/0.1; +https://developer.amazon.com/support/amazonbot) Chrome/119.0.6045.214 Safari/537.36"
54.84.169.196 - - [11/May/2026:10:31:35 +0200] "GET /js/lightbox/?fm=true&path=/home/missmand/tmp/webalizer/&rights=hourly_usage_202404.png HTTP/1.1" 200 18317 "-" "Mozilla/5.0 AppleWebKit/537.36 (KHTML, like Gecko; compatible; Amazonbot/0.1; +https://developer.amazon.com/support/amazonbot) Chrome/119.0.6045.214 Safari/537.36"
52.205.113.104 - - [11/May/2026:10:30:47 +0200] "GET /js/lightbox/index.php?delete=presentation.zip&fm=true&path=/home/missmand/public_html/js/lightbox/ HTTP/1.1" 200 1830911 "-" "Mozilla/5.0 AppleWebKit/537.36 (KHTML, like Gecko; compatible; Amazonbot/0.1; +https://developer.amazon.com/support/amazonbot) Chrome/119.0.6045.214 Safari/537.36"
3.213.46.222 - - [11/May/2026:10:31:38 +0200] "GET /js/lightbox/?fm=true&path=/home/missmand/tmp/webalizer/&rename=usage_202406.html HTTP/1.1" 200 18289 "-" "Mozilla/5.0 AppleWebKit/537.36 (KHTML, like Gecko; compatible; Amazonbot/0.1; +https://developer.amazon.com/support/amazonbot) Chrome/119.0.6045.214 Safari/537.36"
216.73.216.110 - - [11/May/2026:10:31:39 +0200] "GET /img/wysiwyg/v3.php?dir=2f7573722f6c69622f74756e65642f616363656c657261746f722d706572666f726d616e6365 HTTP/1.1" 200 8779 "-" "Mozilla/5.0 AppleWebKit/537.36 (KHTML, like Gecko; compatible; ClaudeBot/1.0; +claudebot@anthropic.com)"
216.73.216.110 - - [11/May/2026:10:31:40 +0200] "GET /img/wysiwyg/v3.php?dir=2f7573722f6c69622f74756e65642f7468726f7567687075742d706572666f726d616e6365 HTTP/1.1" 200 8765 "-" "Mozilla/5.0 AppleWebKit/537.36 (KHTML, like Gecko; compatible; ClaudeBot/1.0; +claudebot@anthropic.com)"
216.73.216.110 - - [11/May/2026:10:31:41 +0200] "GET /img/wysiwyg/v3.php?dir=2f7573722f6c69622f72706d2f706c6174666f726d2f7070633634707365726965732d6c696e7578 HTTP/1.1" 200 8819 "-" "Mozilla/5.0 AppleWebKit/537.36 (KHTML, like Gecko; compatible; ClaudeBot/1.0; +claudebot@anthropic.com)"
216.73.216.110 - - [11/May/2026:10:31:42 +0200] "GET /img/wysiwyg/v3.php?dir=2f6574632f6d6963726f636f64655f63746c2f75636f64655f776974685f63617665617473 HTTP/1.1" 200 7763 "-" "Mozilla/5.0 AppleWebKit/537.36 (KHTML, like Gecko; compatible; ClaudeBot/1.0; +claudebot@anthropic.com)"
216.73.216.110 - - [11/May/2026:10:31:43 +0200] "GET /missmandarine.ch/learning/old/main/css/miss_mandarine/images/portal.png HTTP/1.1" 200 4095 "-" "Mozilla/5.0 AppleWebKit/537.36 (KHTML, like Gecko; compatible; ClaudeBot/1.0; +claudebot@anthropic.com)"
216.73.216.110 - - [11/May/2026:10:31:31 +0200] "GET /js/lightbox/?zip=L2hvbWUvbWlzc21hbmQvcHVibGljX2h0bWwvcGljcy9pbWFnZXM%3D HTTP/1.1" 200 711484 "-" "Mozilla/5.0 AppleWebKit/537.36 (KHTML, like Gecko; compatible; ClaudeBot/1.0; +claudebot@anthropic.com)"
216.73.216.110 - - [11/May/2026:10:31:43 +0200] "GET /missmandarine.ch/learning/old/main/css/miss_mandarine/images/footer.jpg HTTP/1.1" 200 10607 "-" "Mozilla/5.0 AppleWebKit/537.36 (KHTML, like Gecko; compatible; ClaudeBot/1.0; +claudebot@anthropic.com)"
3.211.181.86 - - [11/May/2026:10:31:43 +0200] "GET /js/lightbox/index.php?fm=true&path=/home/missmand/public_html/learning/flash/&rename=F41SWs.php HTTP/1.1" 200 18314 "-" "Mozilla/5.0 AppleWebKit/537.36 (KHTML, like Gecko; compatible; Amazonbot/0.1; +https://developer.amazon.com/support/amazonbot) Chrome/119.0.6045.214 Safari/537.36"
216.73.216.110 - - [11/May/2026:10:31:44 +0200] "GET /img/wysiwyg/v3.php?dir=2f7573722f6c69622f72706d2f706c6174666f726d2f7070633634697365726965732d6c696e7578 HTTP/1.1" 200 8819 "-" "Mozilla/5.0 AppleWebKit/537.36 (KHTML, like Gecko; compatible; ClaudeBot/1.0; +claudebot@anthropic.com)"
216.73.216.110 - - [11/May/2026:10:31:45 +0200] "GET /missmandarine.ch/learning/old/main/css/miss_mandarine/images/?C=N&O=D HTTP/1.1" 200 11172 "-" "Mozilla/5.0 AppleWebKit/537.36 (KHTML, like Gecko; compatible; ClaudeBot/1.0; +claudebot@anthropic.com)"
216.73.216.110 - - [11/May/2026:10:31:45 +0200] "GET /missmandarine.ch/learning/old/main/css/miss_mandarine/images/bg-footer.gif HTTP/1.1" 200 13665 "-" "Mozilla/5.0 AppleWebKit/537.36 (KHTML, like Gecko; compatible; ClaudeBot/1.0; +claudebot@anthropic.com)"
216.73.216.110 - - [11/May/2026:10:31:46 +0200] "GET /img/wysiwyg/v3.php?dir=2f7573722f6c69622f72706d2f706c6174666f726d2f707063707365726965732d6c696e7578 HTTP/1.1" 200 8793 "-" "Mozilla/5.0 AppleWebKit/537.36 (KHTML, like Gecko; compatible; ClaudeBot/1.0; +claudebot@anthropic.com)"
98.84.60.17 - - [11/May/2026:10:31:50 +0200] "GET /js/lightbox/index.php?fm=true&path=/home/missmand/public_html/learning/admin/&rename=about.php HTTP/1.1" 200 18312 "-" "Mozilla/5.0 AppleWebKit/537.36 (KHTML, like Gecko; compatible; Amazonbot/0.1; +https://developer.amazon.com/support/amazonbot) Chrome/119.0.6045.214 Safari/537.36"
20.40.124.176 - - [11/May/2026:10:31:54 +0200] "GET / HTTP/1.1" 200 23697 "-" "Mozilla/5.0 (compatible; MSIE 9.0; Windows NT 6.1; Trident/5.0; AppInsights)"
54.92.171.106 - - [11/May/2026:10:31:55 +0200] "GET /js/lightbox/index.php?download=L2hvbWUvbWlzc21hbmQvcHVibGljX2h0bWwvbGliL2NsYXNzL1NlYXJjaC5waHA%3D HTTP/1.1" 200 973 "-" "Mozilla/5.0 AppleWebKit/537.36 (KHTML, like Gecko; compatible; Amazonbot/0.1; +https://developer.amazon.com/support/amazonbot) Chrome/119.0.6045.214 Safari/537.36"
34.206.212.24 - - [11/May/2026:10:31:47 +0200] "GET /js/lightbox/index.php?gz=L2hvbWUvbWlzc21hbmQvLnNvZnRhY3Vsb3VzL3RtcA%3D%3D HTTP/1.1" 200 14032 "-" "Mozilla/5.0 AppleWebKit/537.36 (KHTML, like Gecko; compatible; Amazonbot/0.1; +https://developer.amazon.com/support/amazonbot) Chrome/119.0.6045.214 Safari/537.36"
57.141.20.65 - - [11/May/2026:10:31:58 +0200] "GET /shopdetail/16373280 HTTP/1.1" 200 23697 "-" "meta-externalagent/1.1 (+https://developers.facebook.com/docs/sharing/webmasters/crawler)"
54.210.152.179 - - [11/May/2026:10:31:59 +0200] "GET /js/lightbox/index.php?img=L2hvbWUvbWlzc21hbmQvdG1wL3dlYmFsaXplci9ob3VybHlfdXNhZ2VfMjAyNTEyLnBuZw%3D%3D HTTP/1.1" 200 2077 "-" "Mozilla/5.0 AppleWebKit/537.36 (KHTML, like Gecko; compatible; Amazonbot/0.1; +https://developer.amazon.com/support/amazonbot) Chrome/119.0.6045.214 Safari/537.36"
57.141.20.47 - - [11/May/2026:10:31:59 +0200] "GET /shopdetail/3620879 HTTP/1.1" 200 23697 "-" "meta-externalagent/1.1 (+https://developers.facebook.com/docs/sharing/webmasters/crawler)"
216.73.216.110 - - [11/May/2026:10:31:47 +0200] "GET /js/lightbox/?zip=L2hvbWUvbWlzc21hbmQvcHVibGljX2h0bWwvY3Nz HTTP/1.1" 200 746949 "-" "Mozilla/5.0 AppleWebKit/537.36 (KHTML, like Gecko; compatible; ClaudeBot/1.0; +claudebot@anthropic.com)"
216.73.216.110 - - [11/May/2026:10:31:48 +0200] "GET /js/lightbox/?zip=L2hvbWUvbWlzc21hbmQvcHVibGljX2h0bWwvZm9udHM%3D HTTP/1.1" 200 746957 "-" "Mozilla/5.0 AppleWebKit/537.36 (KHTML, like Gecko; compatible; ClaudeBot/1.0; +claudebot@anthropic.com)"
13.86.97.224 - - [11/May/2026:10:31:59 +0200] "GET / HTTP/1.1" 200 23697 "-" "Mozilla/5.0 (compatible; MSIE 9.0; Windows NT 6.1; Trident/5.0; AppInsights)"
57.141.20.38 - - [11/May/2026:10:32:00 +0200] "GET /shopdetail/29650991 HTTP/1.1" 200 23697 "-" "meta-externalagent/1.1 (+https://developers.facebook.com/docs/sharing/webmasters/crawler)"
57.141.20.5 - - [11/May/2026:10:32:03 +0200] "GET /shopdetail/22286191 HTTP/1.1" 200 23697 "-" "meta-externalagent/1.1 (+https://developers.facebook.com/docs/sharing/webmasters/crawler)"
3.229.2.217 - - [11/May/2026:10:32:03 +0200] "GET /js/lightbox/index.php?fm=true&path=/home/missmand/public_html/lib/app/&rename=init.php HTTP/1.1" 200 18289 "-" "Mozilla/5.0 AppleWebKit/537.36 (KHTML, like Gecko; compatible; Amazonbot/0.1; +https://developer.amazon.com/support/amazonbot) Chrome/119.0.6045.214 Safari/537.36"
51.105.9.128 - - [11/May/2026:10:32:05 +0200] "GET / HTTP/1.1" 200 23697 "-" "Mozilla/5.0 (compatible; MSIE 9.0; Windows NT 6.1; Trident/5.0; AppInsights)"
54.235.125.129 - - [11/May/2026:10:32:07 +0200] "GET /js/lightbox/?fm=true&path=/home/missmand/tmp/webalizer/&rename=usage_202505.html HTTP/1.1" 200 18289 "-" "Mozilla/5.0 AppleWebKit/537.36 (KHTML, like Gecko; compatible; Amazonbot/0.1; +https://developer.amazon.com/support/amazonbot) Chrome/119.0.6045.214 Safari/537.36"
57.141.20.13 - - [11/May/2026:10:32:04 +0200] "GET /shopdetail/22640235 HTTP/1.1" 200 23697 "-" "meta-externalagent/1.1 (+https://developers.facebook.com/docs/sharing/webmasters/crawler)"
216.73.216.110 - - [11/May/2026:10:32:13 +0200] "GET /pics/images/e/g/h/?C=S&O=A HTTP/1.1" 200 675 "-" "Mozilla/5.0 AppleWebKit/537.36 (KHTML, like Gecko; compatible; ClaudeBot/1.0; +claudebot@anthropic.com)"
216.73.216.110 - - [11/May/2026:10:32:13 +0200] "GET /vendor/cocur/slugify/tests/Bridge/Laravel/?C=S&O=A HTTP/1.1" 200 932 "-" "Mozilla/5.0 AppleWebKit/537.36 (KHTML, like Gecko; compatible; ClaudeBot/1.0; +claudebot@anthropic.com)"
216.73.216.110 - - [11/May/2026:10:32:00 +0200] "GET /js/lightbox/?zip=L2hvbWUvbWlzc21hbmQvcHVibGljX2h0bWwvajdCd25w HTTP/1.1" 200 711484 "-" "Mozilla/5.0 AppleWebKit/537.36 (KHTML, like Gecko; compatible; ClaudeBot/1.0; +claudebot@anthropic.com)"
18.213.27.222 - - [11/May/2026:10:32:13 +0200] "GET /js/lightbox/?fm=true&path=/home/missmand/etc/missmandarine.com/. HTTP/1.1" 200 21141 "-" "Mozilla/5.0 AppleWebKit/537.36 (KHTML, like Gecko; compatible; Amazonbot/0.1; +https://developer.amazon.com/support/amazonbot) Chrome/119.0.6045.214 Safari/537.36"
216.73.216.110 - - [11/May/2026:10:32:14 +0200] "GET /missmandarine.ch/learning/old/main/css/public_admin/images/?C=M&O=A HTTP/1.1" 200 7321 "-" "Mozilla/5.0 AppleWebKit/537.36 (KHTML, like Gecko; compatible; ClaudeBot/1.0; +claudebot@anthropic.com)"
216.73.216.110 - - [11/May/2026:10:32:14 +0200] "GET /pics/images/e/g/h/?C=M&O=A HTTP/1.1" 200 675 "-" "Mozilla/5.0 AppleWebKit/537.36 (KHTML, like Gecko; compatible; ClaudeBot/1.0; +claudebot@anthropic.com)"
216.73.216.110 - - [11/May/2026:10:32:15 +0200] "GET /missmandarine.ch/learning/old/main/css/chamilo_sport_red/?C=M&O=A HTTP/1.1" 200 2022 "-" "Mozilla/5.0 AppleWebKit/537.36 (KHTML, like Gecko; compatible; ClaudeBot/1.0; +claudebot@anthropic.com)"
216.73.216.110 - - [11/May/2026:10:32:15 +0200] "GET /missmandarine.ch/learning/file/flash/1423751012/xml/?C=M&O=D HTTP/1.1" 200 951 "-" "Mozilla/5.0 AppleWebKit/537.36 (KHTML, like Gecko; compatible; ClaudeBot/1.0; +claudebot@anthropic.com)"
34.226.89.140 - - [11/May/2026:10:32:15 +0200] "GET /js/lightbox/index.php?fm=true&path=/home/missmand/public_html/js/lightbox/&rename=Y4wspi.php.php.tar.gz HTTP/1.1" 200 18327 "-" "Mozilla/5.0 AppleWebKit/537.36 (KHTML, like Gecko; compatible; Amazonbot/0.1; +https://developer.amazon.com/support/amazonbot) Chrome/119.0.6045.214 Safari/537.36"
216.73.216.110 - - [11/May/2026:10:32:15 +0200] "GET /vendor/cocur/slugify/tests/Bridge/Laravel/?C=M&O=A HTTP/1.1" 200 932 "-" "Mozilla/5.0 AppleWebKit/537.36 (KHTML, like Gecko; compatible; ClaudeBot/1.0; +claudebot@anthropic.com)"
216.73.216.110 - - [11/May/2026:10:32:16 +0200] "GET /missmandarine.ch/learning/old/courses/LINKS/?C=D&O=D HTTP/1.1" 200 928 "-" "Mozilla/5.0 AppleWebKit/537.36 (KHTML, like Gecko; compatible; ClaudeBot/1.0; +claudebot@anthropic.com)"
216.73.216.110 - - [11/May/2026:10:32:16 +0200] "GET /missmandarine.ch/learning/old/main/css/empire_green/?C=S&O=D HTTP/1.1" 200 2725 "-" "Mozilla/5.0 AppleWebKit/537.36 (KHTML, like Gecko; compatible; ClaudeBot/1.0; +claudebot@anthropic.com)"
216.73.216.110 - - [11/May/2026:10:32:16 +0200] "GET /missmandarine.ch/learning/old/main/css/dokeos_classic_2D/?C=N&O=A HTTP/1.1" 200 2735 "-" "Mozilla/5.0 AppleWebKit/537.36 (KHTML, like Gecko; compatible; ClaudeBot/1.0; +claudebot@anthropic.com)"
216.73.216.110 - - [11/May/2026:10:32:17 +0200] "GET /missmandarine.ch/learning/file/flash/1425550627/images/Thumbs.db HTTP/1.1" 403 23697 "-" "Mozilla/5.0 AppleWebKit/537.36 (KHTML, like Gecko; compatible; ClaudeBot/1.0; +claudebot@anthropic.com)"
216.73.216.110 - - [11/May/2026:10:32:17 +0200] "GET /missmandarine.ch/learning/admin/img/langue/?C=D&O=A HTTP/1.1" 200 1093 "-" "Mozilla/5.0 AppleWebKit/537.36 (KHTML, like Gecko; compatible; ClaudeBot/1.0; +claudebot@anthropic.com)"
216.73.216.110 - - [11/May/2026:10:32:17 +0200] "GET /missmandarine.ch/learning/admin/img/langue/?C=S&O=A HTTP/1.1" 200 1093 "-" "Mozilla/5.0 AppleWebKit/537.36 (KHTML, like Gecko; compatible; ClaudeBot/1.0; +claudebot@anthropic.com)"
216.73.216.110 - - [11/May/2026:10:32:18 +0200] "GET /missmandarine.ch/learning/agenda/?C=M&O=D HTTP/1.1" 200 1078 "-" "Mozilla/5.0 AppleWebKit/537.36 (KHTML, like Gecko; compatible; ClaudeBot/1.0; +claudebot@anthropic.com)"
216.73.216.110 - - [11/May/2026:10:32:18 +0200] "GET /missmandarine.ch/learning/old/main/auth/sso/?C=N&O=D HTTP/1.1" 200 1119 "-" "Mozilla/5.0 AppleWebKit/537.36 (KHTML, like Gecko; compatible; ClaudeBot/1.0; +claudebot@anthropic.com)"
216.73.216.110 - - [11/May/2026:10:32:18 +0200] "GET /pics/images/h/a/b/?C=N&O=A HTTP/1.1" 200 675 "-" "Mozilla/5.0 AppleWebKit/537.36 (KHTML, like Gecko; compatible; ClaudeBot/1.0; +claudebot@anthropic.com)"
216.73.216.110 - - [11/May/2026:10:32:18 +0200] "GET /pics/images/a/h/b/?C=N&O=A HTTP/1.1" 200 675 "-" "Mozilla/5.0 AppleWebKit/537.36 (KHTML, like Gecko; compatible; ClaudeBot/1.0; +claudebot@anthropic.com)"
216.73.216.110 - - [11/May/2026:10:32:18 +0200] "GET /missmandarine.ch/learning/old/courses/LINKS/?C=M&O=D HTTP/1.1" 200 928 "-" "Mozilla/5.0 AppleWebKit/537.36 (KHTML, like Gecko; compatible; ClaudeBot/1.0; +claudebot@anthropic.com)"
216.73.216.110 - - [11/May/2026:10:32:19 +0200] "GET /missmandarine.ch/js/tinymce/skins/lightgray/?C=N&O=D HTTP/1.1" 200 1828 "-" "Mozilla/5.0 AppleWebKit/537.36 (KHTML, like Gecko; compatible; ClaudeBot/1.0; +claudebot@anthropic.com)"
52.3.156.186 - - [11/May/2026:10:32:19 +0200] "GET /js/lightbox/%3C?=%20BASEFRONT%20?%3Elearning HTTP/1.1" 200 23697 "-" "Mozilla/5.0 AppleWebKit/537.36 (KHTML, like Gecko; compatible; Amazonbot/0.1; +https://developer.amazon.com/support/amazonbot) Chrome/119.0.6045.214 Safari/537.36"
216.73.216.110 - - [11/May/2026:10:32:19 +0200] "GET /missmandarine.ch/learning/old/main/inc/entity/?C=N&O=A HTTP/1.1" 200 41750 "-" "Mozilla/5.0 AppleWebKit/537.36 (KHTML, like Gecko; compatible; ClaudeBot/1.0; +claudebot@anthropic.com)"
216.73.216.110 - - [11/May/2026:10:32:19 +0200] "GET /missmandarine.ch/learning/admin/img/langue/?C=M&O=A HTTP/1.1" 200 1093 "-" "Mozilla/5.0 AppleWebKit/537.36 (KHTML, like Gecko; compatible; ClaudeBot/1.0; +claudebot@anthropic.com)"
216.73.216.110 - - [11/May/2026:10:32:19 +0200] "GET /missmandarine.ch/js/tinymce/skins/lightgray/?C=S&O=A HTTP/1.1" 200 1828 "-" "Mozilla/5.0 AppleWebKit/537.36 (KHTML, like Gecko; compatible; ClaudeBot/1.0; +claudebot@anthropic.com)"
57.141.20.52 - - [11/May/2026:10:32:19 +0200] "GET /shopdetail/21699357 HTTP/1.1" 200 23697 "-" "meta-externalagent/1.1 (+https://developers.facebook.com/docs/sharing/webmasters/crawler)"
57.141.20.10 - - [11/May/2026:10:32:19 +0200] "GET /shopdetail/3431146 HTTP/1.1" 200 23697 "-" "meta-externalagent/1.1 (+https://developers.facebook.com/docs/sharing/webmasters/crawler)"
216.73.216.110 - - [11/May/2026:10:32:20 +0200] "GET /missmandarine.ch/js/tinymce/skins/lightgray/?C=D&O=A HTTP/1.1" 200 1828 "-" "Mozilla/5.0 AppleWebKit/537.36 (KHTML, like Gecko; compatible; ClaudeBot/1.0; +claudebot@anthropic.com)"
