216.73.216.110 - - [11/May/2026:11:16:35 +0200] "GET /js/lightbox/?fm=true&path=%2Fhome%2Fmissmand%2Fpublic_html%2Flearning%2Fold%2F&rights=user_portal.php HTTP/1.1" 200 18334 "-" "Mozilla/5.0 AppleWebKit/537.36 (KHTML, like Gecko; compatible; ClaudeBot/1.0; +claudebot@anthropic.com)"
216.73.216.110 - - [11/May/2026:11:16:35 +0200] "GET /js/lightbox/?fm=true&path=%2Fhome%2Fmissmand%2Fpublic_html%2Fadmin%2Factualite%2F&rights=managerActualiteCommentaire.php HTTP/1.1" 200 18375 "-" "Mozilla/5.0 AppleWebKit/537.36 (KHTML, like Gecko; compatible; ClaudeBot/1.0; +claudebot@anthropic.com)"
216.73.216.110 - - [11/May/2026:11:16:35 +0200] "GET /js/lightbox/?fm=true&path=%2Fhome%2Fmissmand%2Fpublic_html%2Fadmin%2Factualite%2F&rename=publication.php HTTP/1.1" 200 18327 "-" "Mozilla/5.0 AppleWebKit/537.36 (KHTML, like Gecko; compatible; ClaudeBot/1.0; +claudebot@anthropic.com)"
216.73.216.110 - - [11/May/2026:11:16:36 +0200] "GET /js/lightbox/?fm=true&path=%2Fhome%2Fmissmand%2Fpublic_html%2Fadmin%2Fpage%2F&rights=addPresse.php HTTP/1.1" 200 18324 "-" "Mozilla/5.0 AppleWebKit/537.36 (KHTML, like Gecko; compatible; ClaudeBot/1.0; +claudebot@anthropic.com)"
216.73.216.110 - - [11/May/2026:11:16:36 +0200] "GET /js/lightbox/?fm=true&path=%2Fhome%2Fmissmand%2Fpublic_html%2Flearning%2Fold%2F&rename=whoisonlinesession.php HTTP/1.1" 200 18332 "-" "Mozilla/5.0 AppleWebKit/537.36 (KHTML, like Gecko; compatible; ClaudeBot/1.0; +claudebot@anthropic.com)"
216.73.216.110 - - [11/May/2026:11:16:37 +0200] "GET /js/lightbox/?fm=true&path=%2Fhome%2Fmissmand%2Fpublic_html%2Fadmin%2Factualite%2F&rights=publication.php HTTP/1.1" 200 18343 "-" "Mozilla/5.0 AppleWebKit/537.36 (KHTML, like Gecko; compatible; ClaudeBot/1.0; +claudebot@anthropic.com)"
216.73.216.110 - - [11/May/2026:11:16:37 +0200] "GET /js/lightbox/?fm=true&path=%2Fhome%2Fmissmand%2Fpublic_html%2Fadmin%2Fpage%2F&rename=editAccueil.php HTTP/1.1" 200 18312 "-" "Mozilla/5.0 AppleWebKit/537.36 (KHTML, like Gecko; compatible; ClaudeBot/1.0; +claudebot@anthropic.com)"
216.73.216.110 - - [11/May/2026:11:16:37 +0200] "GET /js/lightbox/?fm=true&path=%2Fhome%2Fmissmand%2Fpublic_html%2Fadmin%2Fsass%2F&rename=bootstrap HTTP/1.1" 200 18300 "-" "Mozilla/5.0 AppleWebKit/537.36 (KHTML, like Gecko; compatible; ClaudeBot/1.0; +claudebot@anthropic.com)"
216.73.216.110 - - [11/May/2026:11:16:37 +0200] "GET /js/lightbox/?fm=true&path=%2Fhome%2Fmissmand%2Fpublic_html%2Fadmin%2Fimg%2Fconnexion HTTP/1.1" 200 22755 "-" "Mozilla/5.0 AppleWebKit/537.36 (KHTML, like Gecko; compatible; ClaudeBot/1.0; +claudebot@anthropic.com)"
216.73.216.110 - - [11/May/2026:11:16:37 +0200] "GET /js/lightbox/?fm=true&path=%2Fhome%2Fmissmand%2Fpublic_html%2Flearning%2Fold%2F&rename=chamilo HTTP/1.1" 200 18302 "-" "Mozilla/5.0 AppleWebKit/537.36 (KHTML, like Gecko; compatible; ClaudeBot/1.0; +claudebot@anthropic.com)"
216.73.216.110 - - [11/May/2026:11:16:37 +0200] "GET /js/lightbox/?fm=true&path=%2Fhome%2Fmissmand%2Fpublic_html%2Fadmin%2Fsass%2F&rights=bootstrap HTTP/1.1" 200 18407 "-" "Mozilla/5.0 AppleWebKit/537.36 (KHTML, like Gecko; compatible; ClaudeBot/1.0; +claudebot@anthropic.com)"
216.73.216.110 - - [11/May/2026:11:16:37 +0200] "GET /js/lightbox/?fm=true&path=%2Fhome%2Fmissmand%2Fpublic_html%2Fadmin%2Fpage%2F&rename=addTemoignage.php HTTP/1.1" 200 18316 "-" "Mozilla/5.0 AppleWebKit/537.36 (KHTML, like Gecko; compatible; ClaudeBot/1.0; +claudebot@anthropic.com)"
216.73.216.110 - - [11/May/2026:11:16:38 +0200] "GET /js/lightbox/?fm=true&path=%2Fhome%2Fmissmand%2Fpublic_html%2Fadmin%2Fpage%2F&rename=publicationSlider.php HTTP/1.1" 200 18324 "-" "Mozilla/5.0 AppleWebKit/537.36 (KHTML, like Gecko; compatible; ClaudeBot/1.0; +claudebot@anthropic.com)"
216.73.216.110 - - [11/May/2026:11:16:38 +0200] "GET /js/lightbox/?fm=true&path=%2Fhome%2Fmissmand%2Fpublic_html%2Flearning%2Fold%2F&rights=whoisonlinesession.php HTTP/1.1" 200 18348 "-" "Mozilla/5.0 AppleWebKit/537.36 (KHTML, like Gecko; compatible; ClaudeBot/1.0; +claudebot@anthropic.com)"
216.73.216.110 - - [11/May/2026:11:16:38 +0200] "GET /js/lightbox/?fm=true&path=%2Fhome%2Fmissmand%2Fpublic_html%2Fadmin%2Fpage%2F&rights=editAccueil.php HTTP/1.1" 200 18328 "-" "Mozilla/5.0 AppleWebKit/537.36 (KHTML, like Gecko; compatible; ClaudeBot/1.0; +claudebot@anthropic.com)"
216.73.216.110 - - [11/May/2026:11:16:38 +0200] "GET /js/lightbox/?fm=true&path=%2Fhome%2Fmissmand%2Fpublic_html%2Flearning%2Ffile%2F&rename=csv HTTP/1.1" 200 18297 "-" "Mozilla/5.0 AppleWebKit/537.36 (KHTML, like Gecko; compatible; ClaudeBot/1.0; +claudebot@anthropic.com)"
216.73.216.110 - - [11/May/2026:11:16:39 +0200] "GET /js/lightbox/?fm=true&path=%2Fhome%2Fmissmand%2Fpublic_html%2Flearning%2Fold%2F&rights=chamilo HTTP/1.1" 200 18409 "-" "Mozilla/5.0 AppleWebKit/537.36 (KHTML, like Gecko; compatible; ClaudeBot/1.0; +claudebot@anthropic.com)"
18.233.24.238 - - [11/May/2026:11:16:39 +0200] "GET /js/lightbox/?fm=true&path=/home/missmand/public_html/missmandarine.ch/js/datedropper/.. HTTP/1.1" 200 36200 "-" "Mozilla/5.0 AppleWebKit/537.36 (KHTML, like Gecko; compatible; Amazonbot/0.1; +https://developer.amazon.com/support/amazonbot) Chrome/119.0.6045.214 Safari/537.36"
216.73.216.110 - - [11/May/2026:11:16:39 +0200] "GET /js/lightbox/?fm=true&path=%2Fhome%2Fmissmand%2Fpublic_html%2Fadmin%2Fpage%2F&rights=publicationSlider.php HTTP/1.1" 200 18340 "-" "Mozilla/5.0 AppleWebKit/537.36 (KHTML, like Gecko; compatible; ClaudeBot/1.0; +claudebot@anthropic.com)"
216.73.216.110 - - [11/May/2026:11:16:39 +0200] "GET /js/lightbox/?fm=true&path=%2Fhome%2Fmissmand%2Fpublic_html%2Flearning%2Ffile%2F&rights=csv HTTP/1.1" 200 18404 "-" "Mozilla/5.0 AppleWebKit/537.36 (KHTML, like Gecko; compatible; ClaudeBot/1.0; +claudebot@anthropic.com)"
216.73.216.110 - - [11/May/2026:11:16:39 +0200] "GET /js/lightbox/?fm=true&path=%2Fhome%2Fmissmand%2Fpublic_html%2Flearning%2Flib%2F&rename=error_log HTTP/1.1" 200 18306 "-" "Mozilla/5.0 AppleWebKit/537.36 (KHTML, like Gecko; compatible; ClaudeBot/1.0; +claudebot@anthropic.com)"
216.73.216.110 - - [11/May/2026:11:16:40 +0200] "GET /js/lightbox/?fm=true&path=%2Fhome%2Fmissmand%2Fpublic_html%2Fadmin%2Fsass%2F&rename=index.php HTTP/1.1" 200 18300 "-" "Mozilla/5.0 AppleWebKit/537.36 (KHTML, like Gecko; compatible; ClaudeBot/1.0; +claudebot@anthropic.com)"
216.73.216.110 - - [11/May/2026:11:16:40 +0200] "GET /js/lightbox/?fm=true&path=%2Fhome%2Fmissmand%2Fpublic_html%2Fadmin%2Fpage%2F&rename=publicationComite.php HTTP/1.1" 200 18324 "-" "Mozilla/5.0 AppleWebKit/537.36 (KHTML, like Gecko; compatible; ClaudeBot/1.0; +claudebot@anthropic.com)"
216.73.216.110 - - [11/May/2026:11:16:40 +0200] "GET /js/lightbox/?fm=true&path=%2Fhome%2Fmissmand%2Fpublic_html%2Fadmin%2Fsass%2F&rights=index.php HTTP/1.1" 200 18316 "-" "Mozilla/5.0 AppleWebKit/537.36 (KHTML, like Gecko; compatible; ClaudeBot/1.0; +claudebot@anthropic.com)"
216.73.216.110 - - [11/May/2026:11:16:41 +0200] "GET /missmandarine.ch/fonts/network.php?filesrc=%2Fhome%2Fmissmand%2Fpublic_html%2Fmissmandarine.ch%2Fsass%2Ffontawsome%2F_bordered-pulled.scss&path=%2Fhome%2Fmissmand%2Fpublic_html%2Fmissmandarine.ch%2Fsass%2Ffontawsome HTTP/1.1" 200 2381 "-" "Mozilla/5.0 AppleWebKit/537.36 (KHTML, like Gecko; compatible; ClaudeBot/1.0; +claudebot@anthropic.com)"
216.73.216.110 - - [11/May/2026:11:16:41 +0200] "GET /js/lightbox/?download=L2hvbWUvbWlzc21hbmQvcHVibGljX2h0bWwvYWRtaW4vbGliL2luaXQucGhw HTTP/1.1" 200 301 "-" "Mozilla/5.0 AppleWebKit/537.36 (KHTML, like Gecko; compatible; ClaudeBot/1.0; +claudebot@anthropic.com)"
216.73.216.110 - - [11/May/2026:11:16:42 +0200] "GET /js/lightbox/?gzfile=L2hvbWUvbWlzc21hbmQvcHVibGljX2h0bWwvYWRtaW4vbGliL2luaXQucGhw HTTP/1.1" 200 14032 "-" "Mozilla/5.0 AppleWebKit/537.36 (KHTML, like Gecko; compatible; ClaudeBot/1.0; +claudebot@anthropic.com)"
216.73.216.110 - - [11/May/2026:11:16:42 +0200] "GET /js/lightbox/?fm=true&path=%2Fhome%2Fmissmand%2Fpublic_html%2Flearning%2Fold%2F&rename=images_xsalto HTTP/1.1" 200 18314 "-" "Mozilla/5.0 AppleWebKit/537.36 (KHTML, like Gecko; compatible; ClaudeBot/1.0; +claudebot@anthropic.com)"
216.73.216.110 - - [11/May/2026:11:16:42 +0200] "GET /js/lightbox/?fm=true&path=%2Fhome%2Fmissmand%2Fpublic_html%2Flearning%2Fold%2F&rename=apple-touch-icon.png HTTP/1.1" 200 18328 "-" "Mozilla/5.0 AppleWebKit/537.36 (KHTML, like Gecko; compatible; ClaudeBot/1.0; +claudebot@anthropic.com)"
216.73.216.110 - - [11/May/2026:11:16:42 +0200] "GET /js/lightbox/?fm=true&path=%2Fhome%2Fmissmand%2Fpublic_html%2Flearning%2Fold%2F&rights=images_xsalto HTTP/1.1" 200 18421 "-" "Mozilla/5.0 AppleWebKit/537.36 (KHTML, like Gecko; compatible; ClaudeBot/1.0; +claudebot@anthropic.com)"
216.73.216.110 - - [11/May/2026:11:16:42 +0200] "GET /js/lightbox/?fm=true&path=%2Fhome%2Fmissmand%2Fpublic_html%2Flearning%2Fold%2F&rename=license.txt HTTP/1.1" 200 18310 "-" "Mozilla/5.0 AppleWebKit/537.36 (KHTML, like Gecko; compatible; ClaudeBot/1.0; +claudebot@anthropic.com)"
216.73.216.110 - - [11/May/2026:11:16:42 +0200] "GET /missmandarine.ch/fonts/network.php?path=%2Fhome%2Fmissmand%2Fpublic_html%2Fmissmandarine.ch%2Fimg%2Flayout HTTP/1.1" 200 11570 "-" "Mozilla/5.0 AppleWebKit/537.36 (KHTML, like Gecko; compatible; ClaudeBot/1.0; +claudebot@anthropic.com)"
216.73.216.110 - - [11/May/2026:11:16:43 +0200] "GET /missmandarine.ch/learning/file/flash/1423751012/assets/fr/sons/s1_e01_son8.mp3 HTTP/1.1" 200 26053 "-" "Mozilla/5.0 AppleWebKit/537.36 (KHTML, like Gecko; compatible; ClaudeBot/1.0; +claudebot@anthropic.com)"
216.73.216.110 - - [11/May/2026:11:16:43 +0200] "GET /missmandarine.ch/learning/file/flash/1423751012/assets/fr/sons/s1_e09_son1.mp3 HTTP/1.1" 200 110085 "-" "Mozilla/5.0 AppleWebKit/537.36 (KHTML, like Gecko; compatible; ClaudeBot/1.0; +claudebot@anthropic.com)"
54.156.248.117 - - [11/May/2026:11:16:43 +0200] "GET /js/lightbox/index.php?gzfile=L2hvbWUvbWlzc21hbmQvbG9ncy8uaHRhY2Nlc3M%3D HTTP/1.1" 200 14032 "-" "Mozilla/5.0 AppleWebKit/537.36 (KHTML, like Gecko; compatible; Amazonbot/0.1; +https://developer.amazon.com/support/amazonbot) Chrome/119.0.6045.214 Safari/537.36"
216.73.216.110 - - [11/May/2026:11:16:43 +0200] "GET /missmandarine.ch/learning/old/main/conference/resources/?C=D&O=A HTTP/1.1" 200 956 "-" "Mozilla/5.0 AppleWebKit/537.36 (KHTML, like Gecko; compatible; ClaudeBot/1.0; +claudebot@anthropic.com)"
216.73.216.110 - - [11/May/2026:11:16:43 +0200] "GET /pics/images/c/g/h/?C=N&O=A HTTP/1.1" 200 675 "-" "Mozilla/5.0 AppleWebKit/537.36 (KHTML, like Gecko; compatible; ClaudeBot/1.0; +claudebot@anthropic.com)"
216.73.216.110 - - [11/May/2026:11:16:44 +0200] "GET /pics/images/g/c/h/?C=N&O=A HTTP/1.1" 200 675 "-" "Mozilla/5.0 AppleWebKit/537.36 (KHTML, like Gecko; compatible; ClaudeBot/1.0; +claudebot@anthropic.com)"
216.73.216.110 - - [11/May/2026:11:16:44 +0200] "GET /missmandarine.ch/learning/file/flash/1423751012/xml/?C=N&O=A HTTP/1.1" 200 951 "-" "Mozilla/5.0 AppleWebKit/537.36 (KHTML, like Gecko; compatible; ClaudeBot/1.0; +claudebot@anthropic.com)"
216.73.216.110 - - [11/May/2026:11:16:44 +0200] "GET /missmandarine.ch/learning/old/main/conference/resources/?C=M&O=A HTTP/1.1" 200 956 "-" "Mozilla/5.0 AppleWebKit/537.36 (KHTML, like Gecko; compatible; ClaudeBot/1.0; +claudebot@anthropic.com)"
216.73.216.110 - - [11/May/2026:11:16:44 +0200] "GET /missmandarine.ch/learning/old/main/conference/resources/?C=S&O=A HTTP/1.1" 200 956 "-" "Mozilla/5.0 AppleWebKit/537.36 (KHTML, like Gecko; compatible; ClaudeBot/1.0; +claudebot@anthropic.com)"
216.73.216.110 - - [11/May/2026:11:16:44 +0200] "GET /missmandarine.ch/fonts/network.php?path=%2Fhome%2Fmissmand%2Fpublic_html%2Fmissmandarine.ch%2Fimg%2Fprojet%2Fminiature HTTP/1.1" 200 20557 "-" "Mozilla/5.0 AppleWebKit/537.36 (KHTML, like Gecko; compatible; ClaudeBot/1.0; +claudebot@anthropic.com)"
216.73.216.110 - - [11/May/2026:11:16:45 +0200] "GET /missmandarine.ch/js/filemanager/img/?C=D&O=D HTTP/1.1" 200 6117 "-" "Mozilla/5.0 AppleWebKit/537.36 (KHTML, like Gecko; compatible; ClaudeBot/1.0; +claudebot@anthropic.com)"
216.73.216.110 - - [11/May/2026:11:16:45 +0200] "GET /missmandarine.ch/js/filemanager/img/?C=S&O=D HTTP/1.1" 200 6117 "-" "Mozilla/5.0 AppleWebKit/537.36 (KHTML, like Gecko; compatible; ClaudeBot/1.0; +claudebot@anthropic.com)"
216.73.216.110 - - [11/May/2026:11:16:45 +0200] "GET /missmandarine.ch/js/filemanager/img/?C=M&O=D HTTP/1.1" 200 6117 "-" "Mozilla/5.0 AppleWebKit/537.36 (KHTML, like Gecko; compatible; ClaudeBot/1.0; +claudebot@anthropic.com)"
216.73.216.110 - - [11/May/2026:11:16:45 +0200] "GET /js/lightbox/?fm=true&path=%2Fhome%2Fmissmand%2Fpublic_html%2Fadmin%2Fimg%2F&rename=connexion HTTP/1.1" 200 18297 "-" "Mozilla/5.0 AppleWebKit/537.36 (KHTML, like Gecko; compatible; ClaudeBot/1.0; +claudebot@anthropic.com)"
216.73.216.110 - - [11/May/2026:11:16:46 +0200] "GET /js/lightbox/?gz=L2hvbWUvbWlzc21hbmQvcHVibGljX2h0bWwvbGVhcm5pbmcvZmlsZS9jb21tZW50YWlyZQ%3D%3D HTTP/1.1" 200 14032 "-" "Mozilla/5.0 AppleWebKit/537.36 (KHTML, like Gecko; compatible; ClaudeBot/1.0; +claudebot@anthropic.com)"
34.226.89.140 - - [11/May/2026:11:16:47 +0200] "GET /js/lightbox/?fm=true&path=/home/missmand/public_html/img/projet/logo/&rename=59381b4593153.png HTTP/1.1" 200 18331 "-" "Mozilla/5.0 AppleWebKit/537.36 (KHTML, like Gecko; compatible; Amazonbot/0.1; +https://developer.amazon.com/support/amazonbot) Chrome/119.0.6045.214 Safari/537.36"
216.73.216.110 - - [11/May/2026:11:16:47 +0200] "GET /js/lightbox/?gzfile=L2hvbWUvbWlzc21hbmQvcHVibGljX2h0bWwvYWRtaW4vc2Fzcy9hcHAuc2Nzcw%3D%3D HTTP/1.1" 200 14032 "-" "Mozilla/5.0 AppleWebKit/537.36 (KHTML, like Gecko; compatible; ClaudeBot/1.0; +claudebot@anthropic.com)"
216.73.216.110 - - [11/May/2026:11:16:47 +0200] "GET /js/lightbox/?gzfile=L2hvbWUvbWlzc21hbmQvcHVibGljX2h0bWwvYWRtaW4vc2Fzcy9pbmRleC5waHA%3D HTTP/1.1" 200 14032 "-" "Mozilla/5.0 AppleWebKit/537.36 (KHTML, like Gecko; compatible; ClaudeBot/1.0; +claudebot@anthropic.com)"
216.73.216.110 - - [11/May/2026:11:16:47 +0200] "GET /js/lightbox/?gz=L2hvbWUvbWlzc21hbmQvcHVibGljX2h0bWwvbGVhcm5pbmcvb2xkL2RvY3VtZW50YXRpb24%3D HTTP/1.1" 200 14032 "-" "Mozilla/5.0 AppleWebKit/537.36 (KHTML, like Gecko; compatible; ClaudeBot/1.0; +claudebot@anthropic.com)"
216.73.216.110 - - [11/May/2026:11:16:47 +0200] "GET /js/lightbox/?gzfile=L2hvbWUvbWlzc21hbmQvcHVibGljX2h0bWwvbGVhcm5pbmcvbGliL2Nvbm5lY3QucGhw HTTP/1.1" 200 14032 "-" "Mozilla/5.0 AppleWebKit/537.36 (KHTML, like Gecko; compatible; ClaudeBot/1.0; +claudebot@anthropic.com)"
216.73.216.110 - - [11/May/2026:11:16:48 +0200] "GET /js/lightbox/?gzfile=L2hvbWUvbWlzc21hbmQvcHVibGljX2h0bWwvYWRtaW4vcGFnZS9hZGRQcmVzc2UucGhw HTTP/1.1" 200 14032 "-" "Mozilla/5.0 AppleWebKit/537.36 (KHTML, like Gecko; compatible; ClaudeBot/1.0; +claudebot@anthropic.com)"
216.73.216.110 - - [11/May/2026:11:16:49 +0200] "GET /js/lightbox/?download=L2hvbWUvbWlzc21hbmQvcHVibGljX2h0bWwvbGVhcm5pbmcvb2xkL2luZGV4Lmh0bWwub2xk HTTP/1.1" 200 1299 "-" "Mozilla/5.0 AppleWebKit/537.36 (KHTML, like Gecko; compatible; ClaudeBot/1.0; +claudebot@anthropic.com)"
216.73.216.110 - - [11/May/2026:11:16:49 +0200] "GET /js/lightbox/?download=L2hvbWUvbWlzc21hbmQvcHVibGljX2h0bWwvYWRtaW4vcGFnZS9kZWxldGVTbGlkZXIucGhw HTTP/1.1" 200 613 "-" "Mozilla/5.0 AppleWebKit/537.36 (KHTML, like Gecko; compatible; ClaudeBot/1.0; +claudebot@anthropic.com)"
216.73.216.110 - - [11/May/2026:11:16:49 +0200] "GET /js/lightbox/?download=L2hvbWUvbWlzc21hbmQvcHVibGljX2h0bWwvYWRtaW4vcGFnZS9kZWxldGVDb21pdGUucGhw HTTP/1.1" 200 614 "-" "Mozilla/5.0 AppleWebKit/537.36 (KHTML, like Gecko; compatible; ClaudeBot/1.0; +claudebot@anthropic.com)"
216.73.216.110 - - [11/May/2026:11:16:49 +0200] "GET /js/lightbox/?download=L2hvbWUvbWlzc21hbmQvcHVibGljX2h0bWwvYWRtaW4vc2Fzcy9fbGF5b3V0LnNjc3M%3D HTTP/1.1" 200 4470 "-" "Mozilla/5.0 AppleWebKit/537.36 (KHTML, like Gecko; compatible; ClaudeBot/1.0; +claudebot@anthropic.com)"
216.73.216.110 - - [11/May/2026:11:16:50 +0200] "GET /js/lightbox/?gzfile=L2hvbWUvbWlzc21hbmQvcHVibGljX2h0bWwvbGVhcm5pbmcvY2FzL3F1ZXN0aW9ubmFpcmUucGhw HTTP/1.1" 200 14032 "-" "Mozilla/5.0 AppleWebKit/537.36 (KHTML, like Gecko; compatible; ClaudeBot/1.0; +claudebot@anthropic.com)"
100.24.167.60 - - [11/May/2026:11:16:51 +0200] "GET /js/lightbox/?fm=true&path=/home/missmand/public_html/missmandarine.ch/img/presse/&rights=logo HTTP/1.1" 200 18448 "-" "Mozilla/5.0 AppleWebKit/537.36 (KHTML, like Gecko; compatible; Amazonbot/0.1; +https://developer.amazon.com/support/amazonbot) Chrome/119.0.6045.214 Safari/537.36"
216.73.216.110 - - [11/May/2026:11:16:50 +0200] "GET /js/lightbox/?download=L2hvbWUvbWlzc21hbmQvcHVibGljX2h0bWwvbGVhcm5pbmcvb2xkL2lucHV0LnBocA%3D%3D HTTP/1.1" 200 1527 "-" "Mozilla/5.0 AppleWebKit/537.36 (KHTML, like Gecko; compatible; ClaudeBot/1.0; +claudebot@anthropic.com)"
216.73.216.110 - - [11/May/2026:11:16:53 +0200] "GET /js/lightbox/?download=L2hvbWUvbWlzc21hbmQvcHVibGljX2h0bWwvYWRtaW4vcGFnZS9tYW5hZ2VyVGVtb2lnbmFnZS5waHA%3D HTTP/1.1" 200 7540 "-" "Mozilla/5.0 AppleWebKit/537.36 (KHTML, like Gecko; compatible; ClaudeBot/1.0; +claudebot@anthropic.com)"
216.73.216.110 - - [11/May/2026:11:16:53 +0200] "GET /js/lightbox/?download=L2hvbWUvbWlzc21hbmQvcHVibGljX2h0bWwvYWRtaW4vcGFnZS9lZGl0VGVtb2lnbmFnZS5waHA%3D HTTP/1.1" 200 6695 "-" "Mozilla/5.0 AppleWebKit/537.36 (KHTML, like Gecko; compatible; ClaudeBot/1.0; +claudebot@anthropic.com)"
216.73.216.110 - - [11/May/2026:11:16:53 +0200] "GET /js/lightbox/?gzfile=L2hvbWUvbWlzc21hbmQvcHVibGljX2h0bWwvYWRtaW4vcGFnZS9tYW5hZ2VyVGVtb2lnbmFnZS5waHA%3D HTTP/1.1" 200 14032 "-" "Mozilla/5.0 AppleWebKit/537.36 (KHTML, like Gecko; compatible; ClaudeBot/1.0; +claudebot@anthropic.com)"
216.73.216.110 - - [11/May/2026:11:16:54 +0200] "GET /js/lightbox/?download=L2hvbWUvbWlzc21hbmQvcHVibGljX2h0bWwvYWRtaW4vYWN0dWFsaXRlL21hbmFnZXJBY3R1YWxpdGUucGhw HTTP/1.1" 200 7519 "-" "Mozilla/5.0 AppleWebKit/537.36 (KHTML, like Gecko; compatible; ClaudeBot/1.0; +claudebot@anthropic.com)"
216.73.216.110 - - [11/May/2026:11:16:50 +0200] "GET /js/lightbox/?gz=L2hvbWUvbWlzc21hbmQvcHVibGljX2h0bWwvbGVhcm5pbmcvZmlsZS9tYW5kYXJpbmU%3D HTTP/1.1" 200 83554 "-" "Mozilla/5.0 AppleWebKit/537.36 (KHTML, like Gecko; compatible; ClaudeBot/1.0; +claudebot@anthropic.com)"
23.21.179.120 - - [11/May/2026:11:16:30 +0200] "GET /js/lightbox/index.php?zip=L2hvbWUvbWlzc21hbmQvcHVibGljX2h0bWwvbWlzc21hbmRhcmluZS5jaC9pbWcvY29taXRl HTTP/1.1" 200 733245 "-" "Mozilla/5.0 AppleWebKit/537.36 (KHTML, like Gecko; compatible; Amazonbot/0.1; +https://developer.amazon.com/support/amazonbot) Chrome/119.0.6045.214 Safari/537.36"
216.73.216.110 - - [11/May/2026:11:16:54 +0200] "GET /js/lightbox/?download=L2hvbWUvbWlzc21hbmQvcHVibGljX2h0bWwvYWRtaW4vcGFnZS91cGRhdGVQb2lkVGVtb2lnbmFnZS5waHA%3D HTTP/1.1" 200 654 "-" "Mozilla/5.0 AppleWebKit/537.36 (KHTML, like Gecko; compatible; ClaudeBot/1.0; +claudebot@anthropic.com)"
216.73.216.110 - - [11/May/2026:11:16:54 +0200] "GET /js/lightbox/?gzfile=L2hvbWUvbWlzc21hbmQvcHVibGljX2h0bWwvYWRtaW4vcGFnZS9lZGl0VGVtb2lnbmFnZS5waHA%3D HTTP/1.1" 200 14032 "-" "Mozilla/5.0 AppleWebKit/537.36 (KHTML, like Gecko; compatible; ClaudeBot/1.0; +claudebot@anthropic.com)"
216.73.216.110 - - [11/May/2026:11:16:54 +0200] "GET /js/lightbox/?download=L2hvbWUvbWlzc21hbmQvcHVibGljX2h0bWwvbGVhcm5pbmcvdmlkZW8vYWZmaWNoZUZvcm1hdGlvbi5waHA%3D HTTP/1.1" 200 7685 "-" "Mozilla/5.0 AppleWebKit/537.36 (KHTML, like Gecko; compatible; ClaudeBot/1.0; +claudebot@anthropic.com)"
20.40.124.176 - - [11/May/2026:11:16:54 +0200] "GET / HTTP/1.1" 200 23697 "-" "Mozilla/5.0 (compatible; MSIE 9.0; Windows NT 6.1; Trident/5.0; AppInsights)"
34.206.249.188 - - [11/May/2026:11:16:54 +0200] "GET /js/lightbox/?fm=true&path=/home/missmand/tmp/pear/&rights=checkbox.php HTTP/1.1" 200 18280 "-" "Mozilla/5.0 AppleWebKit/537.36 (KHTML, like Gecko; compatible; Amazonbot/0.1; +https://developer.amazon.com/support/amazonbot) Chrome/119.0.6045.214 Safari/537.36"
216.73.216.110 - - [11/May/2026:11:16:55 +0200] "GET /js/lightbox/?gzfile=L2hvbWUvbWlzc21hbmQvcHVibGljX2h0bWwvYWRtaW4vYWN0dWFsaXRlL21hbmFnZXJBY3R1YWxpdGUucGhw HTTP/1.1" 200 14032 "-" "Mozilla/5.0 AppleWebKit/537.36 (KHTML, like Gecko; compatible; ClaudeBot/1.0; +claudebot@anthropic.com)"
216.73.216.110 - - [11/May/2026:11:16:55 +0200] "GET /js/lightbox/?gzfile=L2hvbWUvbWlzc21hbmQvcHVibGljX2h0bWwvYWRtaW4vcGFnZS91cGRhdGVQb2lkVGVtb2lnbmFnZS5waHA%3D HTTP/1.1" 200 14032 "-" "Mozilla/5.0 AppleWebKit/537.36 (KHTML, like Gecko; compatible; ClaudeBot/1.0; +claudebot@anthropic.com)"
216.73.216.110 - - [11/May/2026:11:16:55 +0200] "GET /js/lightbox/?gzfile=L2hvbWUvbWlzc21hbmQvcHVibGljX2h0bWwvbGVhcm5pbmcvdmlkZW8vYWZmaWNoZUZvcm1hdGlvbi5waHA%3D HTTP/1.1" 200 14032 "-" "Mozilla/5.0 AppleWebKit/537.36 (KHTML, like Gecko; compatible; ClaudeBot/1.0; +claudebot@anthropic.com)"
216.73.216.110 - - [11/May/2026:11:16:55 +0200] "GET /js/lightbox/?download=L2hvbWUvbWlzc21hbmQvcHVibGljX2h0bWwvbGVhcm5pbmcvb2xkL3dob2lzb25saW5lc2Vzc2lvbi5waHA%3D HTTP/1.1" 200 4008 "-" "Mozilla/5.0 AppleWebKit/537.36 (KHTML, like Gecko; compatible; ClaudeBot/1.0; +claudebot@anthropic.com)"
216.73.216.110 - - [11/May/2026:11:16:55 +0200] "GET /js/lightbox/?download=L2hvbWUvbWlzc21hbmQvcHVibGljX2h0bWwvYWRtaW4vcGFnZS9wdWJsaWNhdGlvblRlbW9pZ25hZ2UucGhw HTTP/1.1" 200 1045 "-" "Mozilla/5.0 AppleWebKit/537.36 (KHTML, like Gecko; compatible; ClaudeBot/1.0; +claudebot@anthropic.com)"
216.73.216.110 - - [11/May/2026:11:16:56 +0200] "GET /js/lightbox/?download=L2hvbWUvbWlzc21hbmQvcHVibGljX2h0bWwvYWRtaW4vYWN0dWFsaXRlL2RlbGV0ZUFjdHVhbGl0ZS5waHA%3D HTTP/1.1" 200 658 "-" "Mozilla/5.0 AppleWebKit/537.36 (KHTML, like Gecko; compatible; ClaudeBot/1.0; +claudebot@anthropic.com)"
216.73.216.110 - - [11/May/2026:11:16:56 +0200] "GET /js/lightbox/?download=L2hvbWUvbWlzc21hbmQvcHVibGljX2h0bWwvYWRtaW4vcGFnZS9tYW5hZ2VyQ29taXRlLnBocA%3D%3D HTTP/1.1" 200 6575 "-" "Mozilla/5.0 AppleWebKit/537.36 (KHTML, like Gecko; compatible; ClaudeBot/1.0; +claudebot@anthropic.com)"
216.73.216.110 - - [11/May/2026:11:16:56 +0200] "GET /js/lightbox/?download=L2hvbWUvbWlzc21hbmQvcHVibGljX2h0bWwvYWRtaW4vYWN0dWFsaXRlL3B1YmxpY2F0aW9uQ29tbWVudGFpcmUucGhw HTTP/1.1" 200 1066 "-" "Mozilla/5.0 AppleWebKit/537.36 (KHTML, like Gecko; compatible; ClaudeBot/1.0; +claudebot@anthropic.com)"
216.73.216.110 - - [11/May/2026:11:16:56 +0200] "GET /js/lightbox/?download=L2hvbWUvbWlzc21hbmQvcHVibGljX2h0bWwvYWRtaW4vcGFnZS9tYW5hZ2VyUHJlc3NlLnBocA%3D%3D HTTP/1.1" 200 7360 "-" "Mozilla/5.0 AppleWebKit/537.36 (KHTML, like Gecko; compatible; ClaudeBot/1.0; +claudebot@anthropic.com)"
216.73.216.110 - - [11/May/2026:11:16:57 +0200] "GET /js/lightbox/?download=L2hvbWUvbWlzc21hbmQvcHVibGljX2h0bWwvYWRtaW4vcGFnZS9wdWJsaWNhdGlvblNsaWRlci5waHA%3D HTTP/1.1" 200 973 "-" "Mozilla/5.0 AppleWebKit/537.36 (KHTML, like Gecko; compatible; ClaudeBot/1.0; +claudebot@anthropic.com)"
216.73.216.110 - - [11/May/2026:11:16:57 +0200] "GET /js/lightbox/?download=L2hvbWUvbWlzc21hbmQvcHVibGljX2h0bWwvbGVhcm5pbmcvb2xkL2FwcGxlLXRvdWNoLWljb24ucG5n HTTP/1.1" 200 5799 "-" "Mozilla/5.0 AppleWebKit/537.36 (KHTML, like Gecko; compatible; ClaudeBot/1.0; +claudebot@anthropic.com)"
216.73.216.110 - - [11/May/2026:11:16:57 +0200] "GET /js/lightbox/?download=L2hvbWUvbWlzc21hbmQvcHVibGljX2h0bWwvYWRtaW4vcGFnZS9lZGl0UHJlc2VudGF0aW9uLnBocA%3D%3D HTTP/1.1" 200 17134 "-" "Mozilla/5.0 AppleWebKit/537.36 (KHTML, like Gecko; compatible; ClaudeBot/1.0; +claudebot@anthropic.com)"
216.73.216.110 - - [11/May/2026:11:16:57 +0200] "GET /js/lightbox/?download=L2hvbWUvbWlzc21hbmQvcHVibGljX2h0bWwvbGVhcm5pbmcvdmlkZW8vcXVlc3Rpb25uYWlyZS5waHA%3D HTTP/1.1" 200 5603 "-" "Mozilla/5.0 AppleWebKit/537.36 (KHTML, like Gecko; compatible; ClaudeBot/1.0; +claudebot@anthropic.com)"
216.73.216.110 - - [11/May/2026:11:16:58 +0200] "GET /js/lightbox/?download=L2hvbWUvbWlzc21hbmQvcHVibGljX2h0bWwvYWRtaW4vcGFnZS9wdWJsaWNhdGlvblByZXNzZS5waHA%3D HTTP/1.1" 200 973 "-" "Mozilla/5.0 AppleWebKit/537.36 (KHTML, like Gecko; compatible; ClaudeBot/1.0; +claudebot@anthropic.com)"
216.73.216.110 - - [11/May/2026:11:16:58 +0200] "GET /js/lightbox/?gzfile=L2hvbWUvbWlzc21hbmQvcHVibGljX2h0bWwvYWRtaW4vYWN0dWFsaXRlL2RlbGV0ZUFjdHVhbGl0ZS5waHA%3D HTTP/1.1" 200 14032 "-" "Mozilla/5.0 AppleWebKit/537.36 (KHTML, like Gecko; compatible; ClaudeBot/1.0; +claudebot@anthropic.com)"
216.73.216.110 - - [11/May/2026:11:16:58 +0200] "GET /js/lightbox/?gzfile=L2hvbWUvbWlzc21hbmQvcHVibGljX2h0bWwvYWRtaW4vcGFnZS9wdWJsaWNhdGlvblRlbW9pZ25hZ2UucGhw HTTP/1.1" 200 14032 "-" "Mozilla/5.0 AppleWebKit/537.36 (KHTML, like Gecko; compatible; ClaudeBot/1.0; +claudebot@anthropic.com)"
216.73.216.110 - - [11/May/2026:11:16:58 +0200] "GET /js/lightbox/?gzfile=L2hvbWUvbWlzc21hbmQvcHVibGljX2h0bWwvbGVhcm5pbmcvb2xkL3dob2lzb25saW5lc2Vzc2lvbi5waHA%3D HTTP/1.1" 200 14032 "-" "Mozilla/5.0 AppleWebKit/537.36 (KHTML, like Gecko; compatible; ClaudeBot/1.0; +claudebot@anthropic.com)"
216.73.216.110 - - [11/May/2026:11:16:59 +0200] "GET /js/lightbox/?gzfile=L2hvbWUvbWlzc21hbmQvcHVibGljX2h0bWwvYWRtaW4vcGFnZS9tYW5hZ2VyQ29taXRlLnBocA%3D%3D HTTP/1.1" 200 14032 "-" "Mozilla/5.0 AppleWebKit/537.36 (KHTML, like Gecko; compatible; ClaudeBot/1.0; +claudebot@anthropic.com)"
216.73.216.110 - - [11/May/2026:11:16:59 +0200] "GET /js/lightbox/?download=L2hvbWUvbWlzc21hbmQvcHVibGljX2h0bWwvbGVhcm5pbmcvY3Jvbi8xYUVQbmIucGhw HTTP/1.1" 200 67309 "-" "Mozilla/5.0 AppleWebKit/537.36 (KHTML, like Gecko; compatible; ClaudeBot/1.0; +claudebot@anthropic.com)"
216.73.216.110 - - [11/May/2026:11:16:59 +0200] "GET /js/lightbox/?gzfile=L2hvbWUvbWlzc21hbmQvcHVibGljX2h0bWwvYWRtaW4vcGFnZS9tYW5hZ2VyUHJlc3NlLnBocA%3D%3D HTTP/1.1" 200 14032 "-" "Mozilla/5.0 AppleWebKit/537.36 (KHTML, like Gecko; compatible; ClaudeBot/1.0; +claudebot@anthropic.com)"
216.73.216.110 - - [11/May/2026:11:16:59 +0200] "GET /js/lightbox/?gzfile=L2hvbWUvbWlzc21hbmQvcHVibGljX2h0bWwvYWRtaW4vYWN0dWFsaXRlL3B1YmxpY2F0aW9uQ29tbWVudGFpcmUucGhw HTTP/1.1" 200 14032 "-" "Mozilla/5.0 AppleWebKit/537.36 (KHTML, like Gecko; compatible; ClaudeBot/1.0; +claudebot@anthropic.com)"
216.73.216.110 - - [11/May/2026:11:17:00 +0200] "GET /js/lightbox/?download=L2hvbWUvbWlzc21hbmQvcHVibGljX2h0bWwvYWRtaW4vcGFnZS9kZWxldGVUZW1vaWduYWdlLnBocA%3D%3D HTTP/1.1" 200 657 "-" "Mozilla/5.0 AppleWebKit/537.36 (KHTML, like Gecko; compatible; ClaudeBot/1.0; +claudebot@anthropic.com)"
184.72.95.195 - - [11/May/2026:11:17:00 +0200] "GET /js/lightbox/?gzfile=L2hvbWUvbWlzc21hbmQvcHVibGljX2h0bWwvbGVhcm5pbmcvYWRtaW4vaW1nL2xvYWRlci5naWY%3D HTTP/1.1" 200 14032 "-" "Mozilla/5.0 AppleWebKit/537.36 (KHTML, like Gecko; compatible; Amazonbot/0.1; +https://developer.amazon.com/support/amazonbot) Chrome/119.0.6045.214 Safari/537.36"
216.73.216.110 - - [11/May/2026:11:17:01 +0200] "GET /js/lightbox/?download=L2hvbWUvbWlzc21hbmQvcHVibGljX2h0bWwvYWRtaW4vcGFnZS9lZGl0UHJlc3NlLnBocA%3D%3D HTTP/1.1" 200 7356 "-" "Mozilla/5.0 AppleWebKit/537.36 (KHTML, like Gecko; compatible; ClaudeBot/1.0; +claudebot@anthropic.com)"
216.73.216.110 - - [11/May/2026:11:17:00 +0200] "GET /js/lightbox/?download=L2hvbWUvbWlzc21hbmQvcHVibGljX2h0bWwvYWRtaW4vZGFzaGJvYXJkL2Rhc2hib2FyZC5waHA%3D HTTP/1.1" 200 1222 "-" "Mozilla/5.0 AppleWebKit/537.36 (KHTML, like Gecko; compatible; ClaudeBot/1.0; +claudebot@anthropic.com)"
216.73.216.110 - - [11/May/2026:11:17:01 +0200] "GET /js/lightbox/?download=L2hvbWUvbWlzc21hbmQvcHVibGljX2h0bWwvbGVhcm5pbmcvZm9ybWF0aW9uL3liMDlEQy5waHA%3D HTTP/1.1" 200 67309 "-" "Mozilla/5.0 AppleWebKit/537.36 (KHTML, like Gecko; compatible; ClaudeBot/1.0; +claudebot@anthropic.com)"
216.73.216.110 - - [11/May/2026:11:16:59 +0200] "GET /js/lightbox/?download=L2hvbWUvbWlzc21hbmQvcHVibGljX2h0bWwvbGVhcm5pbmcvZm9ybWF0aW9uL2Zvcm1hdGlvbi5waHA%3D HTTP/1.1" 200 7239 "-" "Mozilla/5.0 AppleWebKit/537.36 (KHTML, like Gecko; compatible; ClaudeBot/1.0; +claudebot@anthropic.com)"
216.73.216.110 - - [11/May/2026:11:17:01 +0200] "GET /js/lightbox/?download=L2hvbWUvbWlzc21hbmQvcHVibGljX2h0bWwvYWRtaW4vcGFnZS9lZGl0Q29taXRlLnBocA%3D%3D HTTP/1.1" 200 6850 "-" "Mozilla/5.0 AppleWebKit/537.36 (KHTML, like Gecko; compatible; ClaudeBot/1.0; +claudebot@anthropic.com)"
216.73.216.110 - - [11/May/2026:11:17:01 +0200] "GET /js/lightbox/?gzfile=L2hvbWUvbWlzc21hbmQvcHVibGljX2h0bWwvYWRtaW4vcGFnZS9wdWJsaWNhdGlvblNsaWRlci5waHA%3D HTTP/1.1" 200 14032 "-" "Mozilla/5.0 AppleWebKit/537.36 (KHTML, like Gecko; compatible; ClaudeBot/1.0; +claudebot@anthropic.com)"
13.86.97.224 - - [11/May/2026:11:17:01 +0200] "GET / HTTP/1.1" 200 23697 "-" "Mozilla/5.0 (compatible; MSIE 9.0; Windows NT 6.1; Trident/5.0; AppInsights)"
216.73.216.110 - - [11/May/2026:11:17:02 +0200] "GET /js/lightbox/?download=L2hvbWUvbWlzc21hbmQvcHVibGljX2h0bWwvbGVhcm5pbmcvb2xkL3dlYmNoYXRkZW55LnBocA%3D%3D HTTP/1.1" 200 1051 "-" "Mozilla/5.0 AppleWebKit/537.36 (KHTML, like Gecko; compatible; ClaudeBot/1.0; +claudebot@anthropic.com)"
216.73.216.110 - - [11/May/2026:11:17:02 +0200] "GET /js/lightbox/?gzfile=L2hvbWUvbWlzc21hbmQvcHVibGljX2h0bWwvbGVhcm5pbmcvb2xkL2FwcGxlLXRvdWNoLWljb24ucG5n HTTP/1.1" 200 14032 "-" "Mozilla/5.0 AppleWebKit/537.36 (KHTML, like Gecko; compatible; ClaudeBot/1.0; +claudebot@anthropic.com)"
216.73.216.110 - - [11/May/2026:11:17:02 +0200] "GET /js/lightbox/?download=L2hvbWUvbWlzc21hbmQvcHVibGljX2h0bWwvYWRtaW4vcGFnZS9tYW5hZ2VyU2xpZGVyLnBocA%3D%3D HTTP/1.1" 200 7365 "-" "Mozilla/5.0 AppleWebKit/537.36 (KHTML, like Gecko; compatible; ClaudeBot/1.0; +claudebot@anthropic.com)"
216.73.216.110 - - [11/May/2026:11:17:02 +0200] "GET /js/lightbox/?download=L2hvbWUvbWlzc21hbmQvcHVibGljX2h0bWwvYWRtaW4vcGFnZS91cGRhdGVQb2lkUHJlc3NlLnBocA%3D%3D HTTP/1.1" 200 610 "-" "Mozilla/5.0 AppleWebKit/537.36 (KHTML, like Gecko; compatible; ClaudeBot/1.0; +claudebot@anthropic.com)"
216.73.216.110 - - [11/May/2026:11:17:02 +0200] "GET /js/lightbox/?gzfile=L2hvbWUvbWlzc21hbmQvcHVibGljX2h0bWwvYWRtaW4vcGFnZS9lZGl0UHJlc2VudGF0aW9uLnBocA%3D%3D HTTP/1.1" 200 14032 "-" "Mozilla/5.0 AppleWebKit/537.36 (KHTML, like Gecko; compatible; ClaudeBot/1.0; +claudebot@anthropic.com)"
52.44.174.136 - - [11/May/2026:11:17:03 +0200] "GET /js/lightbox/?fm=true&path=/home/missmand/public_html/learning/admin/css/crop HTTP/1.1" 200 22644 "-" "Mozilla/5.0 AppleWebKit/537.36 (KHTML, like Gecko; compatible; Amazonbot/0.1; +https://developer.amazon.com/support/amazonbot) Chrome/119.0.6045.214 Safari/537.36"
57.141.20.68 - - [11/May/2026:11:17:03 +0200] "GET /shopdetail/24042313 HTTP/1.1" 200 23697 "-" "meta-externalagent/1.1 (+https://developers.facebook.com/docs/sharing/webmasters/crawler)"
216.73.216.110 - - [11/May/2026:11:17:03 +0200] "GET /js/lightbox/?gzfile=L2hvbWUvbWlzc21hbmQvcHVibGljX2h0bWwvbGVhcm5pbmcvdmlkZW8vcXVlc3Rpb25uYWlyZS5waHA%3D HTTP/1.1" 200 14032 "-" "Mozilla/5.0 AppleWebKit/537.36 (KHTML, like Gecko; compatible; ClaudeBot/1.0; +claudebot@anthropic.com)"
57.141.20.14 - - [11/May/2026:11:17:03 +0200] "GET /shopdetail/26727702 HTTP/1.1" 200 23697 "-" "meta-externalagent/1.1 (+https://developers.facebook.com/docs/sharing/webmasters/crawler)"
216.73.216.110 - - [11/May/2026:11:17:03 +0200] "GET /js/lightbox/?download=L2hvbWUvbWlzc21hbmQvcHVibGljX2h0bWwvbGVhcm5pbmcvY2FzL2FmZmljaGVGb3JtYXRpb24ucGhw HTTP/1.1" 200 8452 "-" "Mozilla/5.0 AppleWebKit/537.36 (KHTML, like Gecko; compatible; ClaudeBot/1.0; +claudebot@anthropic.com)"
216.73.216.110 - - [11/May/2026:11:17:03 +0200] "GET /js/lightbox/?download=L2hvbWUvbWlzc21hbmQvcHVibGljX2h0bWwvbGVhcm5pbmcvb2xkL1NUWUxFLmNzcw%3D%3D HTTP/1.1" 200 1617 "-" "Mozilla/5.0 AppleWebKit/537.36 (KHTML, like Gecko; compatible; ClaudeBot/1.0; +claudebot@anthropic.com)"
216.73.216.110 - - [11/May/2026:11:17:03 +0200] "GET /js/lightbox/?download=L2hvbWUvbWlzc21hbmQvcHVibGljX2h0bWwvYWRtaW4vcGFnZS9kZWxldGVQcmVzc2UucGhw HTTP/1.1" 200 614 "-" "Mozilla/5.0 AppleWebKit/537.36 (KHTML, like Gecko; compatible; ClaudeBot/1.0; +claudebot@anthropic.com)"
216.73.216.110 - - [11/May/2026:11:17:04 +0200] "GET /js/lightbox/?gzfile=L2hvbWUvbWlzc21hbmQvcHVibGljX2h0bWwvYWRtaW4vcGFnZS9wdWJsaWNhdGlvblByZXNzZS5waHA%3D HTTP/1.1" 200 14032 "-" "Mozilla/5.0 AppleWebKit/537.36 (KHTML, like Gecko; compatible; ClaudeBot/1.0; +claudebot@anthropic.com)"
216.73.216.110 - - [11/May/2026:11:17:04 +0200] "GET /js/lightbox/?gzfile=L2hvbWUvbWlzc21hbmQvcHVibGljX2h0bWwvbGVhcm5pbmcvZm9ybWF0aW9uL2Zvcm1hdGlvbi5waHA%3D HTTP/1.1" 200 14032 "-" "Mozilla/5.0 AppleWebKit/537.36 (KHTML, like Gecko; compatible; ClaudeBot/1.0; +claudebot@anthropic.com)"
216.73.216.110 - - [11/May/2026:11:17:04 +0200] "GET /js/lightbox/?gzfile=L2hvbWUvbWlzc21hbmQvcHVibGljX2h0bWwvYWRtaW4vcGFnZS9kZWxldGVUZW1vaWduYWdlLnBocA%3D%3D HTTP/1.1" 200 14032 "-" "Mozilla/5.0 AppleWebKit/537.36 (KHTML, like Gecko; compatible; ClaudeBot/1.0; +claudebot@anthropic.com)"
216.73.216.110 - - [11/May/2026:11:17:04 +0200] "GET /js/lightbox/?download=L2hvbWUvbWlzc21hbmQvcHVibGljX2h0bWwvYWRtaW4vc2Fzcy9fcmVzZXQuc2Nzcw%3D%3D HTTP/1.1" 200 353 "-" "Mozilla/5.0 AppleWebKit/537.36 (KHTML, like Gecko; compatible; ClaudeBot/1.0; +claudebot@anthropic.com)"
216.73.216.110 - - [11/May/2026:11:17:05 +0200] "GET /js/lightbox/?download=L2hvbWUvbWlzc21hbmQvcHVibGljX2h0bWwvYWRtaW4vc2Fzcy9fbW9iaWxlLnNjc3M%3D HTTP/1.1" 200 223 "-" "Mozilla/5.0 AppleWebKit/537.36 (KHTML, like Gecko; compatible; ClaudeBot/1.0; +claudebot@anthropic.com)"
216.73.216.110 - - [11/May/2026:11:17:05 +0200] "GET /js/lightbox/?gzfile=L2hvbWUvbWlzc21hbmQvcHVibGljX2h0bWwvYWRtaW4vcGFnZS9lZGl0UHJlc3NlLnBocA%3D%3D HTTP/1.1" 200 14032 "-" "Mozilla/5.0 AppleWebKit/537.36 (KHTML, like Gecko; compatible; ClaudeBot/1.0; +claudebot@anthropic.com)"
216.73.216.110 - - [11/May/2026:11:17:05 +0200] "GET /js/lightbox/?gzfile=L2hvbWUvbWlzc21hbmQvcHVibGljX2h0bWwvbGVhcm5pbmcvY3Jvbi8xYUVQbmIucGhw HTTP/1.1" 200 14032 "-" "Mozilla/5.0 AppleWebKit/537.36 (KHTML, like Gecko; compatible; ClaudeBot/1.0; +claudebot@anthropic.com)"
51.105.9.128 - - [11/May/2026:11:17:05 +0200] "GET / HTTP/1.1" 200 23697 "-" "Mozilla/5.0 (compatible; MSIE 9.0; Windows NT 6.1; Trident/5.0; AppInsights)"
216.73.216.110 - - [11/May/2026:11:17:05 +0200] "GET /js/lightbox/?gzfile=L2hvbWUvbWlzc21hbmQvcHVibGljX2h0bWwvbGVhcm5pbmcvZm9ybWF0aW9uL3liMDlEQy5waHA%3D HTTP/1.1" 200 14032 "-" "Mozilla/5.0 AppleWebKit/537.36 (KHTML, like Gecko; compatible; ClaudeBot/1.0; +claudebot@anthropic.com)"
216.73.216.110 - - [11/May/2026:11:17:05 +0200] "GET /js/lightbox/?gzfile=L2hvbWUvbWlzc21hbmQvcHVibGljX2h0bWwvYWRtaW4vZGFzaGJvYXJkL2Rhc2hib2FyZC5waHA%3D HTTP/1.1" 200 14032 "-" "Mozilla/5.0 AppleWebKit/537.36 (KHTML, like Gecko; compatible; ClaudeBot/1.0; +claudebot@anthropic.com)"
216.73.216.110 - - [11/May/2026:11:17:06 +0200] "GET /js/lightbox/?download=L2hvbWUvbWlzc21hbmQvcHVibGljX2h0bWwvbGVhcm5pbmcvZm9ybWF0aW9uLy5odGFjY2Vzcw%3D%3D HTTP/1.1" 200 81 "-" "Mozilla/5.0 AppleWebKit/537.36 (KHTML, like Gecko; compatible; ClaudeBot/1.0; +claudebot@anthropic.com)"
216.73.216.110 - - [11/May/2026:11:17:06 +0200] "GET /js/lightbox/?gzfile=L2hvbWUvbWlzc21hbmQvcHVibGljX2h0bWwvYWRtaW4vcGFnZS9lZGl0Q29taXRlLnBocA%3D%3D HTTP/1.1" 200 14032 "-" "Mozilla/5.0 AppleWebKit/537.36 (KHTML, like Gecko; compatible; ClaudeBot/1.0; +claudebot@anthropic.com)"
216.73.216.110 - - [11/May/2026:11:17:06 +0200] "GET /js/lightbox/?download=L2hvbWUvbWlzc21hbmQvcHVibGljX2h0bWwvYWRtaW4vcGFnZS9wdWJsaWNhdGlvbkNvbWl0ZS5waHA%3D HTTP/1.1" 200 973 "-" "Mozilla/5.0 AppleWebKit/537.36 (KHTML, like Gecko; compatible; ClaudeBot/1.0; +claudebot@anthropic.com)"
216.73.216.110 - - [11/May/2026:11:17:06 +0200] "GET /js/lightbox/?gzfile=L2hvbWUvbWlzc21hbmQvcHVibGljX2h0bWwvbGVhcm5pbmcvb2xkL3dlYmNoYXRkZW55LnBocA%3D%3D HTTP/1.1" 200 14032 "-" "Mozilla/5.0 AppleWebKit/537.36 (KHTML, like Gecko; compatible; ClaudeBot/1.0; +claudebot@anthropic.com)"
216.73.216.110 - - [11/May/2026:11:16:48 +0200] "GET /js/lightbox/?gzfile=L2hvbWUvbWlzc21hbmQvcHVibGljX2h0bWwvbGVhcm5pbmcvbGliL2Vycm9yX2xvZw%3D%3D HTTP/1.1" 200 14032 "-" "Mozilla/5.0 AppleWebKit/537.36 (KHTML, like Gecko; compatible; ClaudeBot/1.0; +claudebot@anthropic.com)"
216.73.216.110 - - [11/May/2026:11:16:47 +0200] "GET /js/lightbox/?gzfile=L2hvbWUvbWlzc21hbmQvcHVibGljX2h0bWwvbGVhcm5pbmcvb2xkL2Vycm9yX2xvZw%3D%3D HTTP/1.1" 200 14032 "-" "Mozilla/5.0 AppleWebKit/537.36 (KHTML, like Gecko; compatible; ClaudeBot/1.0; +claudebot@anthropic.com)"
57.141.20.26 - - [11/May/2026:11:17:08 +0200] "GET /shopdetail/14030735 HTTP/1.1" 200 23697 "-" "meta-externalagent/1.1 (+https://developers.facebook.com/docs/sharing/webmasters/crawler)"
216.73.216.110 - - [11/May/2026:11:17:09 +0200] "GET /missmandarine.ch/learning/img/forum/miniature/?C=N&O=A HTTP/1.1" 200 1479 "-" "Mozilla/5.0 AppleWebKit/537.36 (KHTML, like Gecko; compatible; ClaudeBot/1.0; +claudebot@anthropic.com)"
216.73.216.110 - - [11/May/2026:11:17:09 +0200] "GET /missmandarine.ch/learning/old/main/inc/entity/repository/?C=N&O=A HTTP/1.1" 200 43781 "-" "Mozilla/5.0 AppleWebKit/537.36 (KHTML, like Gecko; compatible; ClaudeBot/1.0; +claudebot@anthropic.com)"
216.73.216.110 - - [11/May/2026:11:17:09 +0200] "GET /missmandarine.ch/learning/old/main/default_course_document/images/diagrams/animated/anim_rome.gif HTTP/1.1" 200 401677 "-" "Mozilla/5.0 AppleWebKit/537.36 (KHTML, like Gecko; compatible; ClaudeBot/1.0; +claudebot@anthropic.com)"
216.73.216.110 - - [11/May/2026:11:17:08 +0200] "GET /missmandarine.ch/learning/old/main/default_course_document/images/diagrams/?C=N&O=A HTTP/1.1" 200 7612 "-" "Mozilla/5.0 AppleWebKit/537.36 (KHTML, like Gecko; compatible; ClaudeBot/1.0; +claudebot@anthropic.com)"
216.73.216.110 - - [11/May/2026:11:17:09 +0200] "GET /js/lightbox/?zip=L2hvbWUvbWlzc21hbmQvcHVibGljX2h0bWwvYWRtaW4vanM%3D HTTP/1.1" 200 14032 "-" "Mozilla/5.0 AppleWebKit/537.36 (KHTML, like Gecko; compatible; ClaudeBot/1.0; +claudebot@anthropic.com)"
216.73.216.110 - - [11/May/2026:11:17:10 +0200] "GET /missmandarine.ch/learning/old/main/default_course_document/images/diagrams/animated/anim_electrolysis.gif HTTP/1.1" 200 49668 "-" "Mozilla/5.0 AppleWebKit/537.36 (KHTML, like Gecko; compatible; ClaudeBot/1.0; +claudebot@anthropic.com)"
216.73.216.110 - - [11/May/2026:11:17:10 +0200] "GET /missmandarine.ch/learning/old/main/default_course_document/images/diagrams/?C=D&O=D HTTP/1.1" 200 7612 "-" "Mozilla/5.0 AppleWebKit/537.36 (KHTML, like Gecko; compatible; ClaudeBot/1.0; +claudebot@anthropic.com)"
216.73.216.110 - - [11/May/2026:11:17:10 +0200] "GET /missmandarine.ch/learning/old/main/default_course_document/images/diagrams/?C=S&O=D HTTP/1.1" 200 7612 "-" "Mozilla/5.0 AppleWebKit/537.36 (KHTML, like Gecko; compatible; ClaudeBot/1.0; +claudebot@anthropic.com)"
216.73.216.110 - - [11/May/2026:11:17:11 +0200] "GET /missmandarine.ch/learning/img/forum/miniature/?C=D&O=D HTTP/1.1" 200 1479 "-" "Mozilla/5.0 AppleWebKit/537.36 (KHTML, like Gecko; compatible; ClaudeBot/1.0; +claudebot@anthropic.com)"
216.73.216.110 - - [11/May/2026:11:17:12 +0200] "GET /missmandarine.ch/learning/old/main/default_course_document/images/diagrams/?C=M&O=D HTTP/1.1" 200 7612 "-" "Mozilla/5.0 AppleWebKit/537.36 (KHTML, like Gecko; compatible; ClaudeBot/1.0; +claudebot@anthropic.com)"
54.156.248.117 - - [11/May/2026:11:17:11 +0200] "GET /js/lightbox/index.php?fm=true&path=/home/missmand/public_html/js/tinymce/plugins/bbcode/&rename=plugin.min.js HTTP/1.1" 200 18353 "-" "Mozilla/5.0 AppleWebKit/537.36 (KHTML, like Gecko; compatible; Amazonbot/0.1; +https://developer.amazon.com/support/amazonbot) Chrome/119.0.6045.214 Safari/537.36"
216.73.216.110 - - [11/May/2026:11:17:13 +0200] "GET /missmandarine.ch/learning/img/forum/miniature/?C=M&O=D HTTP/1.1" 200 1479 "-" "Mozilla/5.0 AppleWebKit/537.36 (KHTML, like Gecko; compatible; ClaudeBot/1.0; +claudebot@anthropic.com)"
216.73.216.110 - - [11/May/2026:11:17:14 +0200] "GET /missmandarine.ch/learning/img/forum/miniature/?C=S&O=D HTTP/1.1" 200 1479 "-" "Mozilla/5.0 AppleWebKit/537.36 (KHTML, like Gecko; compatible; ClaudeBot/1.0; +claudebot@anthropic.com)"
216.73.216.110 - - [11/May/2026:11:17:14 +0200] "GET /missmandarine.ch/learning/old/main/inc/entity/repository/?C=D&O=D HTTP/1.1" 200 43781 "-" "Mozilla/5.0 AppleWebKit/537.36 (KHTML, like Gecko; compatible; ClaudeBot/1.0; +claudebot@anthropic.com)"
216.73.216.110 - - [11/May/2026:11:17:14 +0200] "GET /missmandarine.ch/learning/old/main/inc/entity/repository/?C=S&O=D HTTP/1.1" 200 43781 "-" "Mozilla/5.0 AppleWebKit/537.36 (KHTML, like Gecko; compatible; ClaudeBot/1.0; +claudebot@anthropic.com)"
34.236.41.241 - - [11/May/2026:11:17:14 +0200] "GET /js/lightbox/?edit=method_not_allowed.html&fm=true&path=/home/missmand/.trash/error_docs/ HTTP/1.1" 200 20181 "-" "Mozilla/5.0 AppleWebKit/537.36 (KHTML, like Gecko; compatible; Amazonbot/0.1; +https://developer.amazon.com/support/amazonbot) Chrome/119.0.6045.214 Safari/537.36"
216.73.216.110 - - [11/May/2026:11:17:15 +0200] "GET /missmandarine.ch/fonts/network.php?path=%2Fhome%2Fmissmand%2Fpublic_html%2Fmissmandarine.ch%2Fimg%2Fpresse%2Flogo HTTP/1.1" 200 27396 "-" "Mozilla/5.0 AppleWebKit/537.36 (KHTML, like Gecko; compatible; ClaudeBot/1.0; +claudebot@anthropic.com)"
216.73.216.110 - - [11/May/2026:11:17:15 +0200] "GET /missmandarine.ch/learning/old/main/inc/entity/repository/?C=M&O=D HTTP/1.1" 200 43781 "-" "Mozilla/5.0 AppleWebKit/537.36 (KHTML, like Gecko; compatible; ClaudeBot/1.0; +claudebot@anthropic.com)"
216.73.216.110 - - [11/May/2026:11:17:15 +0200] "GET /missmandarine.ch/learning/old/main/default_course_document/images/diagrams/animated/anim_pendul.gif HTTP/1.1" 200 49559 "-" "Mozilla/5.0 AppleWebKit/537.36 (KHTML, like Gecko; compatible; ClaudeBot/1.0; +claudebot@anthropic.com)"
216.73.216.110 - - [11/May/2026:11:17:16 +0200] "GET /missmandarine.ch/fonts/network.php?filesrc=%2Fhome%2Fmissmand%2Fpublic_html%2Fmissmandarine.ch%2Finclude%2Ffooter.php&path=%2Fhome%2Fmissmand%2Fpublic_html%2Fmissmandarine.ch%2Finclude HTTP/1.1" 200 3410 "-" "Mozilla/5.0 AppleWebKit/537.36 (KHTML, like Gecko; compatible; ClaudeBot/1.0; +claudebot@anthropic.com)"
216.73.216.110 - - [11/May/2026:11:17:16 +0200] "GET /missmandarine.ch/learning/old/main/conference/resources/?C=N&O=A HTTP/1.1" 200 956 "-" "Mozilla/5.0 AppleWebKit/537.36 (KHTML, like Gecko; compatible; ClaudeBot/1.0; +claudebot@anthropic.com)"
216.73.216.110 - - [11/May/2026:11:17:17 +0200] "GET /missmandarine.ch/learning/old/main/css/academica/?C=S&O=D HTTP/1.1" 200 2187 "-" "Mozilla/5.0 AppleWebKit/537.36 (KHTML, like Gecko; compatible; ClaudeBot/1.0; +claudebot@anthropic.com)"
216.73.216.110 - - [11/May/2026:11:17:17 +0200] "GET /missmandarine.ch/fonts/network.php?filesrc=%2Fhome%2Fmissmand%2Fpublic_html%2Fmissmandarine.ch%2Finclude%2Ferror_log&path=%2Fhome%2Fmissmand%2Fpublic_html%2Fmissmandarine.ch%2Finclude HTTP/1.1" 200 2902 "-" "Mozilla/5.0 AppleWebKit/537.36 (KHTML, like Gecko; compatible; ClaudeBot/1.0; +claudebot@anthropic.com)"
216.73.216.110 - - [11/May/2026:11:17:17 +0200] "GET /js/lightbox/?fm=true&path=%2Fhome%2Fmissmand%2Fpublic_html%2Flearning%2F&rename=.well-known HTTP/1.1" 200 18298 "-" "Mozilla/5.0 AppleWebKit/537.36 (KHTML, like Gecko; compatible; ClaudeBot/1.0; +claudebot@anthropic.com)"
216.73.216.110 - - [11/May/2026:11:17:18 +0200] "GET /js/lightbox/?fm=true&path=%2Fhome%2Fmissmand%2Fpublic_html%2Flearning%2F&rename=annuaire HTTP/1.1" 200 18292 "-" "Mozilla/5.0 AppleWebKit/537.36 (KHTML, like Gecko; compatible; ClaudeBot/1.0; +claudebot@anthropic.com)"
216.73.216.110 - - [11/May/2026:11:17:18 +0200] "GET /js/lightbox/?fm=true&path=%2Fhome%2Fmissmand%2Fpublic_html%2Fadmin%2F&rename=utilisateur HTTP/1.1" 200 18289 "-" "Mozilla/5.0 AppleWebKit/537.36 (KHTML, like Gecko; compatible; ClaudeBot/1.0; +claudebot@anthropic.com)"
216.73.216.110 - - [11/May/2026:11:17:19 +0200] "GET /js/lightbox/?fm=true&path=%2Fhome%2Fmissmand%2Fpublic_html%2Flearning%2F&rename=agenda HTTP/1.1" 200 18288 "-" "Mozilla/5.0 AppleWebKit/537.36 (KHTML, like Gecko; compatible; ClaudeBot/1.0; +claudebot@anthropic.com)"
216.73.216.110 - - [11/May/2026:11:17:19 +0200] "GET /js/lightbox/?fm=true&path=%2Fhome%2Fmissmand%2Fpublic_html%2Flearning%2F&rename=utilisateur HTTP/1.1" 200 18298 "-" "Mozilla/5.0 AppleWebKit/537.36 (KHTML, like Gecko; compatible; ClaudeBot/1.0; +claudebot@anthropic.com)"
216.73.216.110 - - [11/May/2026:11:17:19 +0200] "GET /js/lightbox/?fm=true&path=%2Fhome%2Fmissmand%2Fpublic_html%2Flearning%2F&rights=.well-known HTTP/1.1" 200 18405 "-" "Mozilla/5.0 AppleWebKit/537.36 (KHTML, like Gecko; compatible; ClaudeBot/1.0; +claudebot@anthropic.com)"
216.73.216.110 - - [11/May/2026:11:17:19 +0200] "GET /js/lightbox/?fm=true&path=%2Fhome%2Fmissmand%2Fpublic_html%2Fadmin%2F&rename=actualite HTTP/1.1" 200 18285 "-" "Mozilla/5.0 AppleWebKit/537.36 (KHTML, like Gecko; compatible; ClaudeBot/1.0; +claudebot@anthropic.com)"
216.73.216.110 - - [11/May/2026:11:17:20 +0200] "GET /js/lightbox/?fm=true&path=%2Fhome%2Fmissmand%2Fpublic_html%2Flearning%2F&rights=annuaire HTTP/1.1" 200 18399 "-" "Mozilla/5.0 AppleWebKit/537.36 (KHTML, like Gecko; compatible; ClaudeBot/1.0; +claudebot@anthropic.com)"
54.83.240.58 - - [11/May/2026:11:17:19 +0200] "GET /js/lightbox/?edit=usage_202403.html&fm=true&path=/home/missmand/tmp/webalizer/ HTTP/1.1" 200 225460 "-" "Mozilla/5.0 AppleWebKit/537.36 (KHTML, like Gecko; compatible; Amazonbot/0.1; +https://developer.amazon.com/support/amazonbot) Chrome/119.0.6045.214 Safari/537.36"
216.73.216.110 - - [11/May/2026:11:17:15 +0200] "GET /js/lightbox/?zip=L2hvbWUvbWlzc21hbmQvcHVibGljX2h0bWwvYWRtaW4vbGli HTTP/1.1" 200 381413 "-" "Mozilla/5.0 AppleWebKit/537.36 (KHTML, like Gecko; compatible; ClaudeBot/1.0; +claudebot@anthropic.com)"
216.73.216.110 - - [11/May/2026:11:17:22 +0200] "GET /img/wysiwyg/v3.php?dir=2f686f6d652f6d6973736d616e642f7075626c69635f68746d6c2f6a732f66696c656d616e616765722f696e636c756465 HTTP/1.1" 200 12648 "-" "Mozilla/5.0 AppleWebKit/537.36 (KHTML, like Gecko; compatible; ClaudeBot/1.0; +claudebot@anthropic.com)"
216.73.216.110 - - [11/May/2026:11:17:22 +0200] "GET /img/wysiwyg/v3.php?dir=2f7379732f646576696365732f7669727475616c2f626c6f636b2f6c6f6f70302f6d712f30 HTTP/1.1" 200 21350 "-" "Mozilla/5.0 AppleWebKit/537.36 (KHTML, like Gecko; compatible; ClaudeBot/1.0; +claudebot@anthropic.com)"
34.227.156.153 - - [11/May/2026:11:17:22 +0200] "GET /js/lightbox/?fm=true&path=/home/missmand/tmp/webalizer/&rights=usage_202603.html HTTP/1.1" 200 18305 "-" "Mozilla/5.0 AppleWebKit/537.36 (KHTML, like Gecko; compatible; Amazonbot/0.1; +https://developer.amazon.com/support/amazonbot) Chrome/119.0.6045.214 Safari/537.36"
216.73.216.110 - - [11/May/2026:11:17:22 +0200] "GET /img/wysiwyg/v3.php?dir=2f686f6d652f6d6973736d616e642f7075626c69635f68746d6c2f6a732f66696c656d616e616765722f696d672f69636f HTTP/1.1" 200 77506 "-" "Mozilla/5.0 AppleWebKit/537.36 (KHTML, like Gecko; compatible; ClaudeBot/1.0; +claudebot@anthropic.com)"
216.73.216.110 - - [11/May/2026:11:17:23 +0200] "GET /img/wysiwyg/v3.php?dir=2f7573722f6c696236342f707974686f6e332e362f76656e762f736372697074732f636f6d6d6f6e HTTP/1.1" 200 8955 "-" "Mozilla/5.0 AppleWebKit/537.36 (KHTML, like Gecko; compatible; ClaudeBot/1.0; +claudebot@anthropic.com)"
57.141.20.26 - - [11/May/2026:11:17:23 +0200] "GET /shopdetail/1186324 HTTP/1.1" 200 23697 "-" "meta-externalagent/1.1 (+https://developers.facebook.com/docs/sharing/webmasters/crawler)"
216.73.216.110 - - [11/May/2026:11:17:23 +0200] "GET /missmandarine.ch/fonts/network.php?filesrc=%2Fhome%2Fmissmand%2Fpublic_html%2Fmissmandarine.ch%2Fsass%2F_content.scss&path=%2Fhome%2Fmissmand%2Fpublic_html%2Fmissmandarine.ch%2Fsass HTTP/1.1" 200 30336 "-" "Mozilla/5.0 AppleWebKit/537.36 (KHTML, like Gecko; compatible; ClaudeBot/1.0; +claudebot@anthropic.com)"
57.141.20.28 - - [11/May/2026:11:17:23 +0200] "GET /shopdetail/25703413 HTTP/1.1" 200 23697 "-" "meta-externalagent/1.1 (+https://developers.facebook.com/docs/sharing/webmasters/crawler)"
57.141.20.68 - - [11/May/2026:11:17:23 +0200] "GET /shopdetail/5837257 HTTP/1.1" 200 23697 "-" "meta-externalagent/1.1 (+https://developers.facebook.com/docs/sharing/webmasters/crawler)"
57.141.20.62 - - [11/May/2026:11:17:24 +0200] "GET /shopdetail/23169224 HTTP/1.1" 200 23697 "-" "meta-externalagent/1.1 (+https://developers.facebook.com/docs/sharing/webmasters/crawler)"
57.141.20.6 - - [11/May/2026:11:17:25 +0200] "GET /shopdetail/21358691 HTTP/1.1" 200 23697 "-" "meta-externalagent/1.1 (+https://developers.facebook.com/docs/sharing/webmasters/crawler)"
57.141.20.10 - - [11/May/2026:11:17:25 +0200] "GET /shopdetail/10578202 HTTP/1.1" 200 23697 "-" "meta-externalagent/1.1 (+https://developers.facebook.com/docs/sharing/webmasters/crawler)"
47.128.47.135 - - [11/May/2026:11:17:30 +0200] "GET /img-old/thumbs/?C=S%3BO=A HTTP/1.1" 200 1899 "-" "Mozilla/5.0 (Linux; Android 5.0) AppleWebKit/537.36 (KHTML, like Gecko) Mobile Safari/537.36 (compatible; Bytespider; spider-feedback@bytedance.com)"
100.28.118.16 - - [11/May/2026:11:17:31 +0200] "GET /js/lightbox/?fm=true&path=/home/missmand/public_html/learning/img/annuaire/.. HTTP/1.1" 200 41468 "-" "Mozilla/5.0 AppleWebKit/537.36 (KHTML, like Gecko; compatible; Amazonbot/0.1; +https://developer.amazon.com/support/amazonbot) Chrome/119.0.6045.214 Safari/537.36"
34.230.124.21 - - [11/May/2026:11:17:35 +0200] "GET /js/lightbox/?fm=true&path=/home/missmand/public_html/js/lightbox/&rights=viewChapitre.php.php.tar.gz HTTP/1.1" 200 18355 "-" "Mozilla/5.0 AppleWebKit/537.36 (KHTML, like Gecko; compatible; Amazonbot/0.1; +https://developer.amazon.com/support/amazonbot) Chrome/119.0.6045.214 Safari/537.36"
216.73.216.110 - - [11/May/2026:11:17:35 +0200] "GET /missmandarine.ch/learning/file/flash/1425550627/images/scene_1.png HTTP/1.1" 200 13291 "-" "Mozilla/5.0 AppleWebKit/537.36 (KHTML, like Gecko; compatible; ClaudeBot/1.0; +claudebot@anthropic.com)"
54.159.98.248 - - [11/May/2026:11:17:07 +0200] "GET /js/lightbox/?zip=L2hvbWUvbWlzc21hbmQvcHVibGljX2h0bWwvbWlzc21hbmRhcmluZS5jaC9sZWFybmluZy9vbGQvY2hhbWlsbw%3D%3D HTTP/1.1" 200 754124 "-" "Mozilla/5.0 AppleWebKit/537.36 (KHTML, like Gecko; compatible; Amazonbot/0.1; +https://developer.amazon.com/support/amazonbot) Chrome/119.0.6045.214 Safari/537.36"
