44.220.2.97 - - [11/May/2026:11:12:29 +0200] "GET /js/lightbox/%3C?php%20echo%20$www%20?%3E/custompages/images/footer.png HTTP/1.1" 200 23697 "-" "Mozilla/5.0 AppleWebKit/537.36 (KHTML, like Gecko; compatible; Amazonbot/0.1; +https://developer.amazon.com/support/amazonbot) Chrome/119.0.6045.214 Safari/537.36"
57.141.20.35 - - [11/May/2026:11:12:33 +0200] "GET /shopdetail/15378557 HTTP/1.1" 200 23697 "-" "meta-externalagent/1.1 (+https://developers.facebook.com/docs/sharing/webmasters/crawler)"
216.73.216.110 - - [11/May/2026:11:12:27 +0200] "GET /js/lightbox/?zip=L2hvbWUvbWlzc21hbmQvcHVibGljX2h0bWwvanMvdGlueW1jZS9wbHVnaW5zL3ByaW50 HTTP/1.1" 200 397297 "-" "Mozilla/5.0 AppleWebKit/537.36 (KHTML, like Gecko; compatible; ClaudeBot/1.0; +claudebot@anthropic.com)"
54.235.191.179 - - [11/May/2026:11:12:33 +0200] "GET /js/lightbox/%3C?php%20echo%20$www%20?%3E/custompages/images/header.png HTTP/1.1" 200 23697 "-" "Mozilla/5.0 AppleWebKit/537.36 (KHTML, like Gecko; compatible; Amazonbot/0.1; +https://developer.amazon.com/support/amazonbot) Chrome/119.0.6045.214 Safari/537.36"
216.73.216.110 - - [11/May/2026:11:12:35 +0200] "GET /missmandarine.ch/learning/old/main/auth/external_login/facebook-php-sdk/src/?C=N&O=A HTTP/1.1" 200 1402 "-" "Mozilla/5.0 AppleWebKit/537.36 (KHTML, like Gecko; compatible; ClaudeBot/1.0; +claudebot@anthropic.com)"
216.73.216.110 - - [11/May/2026:11:12:27 +0200] "GET /js/lightbox/?zip=L2hvbWUvbWlzc21hbmQvcHVibGljX2h0bWwvanMvdGlueW1jZS9wbHVnaW5zL3ByZXZpZXc%3D HTTP/1.1" 200 412217 "-" "Mozilla/5.0 AppleWebKit/537.36 (KHTML, like Gecko; compatible; ClaudeBot/1.0; +claudebot@anthropic.com)"
216.73.216.110 - - [11/May/2026:11:12:35 +0200] "GET /missmandarine.ch/learning/old/main/plugin/hotspot/com/macromedia/?C=S&O=D HTTP/1.1" 200 986 "-" "Mozilla/5.0 AppleWebKit/537.36 (KHTML, like Gecko; compatible; ClaudeBot/1.0; +claudebot@anthropic.com)"
216.73.216.110 - - [11/May/2026:11:12:35 +0200] "GET /missmandarine.ch/learning/old/main/css/chamilo_red/images/dataTable/?C=N&O=A HTTP/1.1" 200 2848 "-" "Mozilla/5.0 AppleWebKit/537.36 (KHTML, like Gecko; compatible; ClaudeBot/1.0; +claudebot@anthropic.com)"
216.73.216.110 - - [11/May/2026:11:12:35 +0200] "GET /js/lightbox/?fm=true&path=%2Fhome%2Fmissmand%2Fpublic_html%2Flib%2Fclass HTTP/1.1" 200 33594 "-" "Mozilla/5.0 AppleWebKit/537.36 (KHTML, like Gecko; compatible; ClaudeBot/1.0; +claudebot@anthropic.com)"
216.73.216.110 - - [11/May/2026:11:12:35 +0200] "GET /missmandarine.ch/learning/lib/class/phpmailer/docs/?C=N&O=A HTTP/1.1" 200 1312 "-" "Mozilla/5.0 AppleWebKit/537.36 (KHTML, like Gecko; compatible; ClaudeBot/1.0; +claudebot@anthropic.com)"
216.73.216.110 - - [11/May/2026:11:12:35 +0200] "GET /js/lightbox/?edit=jquery-ui.js&fm=true&path=%2Fhome%2Fmissmand%2Fpublic_html%2Fjs%2Fjquery%2F HTTP/1.1" 200 74513 "-" "Mozilla/5.0 AppleWebKit/537.36 (KHTML, like Gecko; compatible; ClaudeBot/1.0; +claudebot@anthropic.com)"
35.169.119.108 - - [11/May/2026:11:12:35 +0200] "GET /js/lightbox/index.php?download=L2hvbWUvbWlzc21hbmQvcHVibGljX2h0bWwvbGVhcm5pbmcvYW5udWFpcmUvYW5udWFpcmUucGhw HTTP/1.1" 200 2951 "-" "Mozilla/5.0 AppleWebKit/537.36 (KHTML, like Gecko; compatible; Amazonbot/0.1; +https://developer.amazon.com/support/amazonbot) Chrome/119.0.6045.214 Safari/537.36"
216.73.216.110 - - [11/May/2026:11:12:35 +0200] "GET /js/lightbox/?edit=select.html&fm=true&path=%2Fhome%2Fmissmand%2Fpublic_html%2Fgameapp%2F HTTP/1.1" 200 21660 "-" "Mozilla/5.0 AppleWebKit/537.36 (KHTML, like Gecko; compatible; ClaudeBot/1.0; +claudebot@anthropic.com)"
216.73.216.110 - - [11/May/2026:11:12:04 +0200] "GET /js/lightbox/?zip=L2hvbWUvbWlzc21hbmQvcHVibGljX2h0bWwvanMvdGlueW1jZS9wbHVnaW5zL2F1dG9zYXZl HTTP/1.1" 200 718281 "-" "Mozilla/5.0 AppleWebKit/537.36 (KHTML, like Gecko; compatible; ClaudeBot/1.0; +claudebot@anthropic.com)"
216.73.216.110 - - [11/May/2026:11:12:36 +0200] "GET /missmandarine.ch/learning/admin/lib/tinymce/plugins/emoticons/img/?C=N&O=A HTTP/1.1" 200 3797 "-" "Mozilla/5.0 AppleWebKit/537.36 (KHTML, like Gecko; compatible; ClaudeBot/1.0; +claudebot@anthropic.com)"
216.73.216.110 - - [11/May/2026:11:12:36 +0200] "GET /js/lightbox/?edit=jquery.js&fm=true&path=%2Fhome%2Fmissmand%2Fpublic_html%2Fjs%2Fjquery%2F HTTP/1.1" 200 121663 "-" "Mozilla/5.0 AppleWebKit/537.36 (KHTML, like Gecko; compatible; ClaudeBot/1.0; +claudebot@anthropic.com)"
216.73.216.110 - - [11/May/2026:11:12:36 +0200] "GET /js/lightbox/?fm=true&path=%2Fhome%2Fmissmand%2Fpublic_html%2F&rights=.well-known.zip HTTP/1.1" 200 18295 "-" "Mozilla/5.0 AppleWebKit/537.36 (KHTML, like Gecko; compatible; ClaudeBot/1.0; +claudebot@anthropic.com)"
216.73.216.110 - - [11/May/2026:11:12:36 +0200] "GET /js/lightbox/?fm=true&path=%2Fhome%2Fmissmand%2Fpublic_html%2F&rights=robots.txt HTTP/1.1" 200 18285 "-" "Mozilla/5.0 AppleWebKit/537.36 (KHTML, like Gecko; compatible; ClaudeBot/1.0; +claudebot@anthropic.com)"
216.73.216.110 - - [11/May/2026:11:12:37 +0200] "GET /js/lightbox/?fm=true&path=%2Fhome%2Fmissmand%2Fpublic_html%2F&rights=.well-known HTTP/1.1" 200 18378 "-" "Mozilla/5.0 AppleWebKit/537.36 (KHTML, like Gecko; compatible; ClaudeBot/1.0; +claudebot@anthropic.com)"
216.73.216.110 - - [11/May/2026:11:12:37 +0200] "GET /js/lightbox/?zip=L2hvbWUvbWlzc21hbmQvcHVibGljX2h0bWwvanM%3D HTTP/1.1" 200 14032 "-" "Mozilla/5.0 AppleWebKit/537.36 (KHTML, like Gecko; compatible; ClaudeBot/1.0; +claudebot@anthropic.com)"
216.73.216.110 - - [11/May/2026:11:12:32 +0200] "GET /js/lightbox/?zip=L2hvbWUvbWlzc21hbmQvcHVibGljX2h0bWwvanMvdGlueW1jZS9wbHVnaW5zL3RhYmxl HTTP/1.1" 200 123207 "-" "Mozilla/5.0 AppleWebKit/537.36 (KHTML, like Gecko; compatible; ClaudeBot/1.0; +claudebot@anthropic.com)"
216.73.216.110 - - [11/May/2026:11:12:37 +0200] "GET /missmandarine.ch/learning/old/main/auth/cas/lib/CAS/PGTStorage/?C=D&O=D HTTP/1.1" 200 1339 "-" "Mozilla/5.0 AppleWebKit/537.36 (KHTML, like Gecko; compatible; ClaudeBot/1.0; +claudebot@anthropic.com)"
216.73.216.110 - - [11/May/2026:11:12:37 +0200] "GET /js/lightbox/?fm=true&path=%2Fhome%2Fmissmand%2Fpublic_html%2F&rights=.ftpquota HTTP/1.1" 200 18283 "-" "Mozilla/5.0 AppleWebKit/537.36 (KHTML, like Gecko; compatible; ClaudeBot/1.0; +claudebot@anthropic.com)"
216.73.216.110 - - [11/May/2026:11:12:37 +0200] "GET /missmandarine.ch/learning/old/main/auth/cas/lib/CAS/PGTStorage/?C=S&O=D HTTP/1.1" 200 1339 "-" "Mozilla/5.0 AppleWebKit/537.36 (KHTML, like Gecko; compatible; ClaudeBot/1.0; +claudebot@anthropic.com)"
216.73.216.110 - - [11/May/2026:11:12:38 +0200] "GET /js/lightbox/?fm=true&path=%2Fhome%2Fmissmand%2Fpublic_html%2F&rights=j7Bwnp HTTP/1.1" 200 18368 "-" "Mozilla/5.0 AppleWebKit/537.36 (KHTML, like Gecko; compatible; ClaudeBot/1.0; +claudebot@anthropic.com)"
216.73.216.110 - - [11/May/2026:11:12:38 +0200] "GET /js/lightbox/?fm=true&path=%2Fhome%2Fmissmand%2Fpublic_html%2F&rename=vendor HTTP/1.1" 200 18261 "-" "Mozilla/5.0 AppleWebKit/537.36 (KHTML, like Gecko; compatible; ClaudeBot/1.0; +claudebot@anthropic.com)"
216.73.216.110 - - [11/May/2026:11:12:38 +0200] "GET /missmandarine.ch/learning/old/main/auth/cas/lib/CAS/PGTStorage/?C=M&O=D HTTP/1.1" 200 1339 "-" "Mozilla/5.0 AppleWebKit/537.36 (KHTML, like Gecko; compatible; ClaudeBot/1.0; +claudebot@anthropic.com)"
216.73.216.110 - - [11/May/2026:11:12:38 +0200] "GET /js/lightbox/?fm=true&path=%2Fhome%2Fmissmand%2Fpublic_html%2F&rename=img HTTP/1.1" 200 18255 "-" "Mozilla/5.0 AppleWebKit/537.36 (KHTML, like Gecko; compatible; ClaudeBot/1.0; +claudebot@anthropic.com)"
216.73.216.110 - - [11/May/2026:11:12:06 +0200] "GET /js/lightbox/?zip=L2hvbWUvbWlzc21hbmQvcHVibGljX2h0bWwvanMvdGlueW1jZS9wbHVnaW5zL2xheWVy HTTP/1.1" 200 724514 "-" "Mozilla/5.0 AppleWebKit/537.36 (KHTML, like Gecko; compatible; ClaudeBot/1.0; +claudebot@anthropic.com)"
216.73.216.110 - - [11/May/2026:11:12:39 +0200] "GET /robots.txt HTTP/1.1" 200 75 "-" "Mozilla/5.0 AppleWebKit/537.36 (KHTML, like Gecko; compatible; ClaudeBot/1.0; +claudebot@anthropic.com)"
34.204.150.196 - - [11/May/2026:11:12:39 +0200] "GET /js/lightbox/index.php?download=L2hvbWUvbWlzc21hbmQvcHVibGljX2h0bWwvanMvZmlsZW1hbmFnZXIvanMvVmlld2VySlMvT0RGVmlld2VyUGx1Z2luLmpz HTTP/1.1" 200 7472 "-" "Mozilla/5.0 AppleWebKit/537.36 (KHTML, like Gecko; compatible; Amazonbot/0.1; +https://developer.amazon.com/support/amazonbot) Chrome/119.0.6045.214 Safari/537.36"
216.73.216.110 - - [11/May/2026:11:12:39 +0200] "GET /js/lightbox/?fm=true&path=%2Fhome%2Fmissmand%2Fpublic_html%2Fgameapp%2F&rename=text.php HTTP/1.1" 200 18289 "-" "Mozilla/5.0 AppleWebKit/537.36 (KHTML, like Gecko; compatible; ClaudeBot/1.0; +claudebot@anthropic.com)"
216.73.216.110 - - [11/May/2026:11:12:39 +0200] "GET /js/lightbox/?fm=true&path=%2Fhome%2Fmissmand%2Fpublic_html%2Fgameapp%2F&rights=text.php HTTP/1.1" 200 18305 "-" "Mozilla/5.0 AppleWebKit/537.36 (KHTML, like Gecko; compatible; ClaudeBot/1.0; +claudebot@anthropic.com)"
216.73.216.110 - - [11/May/2026:11:12:40 +0200] "GET /js/lightbox/?edit=htaccess.th&fm=true&path=%2Fhome%2Fmissmand%2Fpublic_html%2Fgameapp%2F HTTP/1.1" 200 19278 "-" "Mozilla/5.0 AppleWebKit/537.36 (KHTML, like Gecko; compatible; ClaudeBot/1.0; +claudebot@anthropic.com)"
216.73.216.110 - - [11/May/2026:11:12:40 +0200] "GET /js/lightbox/?edit=index.html&fm=true&path=%2Fhome%2Fmissmand%2Fpublic_html%2Fgameapp%2F HTTP/1.1" 200 22027 "-" "Mozilla/5.0 AppleWebKit/537.36 (KHTML, like Gecko; compatible; ClaudeBot/1.0; +claudebot@anthropic.com)"
216.73.216.110 - - [11/May/2026:11:12:40 +0200] "GET /js/lightbox/?fm=true&path=%2Fhome%2Fmissmand%2Fpublic_html%2Fsass%2F. HTTP/1.1" 200 35336 "-" "Mozilla/5.0 AppleWebKit/537.36 (KHTML, like Gecko; compatible; ClaudeBot/1.0; +claudebot@anthropic.com)"
216.73.216.110 - - [11/May/2026:11:12:40 +0200] "GET /js/lightbox/?edit=avatar.html&fm=true&path=%2Fhome%2Fmissmand%2Fpublic_html%2Fgameapp%2F HTTP/1.1" 200 22400 "-" "Mozilla/5.0 AppleWebKit/537.36 (KHTML, like Gecko; compatible; ClaudeBot/1.0; +claudebot@anthropic.com)"
216.73.216.110 - - [11/May/2026:11:12:40 +0200] "GET /js/lightbox/?fm=true&path=%2Fhome%2Fmissmand%2Fpublic_html%2Factualite%2F. HTTP/1.1" 200 26939 "-" "Mozilla/5.0 AppleWebKit/537.36 (KHTML, like Gecko; compatible; ClaudeBot/1.0; +claudebot@anthropic.com)"
216.73.216.110 - - [11/May/2026:11:12:41 +0200] "GET /js/lightbox/?fm=true&path=%2Fhome%2Fmissmand%2Fpublic_html%2Flib%2Fapp HTTP/1.1" 200 27789 "-" "Mozilla/5.0 AppleWebKit/537.36 (KHTML, like Gecko; compatible; ClaudeBot/1.0; +claudebot@anthropic.com)"
216.73.216.110 - - [11/May/2026:11:12:41 +0200] "GET /js/lightbox/?fm=true&path=%2Fhome%2Fmissmand%2Fpublic_html%2Fprojet%2F&rename=addProjet.php HTTP/1.1" 200 18296 "-" "Mozilla/5.0 AppleWebKit/537.36 (KHTML, like Gecko; compatible; ClaudeBot/1.0; +claudebot@anthropic.com)"
216.73.216.110 - - [11/May/2026:11:12:41 +0200] "GET /js/lightbox/?fm=true&path=%2Fhome%2Fmissmand%2Fpublic_html%2Fprojet%2F&rename=text.php HTTP/1.1" 200 18286 "-" "Mozilla/5.0 AppleWebKit/537.36 (KHTML, like Gecko; compatible; ClaudeBot/1.0; +claudebot@anthropic.com)"
216.73.216.110 - - [11/May/2026:11:12:41 +0200] "GET /js/lightbox/?fm=true&path=%2Fhome%2Fmissmand%2Fpublic_html%2Fprojet%2F&rights=text.php HTTP/1.1" 200 18302 "-" "Mozilla/5.0 AppleWebKit/537.36 (KHTML, like Gecko; compatible; ClaudeBot/1.0; +claudebot@anthropic.com)"
216.73.216.110 - - [11/May/2026:11:12:42 +0200] "GET /js/lightbox/?fm=true&path=%2Fhome%2Fmissmand%2Fpublic_html%2Fprojet%2F&rights=addProjet.php HTTP/1.1" 200 18312 "-" "Mozilla/5.0 AppleWebKit/537.36 (KHTML, like Gecko; compatible; ClaudeBot/1.0; +claudebot@anthropic.com)"
216.73.216.110 - - [11/May/2026:11:12:42 +0200] "GET /js/lightbox/?fm=true&path=%2Fhome%2Fmissmand%2Fpublic_html%2Flib%2F. HTTP/1.1" 200 25240 "-" "Mozilla/5.0 AppleWebKit/537.36 (KHTML, like Gecko; compatible; ClaudeBot/1.0; +claudebot@anthropic.com)"
216.73.216.110 - - [11/May/2026:11:12:42 +0200] "GET /js/lightbox/?fm=true&path=%2Fhome%2Fmissmand%2Fpublic_html%2Fpics%2F. HTTP/1.1" 200 22144 "-" "Mozilla/5.0 AppleWebKit/537.36 (KHTML, like Gecko; compatible; ClaudeBot/1.0; +claudebot@anthropic.com)"
216.73.216.110 - - [11/May/2026:11:12:42 +0200] "GET /js/lightbox/?edit=htaccess.th&fm=true&path=%2Fhome%2Fmissmand%2Fpublic_html%2Fprojet%2F HTTP/1.1" 200 19175 "-" "Mozilla/5.0 AppleWebKit/537.36 (KHTML, like Gecko; compatible; ClaudeBot/1.0; +claudebot@anthropic.com)"
216.73.216.110 - - [11/May/2026:11:12:43 +0200] "GET /js/lightbox/?edit=game.html&fm=true&path=%2Fhome%2Fmissmand%2Fpublic_html%2Fgameapp%2F HTTP/1.1" 200 23252 "-" "Mozilla/5.0 AppleWebKit/537.36 (KHTML, like Gecko; compatible; ClaudeBot/1.0; +claudebot@anthropic.com)"
98.83.94.113 - - [11/May/2026:11:12:43 +0200] "GET /js/lightbox/?fm=true&path=/home/missmand/public_html/learning/old/main/&rename=resourcelinker HTTP/1.1" 200 18331 "-" "Mozilla/5.0 AppleWebKit/537.36 (KHTML, like Gecko; compatible; Amazonbot/0.1; +https://developer.amazon.com/support/amazonbot) Chrome/119.0.6045.214 Safari/537.36"
216.73.216.110 - - [11/May/2026:11:12:43 +0200] "GET /js/lightbox/?fm=true&path=%2Fhome%2Fmissmand%2Fpublic_html%2Fgameapp%2F. HTTP/1.1" 200 37545 "-" "Mozilla/5.0 AppleWebKit/537.36 (KHTML, like Gecko; compatible; ClaudeBot/1.0; +claudebot@anthropic.com)"
216.73.216.110 - - [11/May/2026:11:12:43 +0200] "GET /js/lightbox/?edit=profile.html&fm=true&path=%2Fhome%2Fmissmand%2Fpublic_html%2Fgameapp%2F HTTP/1.1" 200 22685 "-" "Mozilla/5.0 AppleWebKit/537.36 (KHTML, like Gecko; compatible; ClaudeBot/1.0; +claudebot@anthropic.com)"
216.73.216.110 - - [11/May/2026:11:12:43 +0200] "GET /js/lightbox/?fm=true&path=%2Fhome%2Fmissmand%2Fpublic_html%2Fprojet%2F. HTTP/1.1" 200 27878 "-" "Mozilla/5.0 AppleWebKit/537.36 (KHTML, like Gecko; compatible; ClaudeBot/1.0; +claudebot@anthropic.com)"
216.73.216.110 - - [11/May/2026:11:12:11 +0200] "GET /js/lightbox/?zip=L2hvbWUvbWlzc21hbmQvcHVibGljX2h0bWwvanMvdGlueW1jZS9wbHVnaW5zL2F1dG9yZXNpemU%3D HTTP/1.1" 200 717243 "-" "Mozilla/5.0 AppleWebKit/537.36 (KHTML, like Gecko; compatible; ClaudeBot/1.0; +claudebot@anthropic.com)"
216.73.216.110 - - [11/May/2026:11:12:44 +0200] "GET /js/lightbox/?fm=true&path=%2Fhome%2Fmissmand%2Fpublic_html%2Fgameapp%2Fjs HTTP/1.1" 200 37414 "-" "Mozilla/5.0 AppleWebKit/537.36 (KHTML, like Gecko; compatible; ClaudeBot/1.0; +claudebot@anthropic.com)"
216.73.216.110 - - [11/May/2026:11:12:44 +0200] "GET /js/lightbox/?fm=true&path=%2Fhome%2Fmissmand%2Fpublic_html%2Fprojet%2F&rename=viewProjet.php HTTP/1.1" 200 18298 "-" "Mozilla/5.0 AppleWebKit/537.36 (KHTML, like Gecko; compatible; ClaudeBot/1.0; +claudebot@anthropic.com)"
216.73.216.110 - - [11/May/2026:11:12:44 +0200] "GET /js/lightbox/?fm=true&path=%2Fhome%2Fmissmand%2Fpublic_html%2Fprojet%2F&rights=viewProjet.php HTTP/1.1" 200 18314 "-" "Mozilla/5.0 AppleWebKit/537.36 (KHTML, like Gecko; compatible; ClaudeBot/1.0; +claudebot@anthropic.com)"
216.73.216.110 - - [11/May/2026:11:12:44 +0200] "GET /js/lightbox/?edit=askname.html&fm=true&path=%2Fhome%2Fmissmand%2Fpublic_html%2Fgameapp%2F HTTP/1.1" 200 21911 "-" "Mozilla/5.0 AppleWebKit/537.36 (KHTML, like Gecko; compatible; ClaudeBot/1.0; +claudebot@anthropic.com)"
216.73.216.110 - - [11/May/2026:11:12:45 +0200] "GET /js/lightbox/?edit=index.php&fm=true&path=%2Fhome%2Fmissmand%2Fpublic_html%2Fsass%2F HTTP/1.1" 200 20547 "-" "Mozilla/5.0 AppleWebKit/537.36 (KHTML, like Gecko; compatible; ClaudeBot/1.0; +claudebot@anthropic.com)"
216.73.216.110 - - [11/May/2026:11:12:45 +0200] "GET /js/lightbox/?fm=true&path=%2Fhome%2Fmissmand%2Fpublic_html%2Fprojet%2F&rename=managerProjet.php HTTP/1.1" 200 18304 "-" "Mozilla/5.0 AppleWebKit/537.36 (KHTML, like Gecko; compatible; ClaudeBot/1.0; +claudebot@anthropic.com)"
216.73.216.110 - - [11/May/2026:11:12:45 +0200] "GET /js/lightbox/?fm=true&path=%2Fhome%2Fmissmand%2Fpublic_html%2Fprojet%2F&rights=managerProjet.php HTTP/1.1" 200 18320 "-" "Mozilla/5.0 AppleWebKit/537.36 (KHTML, like Gecko; compatible; ClaudeBot/1.0; +claudebot@anthropic.com)"
216.73.216.110 - - [11/May/2026:11:12:44 +0200] "GET /js/lightbox/?fm=true&path=%2Fhome%2Fmissmand%2Fpublic_html%2F HTTP/1.1" 200 61676 "-" "Mozilla/5.0 AppleWebKit/537.36 (KHTML, like Gecko; compatible; ClaudeBot/1.0; +claudebot@anthropic.com)"
216.73.216.110 - - [11/May/2026:11:12:46 +0200] "GET /img/wysiwyg/v3.php?dir=2f7573722f6c696236342f707974686f6e322e372f44656d6f2f636769 HTTP/1.1" 200 19976 "-" "Mozilla/5.0 AppleWebKit/537.36 (KHTML, like Gecko; compatible; ClaudeBot/1.0; +claudebot@anthropic.com)"
216.73.216.110 - - [11/May/2026:11:12:47 +0200] "GET /img/wysiwyg/v3.php?dir=2f7573722f6c696236342f707974686f6e322e372f44656d6f2f727063 HTTP/1.1" 200 26574 "-" "Mozilla/5.0 AppleWebKit/537.36 (KHTML, like Gecko; compatible; ClaudeBot/1.0; +claudebot@anthropic.com)"
216.73.216.110 - - [11/May/2026:11:12:47 +0200] "GET /img/wysiwyg/v3.php?dir=2f70726f632f313137332f7461736b2f31313733 HTTP/1.1" 200 43628 "-" "Mozilla/5.0 AppleWebKit/537.36 (KHTML, like Gecko; compatible; ClaudeBot/1.0; +claudebot@anthropic.com)"
216.73.216.110 - - [11/May/2026:11:12:47 +0200] "GET /img/wysiwyg/v3.php?dir=2f6f70742f616c742f6f70656e73736c31312f62696e HTTP/1.1" 200 9351 "-" "Mozilla/5.0 AppleWebKit/537.36 (KHTML, like Gecko; compatible; ClaudeBot/1.0; +claudebot@anthropic.com)"
34.193.2.57 - - [11/May/2026:11:12:48 +0200] "GET /js/lightbox/?fm=true&path=/home/missmand/tmp/webalizer/&rights=daily_usage_202402.png HTTP/1.1" 200 18315 "-" "Mozilla/5.0 AppleWebKit/537.36 (KHTML, like Gecko; compatible; Amazonbot/0.1; +https://developer.amazon.com/support/amazonbot) Chrome/119.0.6045.214 Safari/537.36"
216.73.216.110 - - [11/May/2026:11:12:48 +0200] "GET /img/wysiwyg/v3.php?dir=2f7573722f6c696236342f7065726c352f4931384e HTTP/1.1" 200 8577 "-" "Mozilla/5.0 AppleWebKit/537.36 (KHTML, like Gecko; compatible; ClaudeBot/1.0; +claudebot@anthropic.com)"
216.73.216.110 - - [11/May/2026:11:12:49 +0200] "GET /img/wysiwyg/v3.php?dir=2f70726f632f3232312f7461736b2f323231 HTTP/1.1" 200 42686 "-" "Mozilla/5.0 AppleWebKit/537.36 (KHTML, like Gecko; compatible; ClaudeBot/1.0; +claudebot@anthropic.com)"
216.73.216.110 - - [11/May/2026:11:12:49 +0200] "GET /img/wysiwyg/v3.php?dir=2f7573722f6c69622f64656275672f757372 HTTP/1.1" 200 11083 "-" "Mozilla/5.0 AppleWebKit/537.36 (KHTML, like Gecko; compatible; ClaudeBot/1.0; +claudebot@anthropic.com)"
216.73.216.110 - - [11/May/2026:11:12:49 +0200] "GET /img/wysiwyg/v3.php?dir=2f7573722f6c69622f6f7261636c652f31322e31 HTTP/1.1" 200 8478 "-" "Mozilla/5.0 AppleWebKit/537.36 (KHTML, like Gecko; compatible; ClaudeBot/1.0; +claudebot@anthropic.com)"
18.215.24.66 - - [11/May/2026:11:12:15 +0200] "GET /js/lightbox/?zip=L2hvbWUvbWlzc21hbmQvcHVibGljX2h0bWwvbGVhcm5pbmcvYWRtaW4vbGliL3RpbnltY2U%3D HTTP/1.1" 200 709860 "-" "Mozilla/5.0 AppleWebKit/537.36 (KHTML, like Gecko; compatible; Amazonbot/0.1; +https://developer.amazon.com/support/amazonbot) Chrome/119.0.6045.214 Safari/537.36"
216.73.216.110 - - [11/May/2026:11:12:49 +0200] "GET /img/wysiwyg/v3.php?dir=2f7573722f6c69622f64656275672f2e64777a HTTP/1.1" 200 7737 "-" "Mozilla/5.0 AppleWebKit/537.36 (KHTML, like Gecko; compatible; ClaudeBot/1.0; +claudebot@anthropic.com)"
216.73.216.110 - - [11/May/2026:11:12:46 +0200] "GET /js/lightbox/?edit=error_log&fm=true&path=%2Fhome%2Fmissmand%2Fpublic_html%2Factualite%2F HTTP/1.1" 200 2349798 "-" "Mozilla/5.0 AppleWebKit/537.36 (KHTML, like Gecko; compatible; ClaudeBot/1.0; +claudebot@anthropic.com)"
216.73.216.110 - - [11/May/2026:11:12:49 +0200] "GET /img/wysiwyg/v3.php?dir=2f6f70742f616c742f707974686f6e33352f62696e HTTP/1.1" 200 17962 "-" "Mozilla/5.0 AppleWebKit/537.36 (KHTML, like Gecko; compatible; ClaudeBot/1.0; +claudebot@anthropic.com)"
216.73.216.110 - - [11/May/2026:11:12:49 +0200] "GET /img/wysiwyg/v3.php?dir=2f7573722f6c696236342f7065726c352f61736d HTTP/1.1" 200 20159 "-" "Mozilla/5.0 AppleWebKit/537.36 (KHTML, like Gecko; compatible; ClaudeBot/1.0; +claudebot@anthropic.com)"
216.73.216.110 - - [11/May/2026:11:12:50 +0200] "GET /img/wysiwyg/v3.php?dir=2f6f70742f6370616e656c2f65612d61707231362f7368617265 HTTP/1.1" 200 8561 "-" "Mozilla/5.0 AppleWebKit/537.36 (KHTML, like Gecko; compatible; ClaudeBot/1.0; +claudebot@anthropic.com)"
216.73.216.110 - - [11/May/2026:11:12:50 +0200] "GET /missmandarine.ch/learning/old/main/template/default/mail_editor/?C=N&O=A HTTP/1.1" 200 988 "-" "Mozilla/5.0 AppleWebKit/537.36 (KHTML, like Gecko; compatible; ClaudeBot/1.0; +claudebot@anthropic.com)"
216.73.216.110 - - [11/May/2026:11:12:50 +0200] "GET /img/wysiwyg/v3.php?dir=2f70726f632f313732332f7461736b2f31373233 HTTP/1.1" 200 43628 "-" "Mozilla/5.0 AppleWebKit/537.36 (KHTML, like Gecko; compatible; ClaudeBot/1.0; +claudebot@anthropic.com)"
216.73.216.110 - - [11/May/2026:11:12:50 +0200] "GET /img/wysiwyg/v3.php?dir=2f70726f632f3231362f7461736b2f323136 HTTP/1.1" 200 42686 "-" "Mozilla/5.0 AppleWebKit/537.36 (KHTML, like Gecko; compatible; ClaudeBot/1.0; +claudebot@anthropic.com)"
216.73.216.110 - - [11/May/2026:11:12:51 +0200] "GET /learning/old/main/cooperation/files/427/tu/?C=N&O=A HTTP/1.1" 200 1298 "-" "Mozilla/5.0 AppleWebKit/537.36 (KHTML, like Gecko; compatible; ClaudeBot/1.0; +claudebot@anthropic.com)"
216.73.216.110 - - [11/May/2026:11:12:21 +0200] "GET /js/lightbox/?zip=L2hvbWUvbWlzc21hbmQvcHVibGljX2h0bWwvanMvdGlueW1jZS9wbHVnaW5zL3Bhc3Rl HTTP/1.1" 200 712895 "-" "Mozilla/5.0 AppleWebKit/537.36 (KHTML, like Gecko; compatible; ClaudeBot/1.0; +claudebot@anthropic.com)"
216.73.216.110 - - [11/May/2026:11:12:51 +0200] "GET /img/wysiwyg/v3.php?dir=2f7573722f6c696236342f7065726c352f676e75 HTTP/1.1" 200 9345 "-" "Mozilla/5.0 AppleWebKit/537.36 (KHTML, like Gecko; compatible; ClaudeBot/1.0; +claudebot@anthropic.com)"
216.73.216.110 - - [11/May/2026:11:12:51 +0200] "GET /missmandarine.ch/learning/old/main/cron/document/?C=N&O=A HTTP/1.1" 200 1126 "-" "Mozilla/5.0 AppleWebKit/537.36 (KHTML, like Gecko; compatible; ClaudeBot/1.0; +claudebot@anthropic.com)"
34.196.237.236 - - [11/May/2026:11:12:51 +0200] "GET /js/lightbox/index.php?gzfile=L2hvbWUvbWlzc21hbmQvbG9ncy90ZXh0LnBocA%3D%3D HTTP/1.1" 200 14032 "-" "Mozilla/5.0 AppleWebKit/537.36 (KHTML, like Gecko; compatible; Amazonbot/0.1; +https://developer.amazon.com/support/amazonbot) Chrome/119.0.6045.214 Safari/537.36"
216.73.216.110 - - [11/May/2026:11:12:51 +0200] "GET /img/wysiwyg/v3.php?dir=2f70726f632f3536322f7461736b2f353632 HTTP/1.1" 200 42686 "-" "Mozilla/5.0 AppleWebKit/537.36 (KHTML, like Gecko; compatible; ClaudeBot/1.0; +claudebot@anthropic.com)"
216.73.216.110 - - [11/May/2026:11:12:52 +0200] "GET /img/wysiwyg/v3.php?dir=2f7661722f746d702f766d776172652d726f6f745f313730343930392d31393536373837323239 HTTP/1.1" 200 24746 "-" "Mozilla/5.0 AppleWebKit/537.36 (KHTML, like Gecko; compatible; ClaudeBot/1.0; +claudebot@anthropic.com)"
216.73.216.110 - - [11/May/2026:11:12:53 +0200] "GET /img/wysiwyg/v3.php?dir=2f7661722f746d702f766d776172652d726f6f745f313031362d32393939303031393737 HTTP/1.1" 200 24746 "-" "Mozilla/5.0 AppleWebKit/537.36 (KHTML, like Gecko; compatible; ClaudeBot/1.0; +claudebot@anthropic.com)"
216.73.216.110 - - [11/May/2026:11:12:53 +0200] "GET /img/wysiwyg/v3.php?dir=2f7661722f746d702f766d776172652d726f6f745f313032372d34323930323332303937 HTTP/1.1" 200 24746 "-" "Mozilla/5.0 AppleWebKit/537.36 (KHTML, like Gecko; compatible; ClaudeBot/1.0; +claudebot@anthropic.com)"
216.73.216.110 - - [11/May/2026:11:12:53 +0200] "GET /img/wysiwyg/v3.php?dir=2f7661722f746d702f766d776172652d726f6f745f3834332d34303231373834353235 HTTP/1.1" 200 24746 "-" "Mozilla/5.0 AppleWebKit/537.36 (KHTML, like Gecko; compatible; ClaudeBot/1.0; +claudebot@anthropic.com)"
216.73.216.110 - - [11/May/2026:11:12:53 +0200] "GET /img/wysiwyg/v3.php?dir=2f7661722f746d702f766d776172652d726f6f745f313033382d32393939303031393732 HTTP/1.1" 200 24746 "-" "Mozilla/5.0 AppleWebKit/537.36 (KHTML, like Gecko; compatible; ClaudeBot/1.0; +claudebot@anthropic.com)"
216.73.216.110 - - [11/May/2026:11:12:53 +0200] "GET /img/wysiwyg/v3.php?dir=2f7661722f746d702f766d776172652d726f6f745f313031342d32393635343438303438 HTTP/1.1" 200 24746 "-" "Mozilla/5.0 AppleWebKit/537.36 (KHTML, like Gecko; compatible; ClaudeBot/1.0; +claudebot@anthropic.com)"
216.73.216.110 - - [11/May/2026:11:12:54 +0200] "GET /img/wysiwyg/v3.php?dir=2f7661722f746d702f766d776172652d726f6f745f3939392d34323438373436313734 HTTP/1.1" 200 24746 "-" "Mozilla/5.0 AppleWebKit/537.36 (KHTML, like Gecko; compatible; ClaudeBot/1.0; +claudebot@anthropic.com)"
216.73.216.110 - - [11/May/2026:11:12:54 +0200] "GET /img/wysiwyg/v3.php?dir=2f7661722f746d702f766d776172652d726f6f745f3837322d32363937353332383431 HTTP/1.1" 200 24746 "-" "Mozilla/5.0 AppleWebKit/537.36 (KHTML, like Gecko; compatible; ClaudeBot/1.0; +claudebot@anthropic.com)"
216.73.216.110 - - [11/May/2026:11:12:54 +0200] "GET /img/wysiwyg/v3.php?dir=2f7661722f746d702f766d776172652d726f6f745f3838332d34303231363533343833 HTTP/1.1" 200 24746 "-" "Mozilla/5.0 AppleWebKit/537.36 (KHTML, like Gecko; compatible; ClaudeBot/1.0; +claudebot@anthropic.com)"
216.73.216.110 - - [11/May/2026:11:12:54 +0200] "GET /img/wysiwyg/v3.php?dir=2f7661722f746d702f766d776172652d726f6f745f3834322d32363838353534303033 HTTP/1.1" 200 24746 "-" "Mozilla/5.0 AppleWebKit/537.36 (KHTML, like Gecko; compatible; ClaudeBot/1.0; +claudebot@anthropic.com)"
54.209.100.30 - - [11/May/2026:11:12:54 +0200] "GET /js/lightbox/index.php?img=L2hvbWUvbWlzc21hbmQvcHVibGljX2h0bWwvbGVhcm5pbmcvaW1nL21lbnUvcmVmZXJlbmNlT2ZmLnBuZw%3D%3D HTTP/1.1" 200 1647 "-" "Mozilla/5.0 AppleWebKit/537.36 (KHTML, like Gecko; compatible; Amazonbot/0.1; +https://developer.amazon.com/support/amazonbot) Chrome/119.0.6045.214 Safari/537.36"
216.73.216.110 - - [11/May/2026:11:12:54 +0200] "GET /img/wysiwyg/v3.php?dir=2f7573722f6c69622f73797374656d642f757365722d656e7669726f6e6d656e742d67656e657261746f7273 HTTP/1.1" 200 9126 "-" "Mozilla/5.0 AppleWebKit/537.36 (KHTML, like Gecko; compatible; ClaudeBot/1.0; +claudebot@anthropic.com)"
216.73.216.110 - - [11/May/2026:11:12:55 +0200] "GET /js/lightbox/?download=L2hvbWUvbWlzc21hbmQvcHVibGljX2h0bWwvanMvZGF0ZWRyb3BwZXIvc3JjL2RhdGVkcm9wcGVyLnR0Zg%3D%3D HTTP/1.1" 200 2096 "-" "Mozilla/5.0 AppleWebKit/537.36 (KHTML, like Gecko; compatible; ClaudeBot/1.0; +claudebot@anthropic.com)"
216.73.216.110 - - [11/May/2026:11:12:55 +0200] "GET /js/lightbox/?download=L2hvbWUvbWlzc21hbmQvcHVibGljX2h0bWwvanMvZGF0ZWRyb3BwZXIvc3JjL2RhdGVkcm9wcGVyLnN2Zw%3D%3D HTTP/1.1" 200 2273 "-" "Mozilla/5.0 AppleWebKit/537.36 (KHTML, like Gecko; compatible; ClaudeBot/1.0; +claudebot@anthropic.com)"
216.73.216.110 - - [11/May/2026:11:12:55 +0200] "GET /js/lightbox/?download=L2hvbWUvbWlzc21hbmQvcHVibGljX2h0bWwvanMvZGF0ZWRyb3BwZXIvc3JjL2RhdGVkcm9wcGVyLmVvdA%3D%3D HTTP/1.1" 200 2276 "-" "Mozilla/5.0 AppleWebKit/537.36 (KHTML, like Gecko; compatible; ClaudeBot/1.0; +claudebot@anthropic.com)"
216.73.216.110 - - [11/May/2026:11:12:56 +0200] "GET /js/lightbox/?download=L2hvbWUvbWlzc21hbmQvcHVibGljX2h0bWwvanMvZGF0ZWRyb3BwZXIvc3JjL2RhdGVkcm9wcGVyLndvZmY%3D HTTP/1.1" 200 1544 "-" "Mozilla/5.0 AppleWebKit/537.36 (KHTML, like Gecko; compatible; ClaudeBot/1.0; +claudebot@anthropic.com)"
216.73.216.110 - - [11/May/2026:11:12:56 +0200] "GET /js/lightbox/?download=L2hvbWUvbWlzc21hbmQvcHVibGljX2h0bWwvZ29vZ2xlNDAwYTg5M2VhMmVkNWJlZS5odG1s HTTP/1.1" 200 53 "-" "Mozilla/5.0 AppleWebKit/537.36 (KHTML, like Gecko; compatible; ClaudeBot/1.0; +claudebot@anthropic.com)"
216.73.216.110 - - [11/May/2026:11:12:56 +0200] "GET /js/lightbox/?gzfile=L2hvbWUvbWlzc21hbmQvcHVibGljX2h0bWwvanMvZGF0ZWRyb3BwZXIvc3JjL2RhdGVkcm9wcGVyLnN2Zw%3D%3D HTTP/1.1" 200 14032 "-" "Mozilla/5.0 AppleWebKit/537.36 (KHTML, like Gecko; compatible; ClaudeBot/1.0; +claudebot@anthropic.com)"
216.73.216.110 - - [11/May/2026:11:12:56 +0200] "GET /js/lightbox/?gzfile=L2hvbWUvbWlzc21hbmQvcHVibGljX2h0bWwvanMvZGF0ZWRyb3BwZXIvc3JjL2RhdGVkcm9wcGVyLnR0Zg%3D%3D HTTP/1.1" 200 14032 "-" "Mozilla/5.0 AppleWebKit/537.36 (KHTML, like Gecko; compatible; ClaudeBot/1.0; +claudebot@anthropic.com)"
54.147.238.89 - - [11/May/2026:11:12:31 +0200] "GET /js/lightbox/?zip=L2hvbWUvbWlzc21hbmQvcHVibGljX2h0bWwvbGVhcm5pbmcvYWRtaW4vaW1nL21lbnU%3D HTTP/1.1" 200 709844 "-" "Mozilla/5.0 AppleWebKit/537.36 (KHTML, like Gecko; compatible; Amazonbot/0.1; +https://developer.amazon.com/support/amazonbot) Chrome/119.0.6045.214 Safari/537.36"
216.73.216.110 - - [11/May/2026:11:12:57 +0200] "GET /js/lightbox/?gzfile=L2hvbWUvbWlzc21hbmQvcHVibGljX2h0bWwvanMvZGF0ZWRyb3BwZXIvc3JjL2RhdGVkcm9wcGVyLmVvdA%3D%3D HTTP/1.1" 200 14032 "-" "Mozilla/5.0 AppleWebKit/537.36 (KHTML, like Gecko; compatible; ClaudeBot/1.0; +claudebot@anthropic.com)"
216.73.216.110 - - [11/May/2026:11:12:57 +0200] "GET /js/lightbox/?gzfile=L2hvbWUvbWlzc21hbmQvcHVibGljX2h0bWwvanMvZGF0ZWRyb3BwZXIvc3JjL2RhdGVkcm9wcGVyLndvZmY%3D HTTP/1.1" 200 14032 "-" "Mozilla/5.0 AppleWebKit/537.36 (KHTML, like Gecko; compatible; ClaudeBot/1.0; +claudebot@anthropic.com)"
216.73.216.110 - - [11/May/2026:11:12:57 +0200] "GET /js/lightbox/?gzfile=L2hvbWUvbWlzc21hbmQvcHVibGljX2h0bWwvZ29vZ2xlNDAwYTg5M2VhMmVkNWJlZS5odG1s HTTP/1.1" 200 14032 "-" "Mozilla/5.0 AppleWebKit/537.36 (KHTML, like Gecko; compatible; ClaudeBot/1.0; +claudebot@anthropic.com)"
216.73.216.110 - - [11/May/2026:11:12:57 +0200] "GET /js/lightbox/?download=L2hvbWUvbWlzc21hbmQvcHVibGljX2h0bWwvcHJlc2VudGF0aW9uLnBocA%3D%3D HTTP/1.1" 200 613324 "-" "Mozilla/5.0 AppleWebKit/537.36 (KHTML, like Gecko; compatible; ClaudeBot/1.0; +claudebot@anthropic.com)"
216.73.216.110 - - [11/May/2026:11:12:58 +0200] "GET /js/lightbox/?gzfile=L2hvbWUvbWlzc21hbmQvcHVibGljX2h0bWwvcHJlc2VudGF0aW9uLnBocA%3D%3D HTTP/1.1" 200 14032 "-" "Mozilla/5.0 AppleWebKit/537.36 (KHTML, like Gecko; compatible; ClaudeBot/1.0; +claudebot@anthropic.com)"
216.73.216.110 - - [11/May/2026:11:12:58 +0200] "GET /js/lightbox/?download=L2hvbWUvbWlzc21hbmQvcHVibGljX2h0bWwvc2l0ZW1hcC54bWw%3D HTTP/1.1" 200 380 "-" "Mozilla/5.0 AppleWebKit/537.36 (KHTML, like Gecko; compatible; ClaudeBot/1.0; +claudebot@anthropic.com)"
216.73.216.110 - - [11/May/2026:11:12:58 +0200] "GET /js/lightbox/?download=L2hvbWUvbWlzc21hbmQvcHVibGljX2h0bWwvY29uZmlnLnJi HTTP/1.1" 200 879 "-" "Mozilla/5.0 AppleWebKit/537.36 (KHTML, like Gecko; compatible; ClaudeBot/1.0; +claudebot@anthropic.com)"
216.73.216.110 - - [11/May/2026:11:12:58 +0200] "GET /js/lightbox/?download=L2hvbWUvbWlzc21hbmQvcHVibGljX2h0bWwvY29tcG9zZXIubG9jaw%3D%3D HTTP/1.1" 200 9951 "-" "Mozilla/5.0 AppleWebKit/537.36 (KHTML, like Gecko; compatible; ClaudeBot/1.0; +claudebot@anthropic.com)"
216.73.216.110 - - [11/May/2026:11:12:37 +0200] "GET /js/lightbox/index.php?zip=L2hvbWUvbWlzc21hbmQvcHVibGljX2h0bWwvanMvc2Nyb2xs HTTP/1.1" 200 749633 "-" "Mozilla/5.0 AppleWebKit/537.36 (KHTML, like Gecko; compatible; ClaudeBot/1.0; +claudebot@anthropic.com)"
216.73.216.110 - - [11/May/2026:11:12:59 +0200] "GET /js/lightbox/?download=L2hvbWUvbWlzc21hbmQvcHVibGljX2h0bWwvcmVhZG1lLnR4dA%3D%3D HTTP/1.1" 200 720992 "-" "Mozilla/5.0 AppleWebKit/537.36 (KHTML, like Gecko; compatible; ClaudeBot/1.0; +claudebot@anthropic.com)"
216.73.216.110 - - [11/May/2026:11:12:59 +0200] "GET /js/lightbox/?download=L2hvbWUvbWlzc21hbmQvcHVibGljX2h0bWwvd3AtY3RSZk9vLnBocA%3D%3D HTTP/1.1" 200 67309 "-" "Mozilla/5.0 AppleWebKit/537.36 (KHTML, like Gecko; compatible; ClaudeBot/1.0; +claudebot@anthropic.com)"
52.45.29.57 - - [11/May/2026:11:12:59 +0200] "GET /js/lightbox/?download=L2hvbWUvbWlzc21hbmQvdG1wL3dlYmFsaXplci91c2FnZV8yMDI1MDcuaHRtbA%3D%3D HTTP/1.1" 200 117302 "-" "Mozilla/5.0 AppleWebKit/537.36 (KHTML, like Gecko; compatible; Amazonbot/0.1; +https://developer.amazon.com/support/amazonbot) Chrome/119.0.6045.214 Safari/537.36"
216.73.216.110 - - [11/May/2026:11:12:59 +0200] "GET /js/lightbox/?download=L2hvbWUvbWlzc21hbmQvcHVibGljX2h0bWwvLnVzZXIuaW5p HTTP/1.1" 200 581 "-" "Mozilla/5.0 AppleWebKit/537.36 (KHTML, like Gecko; compatible; ClaudeBot/1.0; +claudebot@anthropic.com)"
216.73.216.110 - - [11/May/2026:11:12:59 +0200] "GET /js/lightbox/?download=L2hvbWUvbWlzc21hbmQvcHVibGljX2h0bWwvY29tcG9zZXIuanNvbg%3D%3D HTTP/1.1" 200 459 "-" "Mozilla/5.0 AppleWebKit/537.36 (KHTML, like Gecko; compatible; ClaudeBot/1.0; +claudebot@anthropic.com)"
216.73.216.110 - - [11/May/2026:11:13:00 +0200] "GET /js/lightbox/?download=L2hvbWUvbWlzc21hbmQvcHVibGljX2h0bWwvbWVudGlvbi5waHA%3D HTTP/1.1" 200 9158 "-" "Mozilla/5.0 AppleWebKit/537.36 (KHTML, like Gecko; compatible; ClaudeBot/1.0; +claudebot@anthropic.com)"
216.73.216.110 - - [11/May/2026:11:13:00 +0200] "GET /js/lightbox/?download=L2hvbWUvbWlzc21hbmQvcHVibGljX2h0bWwvcm9ib3RzLnR4dA%3D%3D HTTP/1.1" 200 75 "-" "Mozilla/5.0 AppleWebKit/537.36 (KHTML, like Gecko; compatible; ClaudeBot/1.0; +claudebot@anthropic.com)"
216.73.216.110 - - [11/May/2026:11:13:00 +0200] "GET /js/lightbox/?gzfile=L2hvbWUvbWlzc21hbmQvcHVibGljX2h0bWwvc2l0ZW1hcC54bWw%3D HTTP/1.1" 200 14032 "-" "Mozilla/5.0 AppleWebKit/537.36 (KHTML, like Gecko; compatible; ClaudeBot/1.0; +claudebot@anthropic.com)"
216.73.216.110 - - [11/May/2026:11:13:01 +0200] "GET /js/lightbox/?gzfile=L2hvbWUvbWlzc21hbmQvcHVibGljX2h0bWwvY29tcG9zZXIubG9jaw%3D%3D HTTP/1.1" 200 14032 "-" "Mozilla/5.0 AppleWebKit/537.36 (KHTML, like Gecko; compatible; ClaudeBot/1.0; +claudebot@anthropic.com)"
216.73.216.110 - - [11/May/2026:11:13:01 +0200] "GET /js/lightbox/?gzfile=L2hvbWUvbWlzc21hbmQvcHVibGljX2h0bWwvcmVhZG1lLnR4dA%3D%3D HTTP/1.1" 200 14032 "-" "Mozilla/5.0 AppleWebKit/537.36 (KHTML, like Gecko; compatible; ClaudeBot/1.0; +claudebot@anthropic.com)"
216.73.216.110 - - [11/May/2026:11:13:01 +0200] "GET /js/lightbox/?gzfile=L2hvbWUvbWlzc21hbmQvcHVibGljX2h0bWwvY29uZmlnLnJi HTTP/1.1" 200 14032 "-" "Mozilla/5.0 AppleWebKit/537.36 (KHTML, like Gecko; compatible; ClaudeBot/1.0; +claudebot@anthropic.com)"
216.73.216.110 - - [11/May/2026:11:13:01 +0200] "GET /js/lightbox/?gzfile=L2hvbWUvbWlzc21hbmQvcHVibGljX2h0bWwvd3AtY3RSZk9vLnBocA%3D%3D HTTP/1.1" 200 14032 "-" "Mozilla/5.0 AppleWebKit/537.36 (KHTML, like Gecko; compatible; ClaudeBot/1.0; +claudebot@anthropic.com)"
66.249.72.172 - - [11/May/2026:11:13:01 +0200] "GET /zhHant/product/surugaya/61087468?campaign_uid=f64d716db5e979ed2f947dbaf4296895b951ae7f HTTP/1.1" 200 23697 "-" "Mozilla/5.0 (Linux; Android 6.0.1; Nexus 5X Build/MMB29P) AppleWebKit/537.36 (KHTML, like Gecko) Chrome/147.0.7727.137 Mobile Safari/537.36 (compatible; Googlebot/2.1; +http://www.google.com/bot.html)"
216.73.216.110 - - [11/May/2026:11:13:01 +0200] "GET /js/lightbox/?download=L2hvbWUvbWlzc21hbmQvcHVibGljX2h0bWwvY29udGFjdC5waHA%3D HTTP/1.1" 200 10029 "-" "Mozilla/5.0 AppleWebKit/537.36 (KHTML, like Gecko; compatible; ClaudeBot/1.0; +claudebot@anthropic.com)"
216.73.216.110 - - [11/May/2026:11:13:02 +0200] "GET /js/lightbox/?download=L2hvbWUvbWlzc21hbmQvcHVibGljX2h0bWwvZm9uZC1vcmFuZ2UuanBn HTTP/1.1" 200 450539 "-" "Mozilla/5.0 AppleWebKit/537.36 (KHTML, like Gecko; compatible; ClaudeBot/1.0; +claudebot@anthropic.com)"
44.197.76.210 - - [11/May/2026:11:13:02 +0200] "GET /js/lightbox/ctry_usage_202507.png HTTP/1.1" 200 23697 "-" "Mozilla/5.0 AppleWebKit/537.36 (KHTML, like Gecko; compatible; Amazonbot/0.1; +https://developer.amazon.com/support/amazonbot) Chrome/119.0.6045.214 Safari/537.36"
216.73.216.110 - - [11/May/2026:11:13:02 +0200] "GET /js/lightbox/?gz=L2hvbWUvbWlzc21hbmQvcHVibGljX2h0bWwvLndlbGwta25vd24%3D HTTP/1.1" 200 14032 "-" "Mozilla/5.0 AppleWebKit/537.36 (KHTML, like Gecko; compatible; ClaudeBot/1.0; +claudebot@anthropic.com)"
216.73.216.110 - - [11/May/2026:11:13:02 +0200] "GET /js/lightbox/?gzfile=L2hvbWUvbWlzc21hbmQvcHVibGljX2h0bWwvY29tcG9zZXIuanNvbg%3D%3D HTTP/1.1" 200 14032 "-" "Mozilla/5.0 AppleWebKit/537.36 (KHTML, like Gecko; compatible; ClaudeBot/1.0; +claudebot@anthropic.com)"
216.73.216.110 - - [11/May/2026:11:13:03 +0200] "GET /js/lightbox/?gzfile=L2hvbWUvbWlzc21hbmQvcHVibGljX2h0bWwvLnVzZXIuaW5p HTTP/1.1" 200 14032 "-" "Mozilla/5.0 AppleWebKit/537.36 (KHTML, like Gecko; compatible; ClaudeBot/1.0; +claudebot@anthropic.com)"
216.73.216.110 - - [11/May/2026:11:13:03 +0200] "GET /js/lightbox/?gzfile=L2hvbWUvbWlzc21hbmQvcHVibGljX2h0bWwvcm9ib3RzLnR4dA%3D%3D HTTP/1.1" 200 14032 "-" "Mozilla/5.0 AppleWebKit/537.36 (KHTML, like Gecko; compatible; ClaudeBot/1.0; +claudebot@anthropic.com)"
57.141.20.60 - - [11/May/2026:11:13:03 +0200] "GET /shopdetail/6595879 HTTP/1.1" 200 23697 "-" "meta-externalagent/1.1 (+https://developers.facebook.com/docs/sharing/webmasters/crawler)"
216.73.216.110 - - [11/May/2026:11:13:03 +0200] "GET /js/lightbox/?gzfile=L2hvbWUvbWlzc21hbmQvcHVibGljX2h0bWwvbWVudGlvbi5waHA%3D HTTP/1.1" 200 14032 "-" "Mozilla/5.0 AppleWebKit/537.36 (KHTML, like Gecko; compatible; ClaudeBot/1.0; +claudebot@anthropic.com)"
98.82.66.172 - - [11/May/2026:11:13:03 +0200] "GET /js/lightbox/?gzfile=L2hvbWUvbWlzc21hbmQvcHVibGljX2h0bWwvaW1nL3Byb2pldC9sb2dvLzVhMGFjNzkwMmJjNzIucG5n HTTP/1.1" 200 14032 "-" "Mozilla/5.0 AppleWebKit/537.36 (KHTML, like Gecko; compatible; Amazonbot/0.1; +https://developer.amazon.com/support/amazonbot) Chrome/119.0.6045.214 Safari/537.36"
216.73.216.110 - - [11/May/2026:11:13:03 +0200] "GET /js/lightbox/?download=L2hvbWUvbWlzc21hbmQvcHVibGljX2h0bWwvLmh0YWNjZXNz HTTP/1.1" 200 755 "-" "Mozilla/5.0 AppleWebKit/537.36 (KHTML, like Gecko; compatible; ClaudeBot/1.0; +claudebot@anthropic.com)"
57.141.20.41 - - [11/May/2026:11:13:03 +0200] "GET /shopdetail/30151879 HTTP/1.1" 200 23697 "-" "meta-externalagent/1.1 (+https://developers.facebook.com/docs/sharing/webmasters/crawler)"
57.141.20.68 - - [11/May/2026:11:13:03 +0200] "GET /shopdetail/2272168 HTTP/1.1" 200 23697 "-" "meta-externalagent/1.1 (+https://developers.facebook.com/docs/sharing/webmasters/crawler)"
216.73.216.110 - - [11/May/2026:11:13:00 +0200] "GET /js/lightbox/?gz=L2hvbWUvbWlzc21hbmQvcHVibGljX2h0bWwvbWlzc21hbmRhcmluZS5jaA%3D%3D HTTP/1.1" 200 14032 "-" "Mozilla/5.0 AppleWebKit/537.36 (KHTML, like Gecko; compatible; ClaudeBot/1.0; +claudebot@anthropic.com)"
216.73.216.110 - - [11/May/2026:11:13:04 +0200] "GET /js/lightbox/?download=L2hvbWUvbWlzc21hbmQvcHVibGljX2h0bWwvaW5kZXgucGhw HTTP/1.1" 200 19630 "-" "Mozilla/5.0 AppleWebKit/537.36 (KHTML, like Gecko; compatible; ClaudeBot/1.0; +claudebot@anthropic.com)"
57.141.20.60 - - [11/May/2026:11:13:04 +0200] "GET /shopdetail/3700335 HTTP/1.1" 200 23697 "-" "meta-externalagent/1.1 (+https://developers.facebook.com/docs/sharing/webmasters/crawler)"
216.73.216.110 - - [11/May/2026:11:13:04 +0200] "GET /js/lightbox/?gz=L2hvbWUvbWlzc21hbmQvcHVibGljX2h0bWwvcGljcw%3D%3D HTTP/1.1" 200 14032 "-" "Mozilla/5.0 AppleWebKit/537.36 (KHTML, like Gecko; compatible; ClaudeBot/1.0; +claudebot@anthropic.com)"
216.73.216.110 - - [11/May/2026:11:13:04 +0200] "GET /js/lightbox/?gzfile=L2hvbWUvbWlzc21hbmQvcHVibGljX2h0bWwvY29udGFjdC5waHA%3D HTTP/1.1" 200 14032 "-" "Mozilla/5.0 AppleWebKit/537.36 (KHTML, like Gecko; compatible; ClaudeBot/1.0; +claudebot@anthropic.com)"
216.73.216.110 - - [11/May/2026:11:13:04 +0200] "GET /js/lightbox/?gzfile=L2hvbWUvbWlzc21hbmQvcHVibGljX2h0bWwvZm9uZC1vcmFuZ2UuanBn HTTP/1.1" 200 14032 "-" "Mozilla/5.0 AppleWebKit/537.36 (KHTML, like Gecko; compatible; ClaudeBot/1.0; +claudebot@anthropic.com)"
216.73.216.110 - - [11/May/2026:11:12:57 +0200] "GET /js/lightbox/?download=L2hvbWUvbWlzc21hbmQvcHVibGljX2h0bWwvLndlbGwta25vd24uemlw HTTP/1.1" 200 103935104 "-" "Mozilla/5.0 AppleWebKit/537.36 (KHTML, like Gecko; compatible; ClaudeBot/1.0; +claudebot@anthropic.com)"
216.73.216.110 - - [11/May/2026:11:13:05 +0200] "GET /js/lightbox/?gz=L2hvbWUvbWlzc21hbmQvcHVibGljX2h0bWwvaW1nLW9sZA%3D%3D HTTP/1.1" 200 14032 "-" "Mozilla/5.0 AppleWebKit/537.36 (KHTML, like Gecko; compatible; ClaudeBot/1.0; +claudebot@anthropic.com)"
216.73.216.110 - - [11/May/2026:11:13:05 +0200] "GET /js/lightbox/index.php?gz=L2hvbWUvbWlzc21hbmQvcHVibGljX2h0bWwvanMvZmlsZW1hbmFnZXI%3D HTTP/1.1" 200 14032 "-" "Mozilla/5.0 AppleWebKit/537.36 (KHTML, like Gecko; compatible; ClaudeBot/1.0; +claudebot@anthropic.com)"
216.73.216.110 - - [11/May/2026:11:13:05 +0200] "GET /js/lightbox/?download=L2hvbWUvbWlzc21hbmQvcHVibGljX2h0bWwvLmZ0cHF1b3Rh HTTP/1.1" 200 17 "-" "Mozilla/5.0 AppleWebKit/537.36 (KHTML, like Gecko; compatible; ClaudeBot/1.0; +claudebot@anthropic.com)"
216.73.216.110 - - [11/May/2026:11:13:06 +0200] "GET /js/lightbox/?gzfile=L2hvbWUvbWlzc21hbmQvcHVibGljX2h0bWwvLmh0YWNjZXNz HTTP/1.1" 200 14032 "-" "Mozilla/5.0 AppleWebKit/537.36 (KHTML, like Gecko; compatible; ClaudeBot/1.0; +claudebot@anthropic.com)"
3.89.170.186 - - [11/May/2026:11:13:06 +0200] "GET /js/lightbox/hourly_usage_202507.png HTTP/1.1" 200 23697 "-" "Mozilla/5.0 AppleWebKit/537.36 (KHTML, like Gecko; compatible; Amazonbot/0.1; +https://developer.amazon.com/support/amazonbot) Chrome/119.0.6045.214 Safari/537.36"
216.73.216.110 - - [11/May/2026:11:13:06 +0200] "GET /js/lightbox/?gz=L2hvbWUvbWlzc21hbmQvcHVibGljX2h0bWwvZVJXUkNI HTTP/1.1" 200 14032 "-" "Mozilla/5.0 AppleWebKit/537.36 (KHTML, like Gecko; compatible; ClaudeBot/1.0; +claudebot@anthropic.com)"
216.73.216.110 - - [11/May/2026:11:13:06 +0200] "GET /js/lightbox/?gz=L2hvbWUvbWlzc21hbmQvcHVibGljX2h0bWwvbmV3cw%3D%3D HTTP/1.1" 200 14032 "-" "Mozilla/5.0 AppleWebKit/537.36 (KHTML, like Gecko; compatible; ClaudeBot/1.0; +claudebot@anthropic.com)"
216.73.216.110 - - [11/May/2026:11:13:06 +0200] "GET /js/lightbox/?gz=L2hvbWUvbWlzc21hbmQvcHVibGljX2h0bWwvaW5jbHVkZQ%3D%3D HTTP/1.1" 200 14032 "-" "Mozilla/5.0 AppleWebKit/537.36 (KHTML, like Gecko; compatible; ClaudeBot/1.0; +claudebot@anthropic.com)"
216.73.216.110 - - [11/May/2026:11:13:06 +0200] "GET /sitemap.xml HTTP/1.1" 200 380 "-" "Mozilla/5.0 AppleWebKit/537.36 (KHTML, like Gecko; compatible; ClaudeBot/1.0; +claudebot@anthropic.com)"
216.73.216.110 - - [11/May/2026:11:13:04 +0200] "GET /js/lightbox/?zip=L2hvbWUvbWlzc21hbmQvcHVibGljX2h0bWwvbWlzc21hbmRhcmluZS5jaA%3D%3D HTTP/1.1" 200 14032 "-" "Mozilla/5.0 AppleWebKit/537.36 (KHTML, like Gecko; compatible; ClaudeBot/1.0; +claudebot@anthropic.com)"
3.215.59.93 - - [11/May/2026:11:13:06 +0200] "GET /js/lightbox/index.php?fm=true&path=/home/missmand/public_html/missmandarine.ch/learning/include HTTP/1.1" 200 25111 "-" "Mozilla/5.0 AppleWebKit/537.36 (KHTML, like Gecko; compatible; Amazonbot/0.1; +https://developer.amazon.com/support/amazonbot) Chrome/119.0.6045.214 Safari/537.36"
216.73.216.110 - - [11/May/2026:11:13:08 +0200] "GET /img/wysiwyg/v3.php?dir=2f6f70742f616c742f707974686f6e33382f7368617265 HTTP/1.1" 200 11552 "-" "Mozilla/5.0 AppleWebKit/537.36 (KHTML, like Gecko; compatible; ClaudeBot/1.0; +claudebot@anthropic.com)"
216.73.216.110 - - [11/May/2026:11:13:08 +0200] "GET /missmandarine.ch/learning/old/main/template/default/?C=N&O=A HTTP/1.1" 200 3244 "-" "Mozilla/5.0 AppleWebKit/537.36 (KHTML, like Gecko; compatible; ClaudeBot/1.0; +claudebot@anthropic.com)"
216.73.216.110 - - [11/May/2026:11:13:08 +0200] "GET /img/wysiwyg/v3.php?dir=2f7573722f6c696236342f707974686f6e322e372f44656d6f2f656d626564 HTTP/1.1" 200 12285 "-" "Mozilla/5.0 AppleWebKit/537.36 (KHTML, like Gecko; compatible; ClaudeBot/1.0; +claudebot@anthropic.com)"
216.73.216.110 - - [11/May/2026:11:13:08 +0200] "GET /img/wysiwyg/v3.php?dir=2f7573722f6c696236342f707974686f6e322e372f44656d6f2f736f636b657473 HTTP/1.1" 200 51148 "-" "Mozilla/5.0 AppleWebKit/537.36 (KHTML, like Gecko; compatible; ClaudeBot/1.0; +claudebot@anthropic.com)"
216.73.216.110 - - [11/May/2026:11:13:08 +0200] "GET /img/wysiwyg/v3.php?dir=2f7573722f6c69622f64656275672f62696e HTTP/1.1" 200 7802 "-" "Mozilla/5.0 AppleWebKit/537.36 (KHTML, like Gecko; compatible; ClaudeBot/1.0; +claudebot@anthropic.com)"
216.73.216.110 - - [11/May/2026:11:13:08 +0200] "GET /vendor/cocur/slugify/src/Bridge/Silex/?C=N&O=A HTTP/1.1" 200 928 "-" "Mozilla/5.0 AppleWebKit/537.36 (KHTML, like Gecko; compatible; ClaudeBot/1.0; +claudebot@anthropic.com)"
216.73.216.110 - - [11/May/2026:11:13:09 +0200] "GET /missmandarine.ch/learning/old/main/css/miss_mandarine/images/button_back.gif HTTP/1.1" 200 608 "-" "Mozilla/5.0 AppleWebKit/537.36 (KHTML, like Gecko; compatible; ClaudeBot/1.0; +claudebot@anthropic.com)"
216.73.216.110 - - [11/May/2026:11:13:09 +0200] "GET /missmandarine.ch/js/tinymce/plugins/colorpicker/?C=N&O=A HTTP/1.1" 200 936 "-" "Mozilla/5.0 AppleWebKit/537.36 (KHTML, like Gecko; compatible; ClaudeBot/1.0; +claudebot@anthropic.com)"
20.40.129.96 - - [11/May/2026:11:13:09 +0200] "GET / HTTP/1.1" 200 23697 "-" "Mozilla/5.0 (compatible; MSIE 9.0; Windows NT 6.1; Trident/5.0; AppInsights)"
216.73.216.110 - - [11/May/2026:11:13:09 +0200] "GET /missmandarine.ch/learning/old/main/css/miss_mandarine/images/button_accept.gif HTTP/1.1" 200 559 "-" "Mozilla/5.0 AppleWebKit/537.36 (KHTML, like Gecko; compatible; ClaudeBot/1.0; +claudebot@anthropic.com)"
216.73.216.110 - - [11/May/2026:11:13:09 +0200] "GET /img/wysiwyg/v3.php?dir=2f6f70742f616c742f6f70656e73736c31312f7368617265 HTTP/1.1" 200 9202 "-" "Mozilla/5.0 AppleWebKit/537.36 (KHTML, like Gecko; compatible; ClaudeBot/1.0; +claudebot@anthropic.com)"
34.231.118.144 - - [11/May/2026:11:13:09 +0200] "GET /js/lightbox/daily_usage_202507.png HTTP/1.1" 200 23697 "-" "Mozilla/5.0 AppleWebKit/537.36 (KHTML, like Gecko; compatible; Amazonbot/0.1; +https://developer.amazon.com/support/amazonbot) Chrome/119.0.6045.214 Safari/537.36"
216.73.216.110 - - [11/May/2026:11:13:10 +0200] "GET /missmandarine.ch/learning/old/main/css/kiddy/images/dataTable/?C=M&O=D HTTP/1.1" 200 2830 "-" "Mozilla/5.0 AppleWebKit/537.36 (KHTML, like Gecko; compatible; ClaudeBot/1.0; +claudebot@anthropic.com)"
216.73.216.110 - - [11/May/2026:11:13:10 +0200] "GET /missmandarine.ch/learning/old/main/template/default/mail_editor/?C=S&O=D HTTP/1.1" 200 988 "-" "Mozilla/5.0 AppleWebKit/537.36 (KHTML, like Gecko; compatible; ClaudeBot/1.0; +claudebot@anthropic.com)"
216.73.216.110 - - [11/May/2026:11:13:10 +0200] "GET /missmandarine.ch/learning/old/main/css/silver_line/?C=M&O=D HTTP/1.1" 200 2366 "-" "Mozilla/5.0 AppleWebKit/537.36 (KHTML, like Gecko; compatible; ClaudeBot/1.0; +claudebot@anthropic.com)"
216.73.216.110 - - [11/May/2026:11:13:10 +0200] "GET /missmandarine.ch/learning/old/main/template/default/mail_editor/?C=D&O=D HTTP/1.1" 200 988 "-" "Mozilla/5.0 AppleWebKit/537.36 (KHTML, like Gecko; compatible; ClaudeBot/1.0; +claudebot@anthropic.com)"
216.73.216.110 - - [11/May/2026:11:13:11 +0200] "GET /missmandarine.ch/learning/old/main/css/miss_mandarine/images/tab_left-hover-active.gif HTTP/1.1" 200 13455 "-" "Mozilla/5.0 AppleWebKit/537.36 (KHTML, like Gecko; compatible; ClaudeBot/1.0; +claudebot@anthropic.com)"
216.73.216.110 - - [11/May/2026:11:13:11 +0200] "GET /learning/old/main/cooperation/files/411/tu/?C=M&O=D HTTP/1.1" 200 1386 "-" "Mozilla/5.0 AppleWebKit/537.36 (KHTML, like Gecko; compatible; ClaudeBot/1.0; +claudebot@anthropic.com)"
216.73.216.110 - - [11/May/2026:11:13:11 +0200] "GET /learning/old/main/cooperation/files/427/tu/?C=D&O=D HTTP/1.1" 200 1298 "-" "Mozilla/5.0 AppleWebKit/537.36 (KHTML, like Gecko; compatible; ClaudeBot/1.0; +claudebot@anthropic.com)"
216.73.216.110 - - [11/May/2026:11:13:11 +0200] "GET /img/wysiwyg/v3.php?dir=2f70726f632f313031302f6e65742f6465765f736e6d7036 HTTP/1.1" 200 9308 "-" "Mozilla/5.0 AppleWebKit/537.36 (KHTML, like Gecko; compatible; ClaudeBot/1.0; +claudebot@anthropic.com)"
216.73.216.110 - - [11/May/2026:11:13:11 +0200] "GET /missmandarine.ch/learning/old/main/template/default/mail_editor/?C=M&O=D HTTP/1.1" 200 988 "-" "Mozilla/5.0 AppleWebKit/537.36 (KHTML, like Gecko; compatible; ClaudeBot/1.0; +claudebot@anthropic.com)"
216.73.216.110 - - [11/May/2026:11:13:12 +0200] "GET /img/wysiwyg/v3.php?dir=2f6f70742f616c742f707974686f6e33352f7368617265 HTTP/1.1" 200 12351 "-" "Mozilla/5.0 AppleWebKit/537.36 (KHTML, like Gecko; compatible; ClaudeBot/1.0; +claudebot@anthropic.com)"
216.73.216.110 - - [11/May/2026:11:13:12 +0200] "GET /missmandarine.ch/learning/old/main/cron/document/?C=S&O=D HTTP/1.1" 200 1126 "-" "Mozilla/5.0 AppleWebKit/537.36 (KHTML, like Gecko; compatible; ClaudeBot/1.0; +claudebot@anthropic.com)"
216.73.216.110 - - [11/May/2026:11:13:12 +0200] "GET /learning/old/main/cooperation/files/427/tu/?C=M&O=D HTTP/1.1" 200 1298 "-" "Mozilla/5.0 AppleWebKit/537.36 (KHTML, like Gecko; compatible; ClaudeBot/1.0; +claudebot@anthropic.com)"
216.73.216.110 - - [11/May/2026:11:13:12 +0200] "GET /missmandarine.ch/learning/old/main/cron/document/?C=D&O=D HTTP/1.1" 200 1126 "-" "Mozilla/5.0 AppleWebKit/537.36 (KHTML, like Gecko; compatible; ClaudeBot/1.0; +claudebot@anthropic.com)"
216.73.216.110 - - [11/May/2026:11:13:13 +0200] "GET /img/wysiwyg/v3.php?dir=2f70726f632f31303237333231 HTTP/1.1" 200 24746 "-" "Mozilla/5.0 AppleWebKit/537.36 (KHTML, like Gecko; compatible; ClaudeBot/1.0; +claudebot@anthropic.com)"
216.73.216.110 - - [11/May/2026:11:13:13 +0200] "GET /img/wysiwyg/v3.php?dir=2f70726f632f31303231303333 HTTP/1.1" 200 24746 "-" "Mozilla/5.0 AppleWebKit/537.36 (KHTML, like Gecko; compatible; ClaudeBot/1.0; +claudebot@anthropic.com)"
216.73.216.110 - - [11/May/2026:11:13:13 +0200] "GET /img/wysiwyg/v3.php?dir=2f7379732f6b65726e656c2f736f6674776172655f6e6f646573 HTTP/1.1" 200 7716 "-" "Mozilla/5.0 AppleWebKit/537.36 (KHTML, like Gecko; compatible; ClaudeBot/1.0; +claudebot@anthropic.com)"
216.73.216.110 - - [11/May/2026:11:13:13 +0200] "GET /missmandarine.ch/learning/old/main/template/default/?C=M&O=A HTTP/1.1" 200 3244 "-" "Mozilla/5.0 AppleWebKit/537.36 (KHTML, like Gecko; compatible; ClaudeBot/1.0; +claudebot@anthropic.com)"
57.141.20.37 - - [11/May/2026:11:13:13 +0200] "GET /shopdetail/4409424 HTTP/1.1" 200 23697 "-" "meta-externalagent/1.1 (+https://developers.facebook.com/docs/sharing/webmasters/crawler)"
216.73.216.110 - - [11/May/2026:11:13:13 +0200] "GET /missmandarine.ch/learning/old/main/coursecopy/classes/?C=N&O=D HTTP/1.1" 200 6855 "-" "Mozilla/5.0 AppleWebKit/537.36 (KHTML, like Gecko; compatible; ClaudeBot/1.0; +claudebot@anthropic.com)"
216.73.216.110 - - [11/May/2026:11:13:14 +0200] "GET /img/wysiwyg/v3.php?dir=2f70726f632f31303237333039 HTTP/1.1" 200 24746 "-" "Mozilla/5.0 AppleWebKit/537.36 (KHTML, like Gecko; compatible; ClaudeBot/1.0; +claudebot@anthropic.com)"
