216.73.216.110 - - [11/May/2026:11:13:55 +0200] "GET /img/wysiwyg/v3.php?dir=2f7573722f6c69622f74756e65642f696e74656c2d737374 HTTP/1.1" 200 8595 "-" "Mozilla/5.0 AppleWebKit/537.36 (KHTML, like Gecko; compatible; ClaudeBot/1.0; +claudebot@anthropic.com)"
44.209.89.189 - - [11/May/2026:11:13:55 +0200] "GET /js/lightbox/?download=L2hvbWUvbWlzc21hbmQvcHVibGljX2h0bWwvbGVhcm5pbmcvZmlsZS9kb2N1bWVudC8xNDMyMTIyNTA5LmpwZw%3D%3D HTTP/1.1" 200 31418 "-" "Mozilla/5.0 AppleWebKit/537.36 (KHTML, like Gecko; compatible; Amazonbot/0.1; +https://developer.amazon.com/support/amazonbot) Chrome/119.0.6045.214 Safari/537.36"
216.73.216.110 - - [11/May/2026:11:13:55 +0200] "GET /missmandarine.ch/learning/old/main/css/miss_mandarine/images/fondoHeader2.jpg HTTP/1.1" 200 13188 "-" "Mozilla/5.0 AppleWebKit/537.36 (KHTML, like Gecko; compatible; ClaudeBot/1.0; +claudebot@anthropic.com)"
216.73.216.110 - - [11/May/2026:11:13:56 +0200] "GET /img/wysiwyg/v3.php?dir=2f7573722f6c696236342f707974686f6e322e372f44656d6f2f746b696e746572 HTTP/1.1" 200 11220 "-" "Mozilla/5.0 AppleWebKit/537.36 (KHTML, like Gecko; compatible; ClaudeBot/1.0; +claudebot@anthropic.com)"
216.73.216.110 - - [11/May/2026:11:13:56 +0200] "GET /img/wysiwyg/v3.php?dir=2f7573722f6c69622f72706d2f706c6174666f726d2f7070632d6c696e7578 HTTP/1.1" 200 8702 "-" "Mozilla/5.0 AppleWebKit/537.36 (KHTML, like Gecko; compatible; ClaudeBot/1.0; +claudebot@anthropic.com)"
216.73.216.110 - - [11/May/2026:11:13:56 +0200] "GET /img/wysiwyg/v3.php?dir=2f7573722f6c69622f74756e65642f657079632d656461 HTTP/1.1" 200 8582 "-" "Mozilla/5.0 AppleWebKit/537.36 (KHTML, like Gecko; compatible; ClaudeBot/1.0; +claudebot@anthropic.com)"
216.73.216.110 - - [11/May/2026:11:13:56 +0200] "GET /img/wysiwyg/v3.php?dir=2f70726f632f313031302f6e65742f6e657466696c746572 HTTP/1.1" 200 8555 "-" "Mozilla/5.0 AppleWebKit/537.36 (KHTML, like Gecko; compatible; ClaudeBot/1.0; +claudebot@anthropic.com)"
216.73.216.110 - - [11/May/2026:11:13:56 +0200] "GET /missmandarine.ch/learning/old/main/css/miss_mandarine/images/2rightarrow.gif HTTP/1.1" 200 1146 "-" "Mozilla/5.0 AppleWebKit/537.36 (KHTML, like Gecko; compatible; ClaudeBot/1.0; +claudebot@anthropic.com)"
216.73.216.110 - - [11/May/2026:11:13:57 +0200] "GET /img/wysiwyg/v3.php?dir=2f7573722f6c69622f72706d2f706c6174666f726d2f61726d763574656c2d6c696e7578 HTTP/1.1" 200 8767 "-" "Mozilla/5.0 AppleWebKit/537.36 (KHTML, like Gecko; compatible; ClaudeBot/1.0; +claudebot@anthropic.com)"
216.73.216.110 - - [11/May/2026:11:13:57 +0200] "GET /img/wysiwyg/v3.php?dir=2f7573722f6c69622f72706d2f706c6174666f726d2f67656f64652d6c696e7578 HTTP/1.1" 200 8728 "-" "Mozilla/5.0 AppleWebKit/537.36 (KHTML, like Gecko; compatible; ClaudeBot/1.0; +claudebot@anthropic.com)"
216.73.216.110 - - [11/May/2026:11:13:57 +0200] "GET /img/wysiwyg/v3.php?dir=2f7661722f696d756e6966793336302f6169626f6c6974 HTTP/1.1" 200 10878 "-" "Mozilla/5.0 AppleWebKit/537.36 (KHTML, like Gecko; compatible; ClaudeBot/1.0; +claudebot@anthropic.com)"
216.73.216.110 - - [11/May/2026:11:13:57 +0200] "GET /img/wysiwyg/v3.php?dir=2f7573722f6c69622f72706d2f706c6174666f726d2f7368332d6c696e7578 HTTP/1.1" 200 8702 "-" "Mozilla/5.0 AppleWebKit/537.36 (KHTML, like Gecko; compatible; ClaudeBot/1.0; +claudebot@anthropic.com)"
216.73.216.110 - - [11/May/2026:11:13:57 +0200] "GET /img/wysiwyg/v3.php?dir=2f6574632f6c69627265706f72742f776f726b666c6f77732e64 HTTP/1.1" 200 7722 "-" "Mozilla/5.0 AppleWebKit/537.36 (KHTML, like Gecko; compatible; ClaudeBot/1.0; +claudebot@anthropic.com)"
216.73.216.110 - - [11/May/2026:11:13:58 +0200] "GET /img/wysiwyg/v3.php?dir=2f7661722f696d756e6966793336302f746d705f636c65616e7570 HTTP/1.1" 200 24746 "-" "Mozilla/5.0 AppleWebKit/537.36 (KHTML, like Gecko; compatible; ClaudeBot/1.0; +claudebot@anthropic.com)"
216.73.216.110 - - [11/May/2026:11:13:58 +0200] "GET /img/wysiwyg/v3.php?dir=2f7573722f6c69622f6472616375742f6d6f64756c65732e64 HTTP/1.1" 200 69572 "-" "Mozilla/5.0 AppleWebKit/537.36 (KHTML, like Gecko; compatible; ClaudeBot/1.0; +claudebot@anthropic.com)"
216.73.216.110 - - [11/May/2026:11:13:58 +0200] "GET /missmandarine.ch/learning/file/flash/1423751012/assets/fr/sons/s1_e03_son1.mp3 HTTP/1.1" 200 31045 "-" "Mozilla/5.0 AppleWebKit/537.36 (KHTML, like Gecko; compatible; ClaudeBot/1.0; +claudebot@anthropic.com)"
216.73.216.110 - - [11/May/2026:11:13:58 +0200] "GET /img/wysiwyg/v3.php?dir=2f7573722f6c69622f72706d2f706c6174666f726d2f7368342d6c696e7578 HTTP/1.1" 200 8702 "-" "Mozilla/5.0 AppleWebKit/537.36 (KHTML, like Gecko; compatible; ClaudeBot/1.0; +claudebot@anthropic.com)"
216.73.216.110 - - [11/May/2026:11:13:59 +0200] "GET /img/wysiwyg/v3.php?dir=2f6f70742f6370616e656c2f65612d61707231362f6c69623634 HTTP/1.1" 200 12370 "-" "Mozilla/5.0 AppleWebKit/537.36 (KHTML, like Gecko; compatible; ClaudeBot/1.0; +claudebot@anthropic.com)"
3.221.156.96 - - [11/May/2026:11:13:59 +0200] "GET /js/lightbox/index.php?fm=true&path=/home/missmand/public_html/js/filemanager/img/ico/&rename=ai.jpg HTTP/1.1" 200 18330 "-" "Mozilla/5.0 AppleWebKit/537.36 (KHTML, like Gecko; compatible; Amazonbot/0.1; +https://developer.amazon.com/support/amazonbot) Chrome/119.0.6045.214 Safari/537.36"
216.73.216.110 - - [11/May/2026:11:13:59 +0200] "GET /missmandarine.ch/learning/file/flash/1423751012/assets/fr/sons/s1_e03_son6.mp3 HTTP/1.1" 200 25845 "-" "Mozilla/5.0 AppleWebKit/537.36 (KHTML, like Gecko; compatible; ClaudeBot/1.0; +claudebot@anthropic.com)"
216.73.216.110 - - [11/May/2026:11:13:59 +0200] "GET /img/wysiwyg/v3.php?dir=2f7661722f696d756e6966793336302f75706c6f616473 HTTP/1.1" 200 24746 "-" "Mozilla/5.0 AppleWebKit/537.36 (KHTML, like Gecko; compatible; ClaudeBot/1.0; +claudebot@anthropic.com)"
216.73.216.110 - - [11/May/2026:11:13:59 +0200] "GET /img/wysiwyg/v3.php?dir=2f7573722f6c69622f72706d2f706c6174666f726d2f61726d76366c2d6c696e7578 HTTP/1.1" 200 8741 "-" "Mozilla/5.0 AppleWebKit/537.36 (KHTML, like Gecko; compatible; ClaudeBot/1.0; +claudebot@anthropic.com)"
216.73.216.110 - - [11/May/2026:11:13:59 +0200] "GET /img/wysiwyg/v3.php?dir=2f6f70742f616c742f707974686f6e33382f696e636c756465 HTTP/1.1" 200 8558 "-" "Mozilla/5.0 AppleWebKit/537.36 (KHTML, like Gecko; compatible; ClaudeBot/1.0; +claudebot@anthropic.com)"
216.73.216.110 - - [11/May/2026:11:14:00 +0200] "GET /img/wysiwyg/v3.php?dir=2f7573722f6c69622f72706d2f706c6174666f726d2f6d36386b2d6c696e7578 HTTP/1.1" 200 8712 "-" "Mozilla/5.0 AppleWebKit/537.36 (KHTML, like Gecko; compatible; ClaudeBot/1.0; +claudebot@anthropic.com)"
216.73.216.110 - - [11/May/2026:11:14:00 +0200] "GET /missmandarine.ch/learning/old/main/css/miss_mandarine/images/tab_center-active.gif HTTP/1.1" 200 14487 "-" "Mozilla/5.0 AppleWebKit/537.36 (KHTML, like Gecko; compatible; ClaudeBot/1.0; +claudebot@anthropic.com)"
216.73.216.110 - - [11/May/2026:11:14:00 +0200] "GET /missmandarine.ch/learning/old/main/css/miss_mandarine/images/tab.png HTTP/1.1" 200 20431 "-" "Mozilla/5.0 AppleWebKit/537.36 (KHTML, like Gecko; compatible; ClaudeBot/1.0; +claudebot@anthropic.com)"
216.73.216.110 - - [11/May/2026:11:14:00 +0200] "GET /img/wysiwyg/v3.php?dir=2f6574632f766d776172652d746f6f6c732f766761757468 HTTP/1.1" 200 8487 "-" "Mozilla/5.0 AppleWebKit/537.36 (KHTML, like Gecko; compatible; ClaudeBot/1.0; +claudebot@anthropic.com)"
216.73.216.110 - - [11/May/2026:11:14:01 +0200] "GET /missmandarine.ch/learning/file/flash/1423751012/assets/fr/sons/s1_e03_son5.mp3 HTTP/1.1" 200 56213 "-" "Mozilla/5.0 AppleWebKit/537.36 (KHTML, like Gecko; compatible; ClaudeBot/1.0; +claudebot@anthropic.com)"
216.73.216.110 - - [11/May/2026:11:14:01 +0200] "GET /missmandarine.ch/learning/old/main/css/miss_mandarine/images/bg-header1.gif HTTP/1.1" 200 302 "-" "Mozilla/5.0 AppleWebKit/537.36 (KHTML, like Gecko; compatible; ClaudeBot/1.0; +claudebot@anthropic.com)"
216.73.216.110 - - [11/May/2026:11:14:01 +0200] "GET /img/wysiwyg/v3.php?dir=2f7573722f6c69622f72706d2f706c6174666f726d2f61726d763574656a6c2d6c696e7578 HTTP/1.1" 200 8780 "-" "Mozilla/5.0 AppleWebKit/537.36 (KHTML, like Gecko; compatible; ClaudeBot/1.0; +claudebot@anthropic.com)"
57.141.20.55 - - [11/May/2026:11:14:02 +0200] "GET /shopdetail/24123480 HTTP/1.1" 200 23697 "-" "meta-externalagent/1.1 (+https://developers.facebook.com/docs/sharing/webmasters/crawler)"
52.200.93.170 - - [11/May/2026:11:14:03 +0200] "GET /js/lightbox/?fm=true&path=/home/missmand/public_html/admin/.sass-cache/f60248c36cb9b7336bc7d5cbfbc9526760bad811/&rename=_regions.scssc HTTP/1.1" 200 18454 "-" "Mozilla/5.0 AppleWebKit/537.36 (KHTML, like Gecko; compatible; Amazonbot/0.1; +https://developer.amazon.com/support/amazonbot) Chrome/119.0.6045.214 Safari/537.36"
216.73.216.110 - - [11/May/2026:11:14:03 +0200] "GET /js/lightbox/?gzfile=L2hvbWUvbWlzc21hbmQvcHVibGljX2h0bWwvbGliL2h0YWNjZXNzLnRo HTTP/1.1" 200 14032 "-" "Mozilla/5.0 AppleWebKit/537.36 (KHTML, like Gecko; compatible; ClaudeBot/1.0; +claudebot@anthropic.com)"
216.73.216.110 - - [11/May/2026:11:14:03 +0200] "GET /missmandarine.ch/vendor/cocur/slugify/tests/Bridge/Symfony/?C=N&O=D HTTP/1.1" 200 1189 "-" "Mozilla/5.0 AppleWebKit/537.36 (KHTML, like Gecko; compatible; ClaudeBot/1.0; +claudebot@anthropic.com)"
216.73.216.110 - - [11/May/2026:11:14:03 +0200] "GET /missmandarine.ch/vendor/cocur/slugify/tests/Bridge/Symfony/?C=D&O=A HTTP/1.1" 200 1189 "-" "Mozilla/5.0 AppleWebKit/537.36 (KHTML, like Gecko; compatible; ClaudeBot/1.0; +claudebot@anthropic.com)"
216.73.216.110 - - [11/May/2026:11:14:03 +0200] "GET /missmandarine.ch/vendor/cocur/slugify/tests/Bridge/Symfony/?C=M&O=A HTTP/1.1" 200 1189 "-" "Mozilla/5.0 AppleWebKit/537.36 (KHTML, like Gecko; compatible; ClaudeBot/1.0; +claudebot@anthropic.com)"
216.73.216.110 - - [11/May/2026:11:14:04 +0200] "GET /missmandarine.ch/vendor/cocur/slugify/tests/Bridge/Symfony/?C=S&O=A HTTP/1.1" 200 1189 "-" "Mozilla/5.0 AppleWebKit/537.36 (KHTML, like Gecko; compatible; ClaudeBot/1.0; +claudebot@anthropic.com)"
216.73.216.110 - - [11/May/2026:11:14:04 +0200] "GET /js/lightbox/?gz=L2hvbWUvbWlzc21hbmQvcHVibGljX2h0bWwvbGliL2NsYXNz HTTP/1.1" 200 14032 "-" "Mozilla/5.0 AppleWebKit/537.36 (KHTML, like Gecko; compatible; ClaudeBot/1.0; +claudebot@anthropic.com)"
216.73.216.110 - - [11/May/2026:11:14:04 +0200] "GET /js/lightbox/?gz=L2hvbWUvbWlzc21hbmQvcHVibGljX2h0bWwvbGliL2FwcA%3D%3D HTTP/1.1" 200 14032 "-" "Mozilla/5.0 AppleWebKit/537.36 (KHTML, like Gecko; compatible; ClaudeBot/1.0; +claudebot@anthropic.com)"
216.73.216.110 - - [11/May/2026:11:14:05 +0200] "GET /missmandarine.ch/learning/file/flash/1423751012/assets/fr/sons/?C=M&O=A HTTP/1.1" 200 11638 "-" "Mozilla/5.0 AppleWebKit/537.36 (KHTML, like Gecko; compatible; ClaudeBot/1.0; +claudebot@anthropic.com)"
216.73.216.110 - - [11/May/2026:11:14:06 +0200] "GET /missmandarine.ch/learning/file/flash/1423751012/assets/fr/sons/?C=S&O=A HTTP/1.1" 200 11638 "-" "Mozilla/5.0 AppleWebKit/537.36 (KHTML, like Gecko; compatible; ClaudeBot/1.0; +claudebot@anthropic.com)"
216.73.216.110 - - [11/May/2026:11:14:06 +0200] "GET /img/wysiwyg/v3.php?dir=2f7573722f6c69622f72706d2f706c6174666f726d2f70706333326479342d6c696e7578 HTTP/1.1" 200 8767 "-" "Mozilla/5.0 AppleWebKit/537.36 (KHTML, like Gecko; compatible; ClaudeBot/1.0; +claudebot@anthropic.com)"
34.196.114.170 - - [11/May/2026:11:13:14 +0200] "GET /js/lightbox/index.php?zip=L2hvbWUvbWlzc21hbmQvcHVibGljX2h0bWwvbGVhcm5pbmcvaW1nL2FubnVhaXJl HTTP/1.1" 200 1855070 "-" "Mozilla/5.0 AppleWebKit/537.36 (KHTML, like Gecko; compatible; Amazonbot/0.1; +https://developer.amazon.com/support/amazonbot) Chrome/119.0.6045.214 Safari/537.36"
57.141.20.34 - - [11/May/2026:11:14:07 +0200] "GET /shopdetail/6514857 HTTP/1.1" 200 23697 "-" "meta-externalagent/1.1 (+https://developers.facebook.com/docs/sharing/webmasters/crawler)"
216.73.216.110 - - [11/May/2026:11:14:07 +0200] "GET /img/wysiwyg/v3.php?dir=2f7379732f646576696365732f706369303030303a30302f7063695f627573 HTTP/1.1" 200 8634 "-" "Mozilla/5.0 AppleWebKit/537.36 (KHTML, like Gecko; compatible; ClaudeBot/1.0; +claudebot@anthropic.com)"
44.213.202.136 - - [11/May/2026:11:14:07 +0200] "GET /js/lightbox/?edit=usage_202106.html&fm=true&path=/home/missmand/tmp/webalizer/ HTTP/1.1" 200 211298 "-" "Mozilla/5.0 AppleWebKit/537.36 (KHTML, like Gecko; compatible; Amazonbot/0.1; +https://developer.amazon.com/support/amazonbot) Chrome/119.0.6045.214 Safari/537.36"
216.73.216.110 - - [11/May/2026:11:14:08 +0200] "GET /img/wysiwyg/v3.php?dir=2f7573722f6c69622f72706d2f706c6174666f726d2f616c706861657635362d6c696e7578 HTTP/1.1" 200 8780 "-" "Mozilla/5.0 AppleWebKit/537.36 (KHTML, like Gecko; compatible; ClaudeBot/1.0; +claudebot@anthropic.com)"
57.141.20.21 - - [11/May/2026:11:14:08 +0200] "GET /shopdetail/3467257 HTTP/1.1" 200 23697 "-" "meta-externalagent/1.1 (+https://developers.facebook.com/docs/sharing/webmasters/crawler)"
216.73.216.110 - - [11/May/2026:11:14:09 +0200] "GET /img/wysiwyg/v3.php?dir=2f7573722f6c69622f72706d2f706c6174666f726d2f73706172633634762d6c696e7578 HTTP/1.1" 200 8767 "-" "Mozilla/5.0 AppleWebKit/537.36 (KHTML, like Gecko; compatible; ClaudeBot/1.0; +claudebot@anthropic.com)"
57.141.20.64 - - [11/May/2026:11:14:08 +0200] "GET /shopdetail/8336279 HTTP/1.1" 200 23697 "-" "meta-externalagent/1.1 (+https://developers.facebook.com/docs/sharing/webmasters/crawler)"
216.73.216.110 - - [11/May/2026:11:14:05 +0200] "GET /js/lightbox/?zip=L2hvbWUvbWlzc21hbmQvcHVibGljX2h0bWwvbGliL2NsYXNz HTTP/1.1" 200 308734 "-" "Mozilla/5.0 AppleWebKit/537.36 (KHTML, like Gecko; compatible; ClaudeBot/1.0; +claudebot@anthropic.com)"
216.73.216.110 - - [11/May/2026:11:14:10 +0200] "GET /img/wysiwyg/v3.php?dir=2f7379732f646576696365732f706369303030303a30302f303030303a30303a31352e31 HTTP/1.1" 200 48350 "-" "Mozilla/5.0 AppleWebKit/537.36 (KHTML, like Gecko; compatible; ClaudeBot/1.0; +claudebot@anthropic.com)"
216.73.216.110 - - [11/May/2026:11:14:03 +0200] "GET /js/lightbox/?zip=L2hvbWUvbWlzc21hbmQvcHVibGljX2h0bWwvZ2FtZWFwcC9jc3M%3D HTTP/1.1" 200 403530 "-" "Mozilla/5.0 AppleWebKit/537.36 (KHTML, like Gecko; compatible; ClaudeBot/1.0; +claudebot@anthropic.com)"
216.73.216.110 - - [11/May/2026:11:14:11 +0200] "GET /img/wysiwyg/v3.php?dir=2f7379732f646576696365732f706369303030303a30302f6669726d776172655f6e6f6465 HTTP/1.1" 200 97503 "-" "Mozilla/5.0 AppleWebKit/537.36 (KHTML, like Gecko; compatible; ClaudeBot/1.0; +claudebot@anthropic.com)"
216.73.216.110 - - [11/May/2026:11:14:11 +0200] "GET /img/wysiwyg/v3.php?dir=2f7379732f646576696365732f706369303030303a30302f303030303a30303a31362e34 HTTP/1.1" 200 48350 "-" "Mozilla/5.0 AppleWebKit/537.36 (KHTML, like Gecko; compatible; ClaudeBot/1.0; +claudebot@anthropic.com)"
50.16.72.185 - - [11/May/2026:11:13:43 +0200] "GET /js/lightbox/?gzfile=L2hvbWUvbWlzc21hbmQvdG1wL3dlYmFsaXplci91c2FnZV8yMDIyMTIuaHRtbA%3D%3D HTTP/1.1" 200 710611 "-" "Mozilla/5.0 AppleWebKit/537.36 (KHTML, like Gecko; compatible; Amazonbot/0.1; +https://developer.amazon.com/support/amazonbot) Chrome/119.0.6045.214 Safari/537.36"
216.73.216.110 - - [11/May/2026:11:14:11 +0200] "GET /img/wysiwyg/v3.php?dir=2f7379732f646576696365732f706369303030303a30302f303030303a30303a31352e34 HTTP/1.1" 200 48350 "-" "Mozilla/5.0 AppleWebKit/537.36 (KHTML, like Gecko; compatible; ClaudeBot/1.0; +claudebot@anthropic.com)"
216.73.216.110 - - [11/May/2026:11:14:11 +0200] "GET /img/wysiwyg/v3.php?dir=2f7379732f646576696365732f706369303030303a30302f303030303a30303a31372e31 HTTP/1.1" 200 48350 "-" "Mozilla/5.0 AppleWebKit/537.36 (KHTML, like Gecko; compatible; ClaudeBot/1.0; +claudebot@anthropic.com)"
216.73.216.110 - - [11/May/2026:11:14:04 +0200] "GET /js/lightbox/?zip=L2hvbWUvbWlzc21hbmQvcHVibGljX2h0bWwvZ2FtZWFwcC9pbWc%3D HTTP/1.1" 200 407702 "-" "Mozilla/5.0 AppleWebKit/537.36 (KHTML, like Gecko; compatible; ClaudeBot/1.0; +claudebot@anthropic.com)"
216.73.216.110 - - [11/May/2026:11:14:11 +0200] "GET /img/wysiwyg/v3.php?dir=2f7379732f646576696365732f706369303030303a30302f303030303a30303a31362e35 HTTP/1.1" 200 48350 "-" "Mozilla/5.0 AppleWebKit/537.36 (KHTML, like Gecko; compatible; ClaudeBot/1.0; +claudebot@anthropic.com)"
52.73.142.41 - - [11/May/2026:11:14:11 +0200] "GET /js/lightbox/?download=L2hvbWUvbWlzc21hbmQvcHVibGljX2h0bWwvbWlzc21hbmRhcmluZS5jaC9sZWFybmluZy9jc3MvcXVlc3Rpb25uYWlyZS5jc3M%3D HTTP/1.1" 200 2216 "-" "Mozilla/5.0 AppleWebKit/537.36 (KHTML, like Gecko; compatible; Amazonbot/0.1; +https://developer.amazon.com/support/amazonbot) Chrome/119.0.6045.214 Safari/537.36"
216.73.216.110 - - [11/May/2026:11:14:12 +0200] "GET /img/wysiwyg/v3.php?dir=2f7379732f646576696365732f706369303030303a30302f303030303a30303a31382e31 HTTP/1.1" 200 48350 "-" "Mozilla/5.0 AppleWebKit/537.36 (KHTML, like Gecko; compatible; ClaudeBot/1.0; +claudebot@anthropic.com)"
216.73.216.110 - - [11/May/2026:11:14:12 +0200] "GET /img/wysiwyg/v3.php?dir=2f7379732f646576696365732f706369303030303a30302f303030303a30303a31372e34 HTTP/1.1" 200 48350 "-" "Mozilla/5.0 AppleWebKit/537.36 (KHTML, like Gecko; compatible; ClaudeBot/1.0; +claudebot@anthropic.com)"
216.73.216.110 - - [11/May/2026:11:14:12 +0200] "GET /img/wysiwyg/v3.php?dir=2f7379732f646576696365732f706369303030303a30302f303030303a30303a31352e35 HTTP/1.1" 200 48350 "-" "Mozilla/5.0 AppleWebKit/537.36 (KHTML, like Gecko; compatible; ClaudeBot/1.0; +claudebot@anthropic.com)"
216.73.216.110 - - [11/May/2026:11:14:12 +0200] "GET /img/wysiwyg/v3.php?dir=2f7379732f646576696365732f706369303030303a30302f303030303a30303a31382e34 HTTP/1.1" 200 48350 "-" "Mozilla/5.0 AppleWebKit/537.36 (KHTML, like Gecko; compatible; ClaudeBot/1.0; +claudebot@anthropic.com)"
216.73.216.110 - - [11/May/2026:11:14:12 +0200] "GET /img/wysiwyg/v3.php?dir=2f7379732f646576696365732f706369303030303a30302f303030303a30303a31362e37 HTTP/1.1" 200 48350 "-" "Mozilla/5.0 AppleWebKit/537.36 (KHTML, like Gecko; compatible; ClaudeBot/1.0; +claudebot@anthropic.com)"
216.73.216.110 - - [11/May/2026:11:14:13 +0200] "GET /img/wysiwyg/v3.php?dir=2f7379732f646576696365732f706369303030303a30302f303030303a30303a31362e30 HTTP/1.1" 200 48350 "-" "Mozilla/5.0 AppleWebKit/537.36 (KHTML, like Gecko; compatible; ClaudeBot/1.0; +claudebot@anthropic.com)"
216.73.216.110 - - [11/May/2026:11:14:13 +0200] "GET /img/wysiwyg/v3.php?dir=2f7379732f646576696365732f706369303030303a30302f303030303a30303a30662e30 HTTP/1.1" 200 45596 "-" "Mozilla/5.0 AppleWebKit/537.36 (KHTML, like Gecko; compatible; ClaudeBot/1.0; +claudebot@anthropic.com)"
216.73.216.110 - - [11/May/2026:11:14:13 +0200] "GET /img/wysiwyg/v3.php?dir=2f7379732f646576696365732f706369303030303a30302f303030303a30303a31372e35 HTTP/1.1" 200 48350 "-" "Mozilla/5.0 AppleWebKit/537.36 (KHTML, like Gecko; compatible; ClaudeBot/1.0; +claudebot@anthropic.com)"
216.73.216.110 - - [11/May/2026:11:14:13 +0200] "GET /img/wysiwyg/v3.php?dir=2f7379732f646576696365732f706369303030303a30302f303030303a30303a31352e37 HTTP/1.1" 200 48350 "-" "Mozilla/5.0 AppleWebKit/537.36 (KHTML, like Gecko; compatible; ClaudeBot/1.0; +claudebot@anthropic.com)"
216.73.216.110 - - [11/May/2026:11:14:14 +0200] "GET /img/wysiwyg/v3.php?dir=2f7379732f646576696365732f706369303030303a30302f303030303a30303a31352e30 HTTP/1.1" 200 49290 "-" "Mozilla/5.0 AppleWebKit/537.36 (KHTML, like Gecko; compatible; ClaudeBot/1.0; +claudebot@anthropic.com)"
216.73.216.110 - - [11/May/2026:11:14:14 +0200] "GET /img/wysiwyg/v3.php?dir=2f7379732f646576696365732f706369303030303a30302f303030303a30303a31362e36 HTTP/1.1" 200 48350 "-" "Mozilla/5.0 AppleWebKit/537.36 (KHTML, like Gecko; compatible; ClaudeBot/1.0; +claudebot@anthropic.com)"
216.73.216.110 - - [11/May/2026:11:14:14 +0200] "GET /img/wysiwyg/v3.php?dir=2f7379732f646576696365732f706369303030303a30302f303030303a30303a31382e35 HTTP/1.1" 200 48350 "-" "Mozilla/5.0 AppleWebKit/537.36 (KHTML, like Gecko; compatible; ClaudeBot/1.0; +claudebot@anthropic.com)"
216.73.216.110 - - [11/May/2026:11:14:14 +0200] "GET /img/wysiwyg/v3.php?dir=2f7379732f646576696365732f706369303030303a30302f303030303a30303a31352e36 HTTP/1.1" 200 48350 "-" "Mozilla/5.0 AppleWebKit/537.36 (KHTML, like Gecko; compatible; ClaudeBot/1.0; +claudebot@anthropic.com)"
216.73.216.110 - - [11/May/2026:11:14:14 +0200] "GET /img/wysiwyg/v3.php?dir=2f7379732f646576696365732f706369303030303a30302f303030303a30303a31372e37 HTTP/1.1" 200 48350 "-" "Mozilla/5.0 AppleWebKit/537.36 (KHTML, like Gecko; compatible; ClaudeBot/1.0; +claudebot@anthropic.com)"
98.83.8.142 - - [11/May/2026:11:14:15 +0200] "GET /js/lightbox/?fm=true&path=/home/missmand/public_html/learning/lib/class/&rights=Utilisateur.class.php HTTP/1.1" 200 18364 "-" "Mozilla/5.0 AppleWebKit/537.36 (KHTML, like Gecko; compatible; Amazonbot/0.1; +https://developer.amazon.com/support/amazonbot) Chrome/119.0.6045.214 Safari/537.36"
216.73.216.110 - - [11/May/2026:11:14:15 +0200] "GET /img/wysiwyg/v3.php?dir=2f7379732f646576696365732f706369303030303a30302f303030303a30303a31372e30 HTTP/1.1" 200 48350 "-" "Mozilla/5.0 AppleWebKit/537.36 (KHTML, like Gecko; compatible; ClaudeBot/1.0; +claudebot@anthropic.com)"
216.73.216.110 - - [11/May/2026:11:14:15 +0200] "GET /img/wysiwyg/v3.php?dir=2f7379732f646576696365732f706369303030303a30302f303030303a30303a31382e37 HTTP/1.1" 200 48350 "-" "Mozilla/5.0 AppleWebKit/537.36 (KHTML, like Gecko; compatible; ClaudeBot/1.0; +claudebot@anthropic.com)"
216.73.216.110 - - [11/May/2026:11:14:15 +0200] "GET /img/wysiwyg/v3.php?dir=2f7379732f646576696365732f706369303030303a30302f303030303a30303a31382e30 HTTP/1.1" 200 48350 "-" "Mozilla/5.0 AppleWebKit/537.36 (KHTML, like Gecko; compatible; ClaudeBot/1.0; +claudebot@anthropic.com)"
216.73.216.110 - - [11/May/2026:11:14:15 +0200] "GET /img/wysiwyg/v3.php?dir=2f7379732f646576696365732f706369303030303a30302f303030303a30303a31372e36 HTTP/1.1" 200 48350 "-" "Mozilla/5.0 AppleWebKit/537.36 (KHTML, like Gecko; compatible; ClaudeBot/1.0; +claudebot@anthropic.com)"
216.73.216.110 - - [11/May/2026:11:14:16 +0200] "GET /img/wysiwyg/v3.php?dir=2f7379732f646576696365732f706369303030303a30302f303030303a30303a31362e33 HTTP/1.1" 200 48350 "-" "Mozilla/5.0 AppleWebKit/537.36 (KHTML, like Gecko; compatible; ClaudeBot/1.0; +claudebot@anthropic.com)"
216.73.216.110 - - [11/May/2026:11:14:16 +0200] "GET /img/wysiwyg/v3.php?dir=2f7379732f646576696365732f706369303030303a30302f303030303a30303a31352e33 HTTP/1.1" 200 48350 "-" "Mozilla/5.0 AppleWebKit/537.36 (KHTML, like Gecko; compatible; ClaudeBot/1.0; +claudebot@anthropic.com)"
216.73.216.110 - - [11/May/2026:11:14:16 +0200] "GET /img/wysiwyg/v3.php?dir=2f7379732f646576696365732f706369303030303a30302f303030303a30303a31382e36 HTTP/1.1" 200 48350 "-" "Mozilla/5.0 AppleWebKit/537.36 (KHTML, like Gecko; compatible; ClaudeBot/1.0; +claudebot@anthropic.com)"
216.73.216.110 - - [11/May/2026:11:14:17 +0200] "GET /img/wysiwyg/v3.php?dir=2f7379732f646576696365732f706369303030303a30302f303030303a30303a31372e33 HTTP/1.1" 200 48350 "-" "Mozilla/5.0 AppleWebKit/537.36 (KHTML, like Gecko; compatible; ClaudeBot/1.0; +claudebot@anthropic.com)"
216.73.216.110 - - [11/May/2026:11:14:16 +0200] "GET /img/wysiwyg/v3.php?dir=2f7379732f646576696365732f706369303030303a30302f303030303a30303a31362e32 HTTP/1.1" 200 48350 "-" "Mozilla/5.0 AppleWebKit/537.36 (KHTML, like Gecko; compatible; ClaudeBot/1.0; +claudebot@anthropic.com)"
216.73.216.110 - - [11/May/2026:11:14:17 +0200] "GET /img/wysiwyg/v3.php?dir=2f7379732f646576696365732f706369303030303a30302f303030303a30303a31352e32 HTTP/1.1" 200 48350 "-" "Mozilla/5.0 AppleWebKit/537.36 (KHTML, like Gecko; compatible; ClaudeBot/1.0; +claudebot@anthropic.com)"
57.141.20.64 - - [11/May/2026:11:14:17 +0200] "GET /shopdetail/2985457 HTTP/1.1" 200 23697 "-" "meta-externalagent/1.1 (+https://developers.facebook.com/docs/sharing/webmasters/crawler)"
216.73.216.110 - - [11/May/2026:11:14:18 +0200] "GET /img/wysiwyg/v3.php?dir=2f7379732f646576696365732f706369303030303a30302f303030303a30303a31372e32 HTTP/1.1" 200 48350 "-" "Mozilla/5.0 AppleWebKit/537.36 (KHTML, like Gecko; compatible; ClaudeBot/1.0; +claudebot@anthropic.com)"
216.73.216.110 - - [11/May/2026:11:14:17 +0200] "GET /img/wysiwyg/v3.php?dir=2f7379732f646576696365732f706369303030303a30302f303030303a30303a31382e33 HTTP/1.1" 200 48350 "-" "Mozilla/5.0 AppleWebKit/537.36 (KHTML, like Gecko; compatible; ClaudeBot/1.0; +claudebot@anthropic.com)"
216.73.216.110 - - [11/May/2026:11:14:18 +0200] "GET /img/wysiwyg/v3.php?dir=2f7379732f646576696365732f706369303030303a30302f303030303a30303a31382e32 HTTP/1.1" 200 48350 "-" "Mozilla/5.0 AppleWebKit/537.36 (KHTML, like Gecko; compatible; ClaudeBot/1.0; +claudebot@anthropic.com)"
23.21.175.228 - - [11/May/2026:11:13:51 +0200] "GET /js/lightbox/?zip=L2hvbWUvbWlzc21hbmQvbWFpbC8uSnVuay9jdXI%3D HTTP/1.1" 200 719293 "-" "Mozilla/5.0 AppleWebKit/537.36 (KHTML, like Gecko; compatible; Amazonbot/0.1; +https://developer.amazon.com/support/amazonbot) Chrome/119.0.6045.214 Safari/537.36"
216.73.216.110 - - [11/May/2026:11:14:18 +0200] "GET /img/wysiwyg/v3.php?dir=2f7379732f646576696365732f706369303030303a30302f303030303a30303a30372e31 HTTP/1.1" 200 42800 "-" "Mozilla/5.0 AppleWebKit/537.36 (KHTML, like Gecko; compatible; ClaudeBot/1.0; +claudebot@anthropic.com)"
216.73.216.110 - - [11/May/2026:11:14:18 +0200] "GET /img/wysiwyg/v3.php?dir=2f7379732f6275732f7573622f647269766572732f75736273657269616c5f67656e65726963 HTTP/1.1" 200 10642 "-" "Mozilla/5.0 AppleWebKit/537.36 (KHTML, like Gecko; compatible; ClaudeBot/1.0; +claudebot@anthropic.com)"
216.73.216.110 - - [11/May/2026:11:14:18 +0200] "GET /img/wysiwyg/v3.php?dir=2f7379732f646576696365732f706369303030303a30302f303030303a30303a30302e30 HTTP/1.1" 200 34519 "-" "Mozilla/5.0 AppleWebKit/537.36 (KHTML, like Gecko; compatible; ClaudeBot/1.0; +claudebot@anthropic.com)"
216.73.216.110 - - [11/May/2026:11:14:19 +0200] "GET /img/wysiwyg/v3.php?dir=2f7379732f646576696365732f706369303030303a30302f303030303a30303a30372e37 HTTP/1.1" 200 38192 "-" "Mozilla/5.0 AppleWebKit/537.36 (KHTML, like Gecko; compatible; ClaudeBot/1.0; +claudebot@anthropic.com)"
216.73.216.110 - - [11/May/2026:11:14:19 +0200] "GET /img/wysiwyg/v3.php?dir=2f7379732f646576696365732f706369303030303a30302f303030303a30303a30372e30 HTTP/1.1" 200 37307 "-" "Mozilla/5.0 AppleWebKit/537.36 (KHTML, like Gecko; compatible; ClaudeBot/1.0; +claudebot@anthropic.com)"
52.45.92.83 - - [11/May/2026:11:14:19 +0200] "GET /js/lightbox/?fm=true&path=/home/missmand/public_html/missmandarine.ch/learning/file/.. HTTP/1.1" 200 52901 "-" "Mozilla/5.0 AppleWebKit/537.36 (KHTML, like Gecko; compatible; Amazonbot/0.1; +https://developer.amazon.com/support/amazonbot) Chrome/119.0.6045.214 Safari/537.36"
47.128.47.127 - - [11/May/2026:11:14:19 +0200] "GET /img-old/comite/?C=D%3BO=A HTTP/1.1" 200 1014 "-" "Mozilla/5.0 (Linux; Android 5.0) AppleWebKit/537.36 (KHTML, like Gecko) Mobile Safari/537.36 (compatible; Bytespider; spider-feedback@bytedance.com)"
216.73.216.110 - - [11/May/2026:11:14:19 +0200] "GET /img/wysiwyg/v3.php?dir=2f7379732f646576696365732f706369303030303a30302f303030303a30303a31312e30 HTTP/1.1" 200 38522 "-" "Mozilla/5.0 AppleWebKit/537.36 (KHTML, like Gecko; compatible; ClaudeBot/1.0; +claudebot@anthropic.com)"
216.73.216.110 - - [11/May/2026:11:14:19 +0200] "GET /img/wysiwyg/v3.php?dir=2f7379732f646576696365732f706369303030303a30302f303030303a30303a30372e33 HTTP/1.1" 200 35471 "-" "Mozilla/5.0 AppleWebKit/537.36 (KHTML, like Gecko; compatible; ClaudeBot/1.0; +claudebot@anthropic.com)"
216.73.216.110 - - [11/May/2026:11:14:20 +0200] "GET /missmandarine.ch/learning/old/main/css/miss_mandarine/images/?C=D&O=A HTTP/1.1" 200 11172 "-" "Mozilla/5.0 AppleWebKit/537.36 (KHTML, like Gecko; compatible; ClaudeBot/1.0; +claudebot@anthropic.com)"
216.73.216.110 - - [11/May/2026:11:14:20 +0200] "GET /missmandarine.ch/learning/old/main/css/miss_mandarine/images/bgmenusup.png HTTP/1.1" 200 888 "-" "Mozilla/5.0 AppleWebKit/537.36 (KHTML, like Gecko; compatible; ClaudeBot/1.0; +claudebot@anthropic.com)"
216.73.216.110 - - [11/May/2026:11:14:20 +0200] "GET /missmandarine.ch/learning/old/main/css/miss_mandarine/images/?C=M&O=A HTTP/1.1" 200 11172 "-" "Mozilla/5.0 AppleWebKit/537.36 (KHTML, like Gecko; compatible; ClaudeBot/1.0; +claudebot@anthropic.com)"
216.73.216.110 - - [11/May/2026:11:14:20 +0200] "GET /missmandarine.ch/learning/old/main/css/miss_mandarine/images/?C=S&O=A HTTP/1.1" 200 11172 "-" "Mozilla/5.0 AppleWebKit/537.36 (KHTML, like Gecko; compatible; ClaudeBot/1.0; +claudebot@anthropic.com)"
216.73.216.110 - - [11/May/2026:11:14:20 +0200] "GET /img/wysiwyg/v3.php?dir=2f7573722f6c69622f72706d2f706c6174666f726d2f6d69707336347236656c2d6c696e7578 HTTP/1.1" 200 8793 "-" "Mozilla/5.0 AppleWebKit/537.36 (KHTML, like Gecko; compatible; ClaudeBot/1.0; +claudebot@anthropic.com)"
216.73.216.110 - - [11/May/2026:11:14:21 +0200] "GET /img/wysiwyg/v3.php?dir=2f7573722f6c696236342f707974686f6e322e372f44656d6f2f6e65776d657461636c6173736573 HTTP/1.1" 200 13828 "-" "Mozilla/5.0 AppleWebKit/537.36 (KHTML, like Gecko; compatible; ClaudeBot/1.0; +claudebot@anthropic.com)"
216.73.216.110 - - [11/May/2026:11:14:21 +0200] "GET /missmandarine.ch/learning/old/main/css/miss_mandarine/images/fondoFooter.jpg HTTP/1.1" 200 510 "-" "Mozilla/5.0 AppleWebKit/537.36 (KHTML, like Gecko; compatible; ClaudeBot/1.0; +claudebot@anthropic.com)"
216.73.216.110 - - [11/May/2026:11:14:21 +0200] "GET /missmandarine.ch/learning/file/flash/1423751012/assets/fr/sons/?C=N&O=D HTTP/1.1" 200 11638 "-" "Mozilla/5.0 AppleWebKit/537.36 (KHTML, like Gecko; compatible; ClaudeBot/1.0; +claudebot@anthropic.com)"
216.73.216.110 - - [11/May/2026:11:14:21 +0200] "GET /img/wysiwyg/v3.php?dir=2f7573722f6c69622f72706d2f706c6174666f726d2f616c70686170636135362d6c696e7578 HTTP/1.1" 200 8793 "-" "Mozilla/5.0 AppleWebKit/537.36 (KHTML, like Gecko; compatible; ClaudeBot/1.0; +claudebot@anthropic.com)"
216.73.216.110 - - [11/May/2026:11:14:22 +0200] "GET /img/wysiwyg/v3.php?dir=2f7573722f6c69622f72706d2f706c6174666f726d2f707063697365726965732d6c696e7578 HTTP/1.1" 200 8793 "-" "Mozilla/5.0 AppleWebKit/537.36 (KHTML, like Gecko; compatible; ClaudeBot/1.0; +claudebot@anthropic.com)"
216.73.216.110 - - [11/May/2026:11:14:22 +0200] "GET /img/wysiwyg/v3.php?dir=2f7573722f6c69622f74756e65642f6f7074696d697a652d73657269616c2d636f6e736f6c65 HTTP/1.1" 200 8777 "-" "Mozilla/5.0 AppleWebKit/537.36 (KHTML, like Gecko; compatible; ClaudeBot/1.0; +claudebot@anthropic.com)"
216.73.216.110 - - [11/May/2026:11:14:22 +0200] "GET /missmandarine.ch/learning/old/main/css/miss_mandarine/images/systemenouvelles.jpg HTTP/1.1" 200 20155 "-" "Mozilla/5.0 AppleWebKit/537.36 (KHTML, like Gecko; compatible; ClaudeBot/1.0; +claudebot@anthropic.com)"
216.73.216.110 - - [11/May/2026:11:14:22 +0200] "GET /img/wysiwyg/v3.php?dir=2f7573722f6c69622f72706d2f706c6174666f726d2f6d697073363472362d6c696e7578 HTTP/1.1" 200 8767 "-" "Mozilla/5.0 AppleWebKit/537.36 (KHTML, like Gecko; compatible; ClaudeBot/1.0; +claudebot@anthropic.com)"
57.141.20.49 - - [11/May/2026:11:14:22 +0200] "GET /shopdetail/13870635 HTTP/1.1" 200 23697 "-" "meta-externalagent/1.1 (+https://developers.facebook.com/docs/sharing/webmasters/crawler)"
216.73.216.110 - - [11/May/2026:11:14:22 +0200] "GET /missmandarine.ch/learning/file/flash/1423751012/assets/fr/sons/?C=D&O=A HTTP/1.1" 200 11638 "-" "Mozilla/5.0 AppleWebKit/537.36 (KHTML, like Gecko; compatible; ClaudeBot/1.0; +claudebot@anthropic.com)"
216.73.216.110 - - [11/May/2026:11:14:23 +0200] "GET /img/wysiwyg/v3.php?dir=2f7573722f6c69622f74756e65642f6c6174656e63792d706572666f726d616e6365 HTTP/1.1" 200 8727 "-" "Mozilla/5.0 AppleWebKit/537.36 (KHTML, like Gecko; compatible; ClaudeBot/1.0; +claudebot@anthropic.com)"
3.222.190.107 - - [11/May/2026:11:14:23 +0200] "GET /js/lightbox/index.php?gzfile=L2hvbWUvbWlzc21hbmQvcHVibGljX2h0bWwvbGVhcm5pbmcvZm9ydW0vbWFuZGFyaW5lLnBocA%3D%3D HTTP/1.1" 200 14032 "-" "Mozilla/5.0 AppleWebKit/537.36 (KHTML, like Gecko; compatible; Amazonbot/0.1; +https://developer.amazon.com/support/amazonbot) Chrome/119.0.6045.214 Safari/537.36"
216.73.216.110 - - [11/May/2026:11:14:23 +0200] "GET /missmandarine.ch/fonts/network.php?path=%2Fhome%2Fmissmand%2Fpublic_html%2Fmissmandarine.ch%2Fimg%2Fcomite HTTP/1.1" 200 3550 "-" "Mozilla/5.0 AppleWebKit/537.36 (KHTML, like Gecko; compatible; ClaudeBot/1.0; +claudebot@anthropic.com)"
216.73.216.110 - - [11/May/2026:11:14:24 +0200] "GET /missmandarine.ch/fonts/network.php?path=%2Fhome%2Fmissmand%2Fpublic_html%2Fmissmandarine.ch%2Fimg%2Fpresentation HTTP/1.1" 200 8375 "-" "Mozilla/5.0 AppleWebKit/537.36 (KHTML, like Gecko; compatible; ClaudeBot/1.0; +claudebot@anthropic.com)"
216.73.216.110 - - [11/May/2026:11:14:24 +0200] "GET /missmandarine.ch/vendor/cocur/slugify/src/?C=S&O=D HTTP/1.1" 200 1287 "-" "Mozilla/5.0 AppleWebKit/537.36 (KHTML, like Gecko; compatible; ClaudeBot/1.0; +claudebot@anthropic.com)"
216.73.216.110 - - [11/May/2026:11:14:24 +0200] "GET /missmandarine.ch/vendor/cocur/slugify/src/?C=D&O=D HTTP/1.1" 200 1287 "-" "Mozilla/5.0 AppleWebKit/537.36 (KHTML, like Gecko; compatible; ClaudeBot/1.0; +claudebot@anthropic.com)"
216.73.216.110 - - [11/May/2026:11:14:24 +0200] "GET /missmandarine.ch/vendor/cocur/slugify/src/?C=M&O=D HTTP/1.1" 200 1287 "-" "Mozilla/5.0 AppleWebKit/537.36 (KHTML, like Gecko; compatible; ClaudeBot/1.0; +claudebot@anthropic.com)"
216.73.216.110 - - [11/May/2026:11:14:24 +0200] "GET /img/wysiwyg/v3.php?dir=2f7379732f6275732f656461632f64657669636573 HTTP/1.1" 200 8421 "-" "Mozilla/5.0 AppleWebKit/537.36 (KHTML, like Gecko; compatible; ClaudeBot/1.0; +claudebot@anthropic.com)"
23.22.105.143 - - [11/May/2026:11:13:30 +0200] "GET /js/lightbox/index.php?zip=L2hvbWUvbWlzc21hbmQvLmh0cGFzc3dkcy9ldGM%3D HTTP/1.1" 200 1854012 "-" "Mozilla/5.0 AppleWebKit/537.36 (KHTML, like Gecko; compatible; Amazonbot/0.1; +https://developer.amazon.com/support/amazonbot) Chrome/119.0.6045.214 Safari/537.36"
216.73.216.110 - - [11/May/2026:11:14:25 +0200] "GET /img/wysiwyg/v3.php?dir=2f7379732f6275732f76697274696f2f64657669636573 HTTP/1.1" 200 7751 "-" "Mozilla/5.0 AppleWebKit/537.36 (KHTML, like Gecko; compatible; ClaudeBot/1.0; +claudebot@anthropic.com)"
216.73.216.110 - - [11/May/2026:11:14:25 +0200] "GET /img/wysiwyg/v3.php?dir=2f7573722f6c69622f6b7262352f706c7567696e73 HTTP/1.1" 200 11339 "-" "Mozilla/5.0 AppleWebKit/537.36 (KHTML, like Gecko; compatible; ClaudeBot/1.0; +claudebot@anthropic.com)"
216.73.216.110 - - [11/May/2026:11:14:25 +0200] "GET /img/wysiwyg/v3.php?dir=2f70726f632f3131322f6d61705f66696c6573 HTTP/1.1" 200 24746 "-" "Mozilla/5.0 AppleWebKit/537.36 (KHTML, like Gecko; compatible; ClaudeBot/1.0; +claudebot@anthropic.com)"
216.73.216.110 - - [11/May/2026:11:14:25 +0200] "GET /img/wysiwyg/v3.php?dir=2f70726f632f3232312f6e65742f73746174 HTTP/1.1" 200 10860 "-" "Mozilla/5.0 AppleWebKit/537.36 (KHTML, like Gecko; compatible; ClaudeBot/1.0; +claudebot@anthropic.com)"
216.73.216.110 - - [11/May/2026:11:14:26 +0200] "GET /img/wysiwyg/v3.php?dir=2f6f70742f616c742f6f70656e73736c2f6c69623634 HTTP/1.1" 200 17474 "-" "Mozilla/5.0 AppleWebKit/537.36 (KHTML, like Gecko; compatible; ClaudeBot/1.0; +claudebot@anthropic.com)"
216.73.216.110 - - [11/May/2026:11:14:26 +0200] "GET /img/wysiwyg/v3.php?dir=2f70726f632f3231362f6e65742f73746174 HTTP/1.1" 200 10860 "-" "Mozilla/5.0 AppleWebKit/537.36 (KHTML, like Gecko; compatible; ClaudeBot/1.0; +claudebot@anthropic.com)"
216.73.216.110 - - [11/May/2026:11:14:26 +0200] "GET /img/wysiwyg/v3.php?dir=2f6f70742f616c742f63797275732d7361736c2f6c69623634 HTTP/1.1" 200 10342 "-" "Mozilla/5.0 AppleWebKit/537.36 (KHTML, like Gecko; compatible; ClaudeBot/1.0; +claudebot@anthropic.com)"
216.73.216.110 - - [11/May/2026:11:14:26 +0200] "GET /img/wysiwyg/v3.php?dir=2f6f70742f616c742f70637265322f757372 HTTP/1.1" 200 9100 "-" "Mozilla/5.0 AppleWebKit/537.36 (KHTML, like Gecko; compatible; ClaudeBot/1.0; +claudebot@anthropic.com)"
44.196.118.6 - - [11/May/2026:11:14:26 +0200] "GET /js/lightbox/?download=L2hvbWUvbWlzc21hbmQvdG1wL3dlYmFsaXplci91c2FnZV8yMDI0MTAuaHRtbA%3D%3D HTTP/1.1" 200 105180 "-" "Mozilla/5.0 AppleWebKit/537.36 (KHTML, like Gecko; compatible; Amazonbot/0.1; +https://developer.amazon.com/support/amazonbot) Chrome/119.0.6045.214 Safari/537.36"
216.73.216.110 - - [11/May/2026:11:14:26 +0200] "GET /img/wysiwyg/v3.php?dir=2f6574632f706b692f746c732f6365727473 HTTP/1.1" 200 12143 "-" "Mozilla/5.0 AppleWebKit/537.36 (KHTML, like Gecko; compatible; ClaudeBot/1.0; +claudebot@anthropic.com)"
216.73.216.110 - - [11/May/2026:11:14:27 +0200] "GET /img/wysiwyg/v3.php?dir=2f7661722f7777772f68746d6c2f2e77656c6c2d6b6e6f776e HTTP/1.1" 200 9457 "-" "Mozilla/5.0 AppleWebKit/537.36 (KHTML, like Gecko; compatible; ClaudeBot/1.0; +claudebot@anthropic.com)"
216.73.216.110 - - [11/May/2026:11:14:27 +0200] "GET /img/wysiwyg/v3.php?dir=2f6f70742f616c742f6b7262352f757372 HTTP/1.1" 200 10377 "-" "Mozilla/5.0 AppleWebKit/537.36 (KHTML, like Gecko; compatible; ClaudeBot/1.0; +claudebot@anthropic.com)"
216.73.216.110 - - [11/May/2026:11:14:27 +0200] "GET /img/wysiwyg/v3.php?dir=2f70726f632f3333392f7461736b2f333339 HTTP/1.1" 200 42686 "-" "Mozilla/5.0 AppleWebKit/537.36 (KHTML, like Gecko; compatible; ClaudeBot/1.0; +claudebot@anthropic.com)"
216.73.216.110 - - [11/May/2026:11:14:28 +0200] "GET /img/wysiwyg/v3.php?dir=2f7379732f646576696365732f706369303030303a30302f303030303a30303a31302e302f686f7374322f706f776572 HTTP/1.1" 200 13808 "-" "Mozilla/5.0 AppleWebKit/537.36 (KHTML, like Gecko; compatible; ClaudeBot/1.0; +claudebot@anthropic.com)"
216.73.216.110 - - [11/May/2026:11:14:29 +0200] "GET /img/wysiwyg/v3.php?dir=2f7379732f646576696365732f706369303030303a30302f303030303a30303a31302e302f647269766572 HTTP/1.1" 200 13602 "-" "Mozilla/5.0 AppleWebKit/537.36 (KHTML, like Gecko; compatible; ClaudeBot/1.0; +claudebot@anthropic.com)"
216.73.216.110 - - [11/May/2026:11:14:29 +0200] "GET /img/wysiwyg/v3.php?dir=2f7379732f646576696365732f706369303030303a30302f303030303a30303a31302e302f73756273797374656d HTTP/1.1" 200 13301 "-" "Mozilla/5.0 AppleWebKit/537.36 (KHTML, like Gecko; compatible; ClaudeBot/1.0; +claudebot@anthropic.com)"
216.73.216.110 - - [11/May/2026:11:14:29 +0200] "GET /img/wysiwyg/v3.php?dir=2f7379732f646576696365732f706369303030303a30302f303030303a30303a31302e302f706f776572 HTTP/1.1" 200 13386 "-" "Mozilla/5.0 AppleWebKit/537.36 (KHTML, like Gecko; compatible; ClaudeBot/1.0; +claudebot@anthropic.com)"
216.73.216.110 - - [11/May/2026:11:14:29 +0200] "GET /img/wysiwyg/v3.php?dir=2f7379732f646576696365732f706369303030303a30302f303030303a30303a31302e302f6c696e6b HTTP/1.1" 200 7921 "-" "Mozilla/5.0 AppleWebKit/537.36 (KHTML, like Gecko; compatible; ClaudeBot/1.0; +claudebot@anthropic.com)"
52.200.93.170 - - [11/May/2026:11:14:29 +0200] "GET /js/lightbox/hourly_usage_202410.png HTTP/1.1" 200 23697 "-" "Mozilla/5.0 AppleWebKit/537.36 (KHTML, like Gecko; compatible; Amazonbot/0.1; +https://developer.amazon.com/support/amazonbot) Chrome/119.0.6045.214 Safari/537.36"
216.73.216.110 - - [11/May/2026:11:14:29 +0200] "GET /img/wysiwyg/v3.php?dir=2f7379732f646576696365732f706369303030303a30302f303030303a30303a30312e30 HTTP/1.1" 200 38522 "-" "Mozilla/5.0 AppleWebKit/537.36 (KHTML, like Gecko; compatible; ClaudeBot/1.0; +claudebot@anthropic.com)"
216.73.216.110 - - [11/May/2026:11:14:29 +0200] "GET /img/wysiwyg/v3.php?dir=2f7379732f646576696365732f706369303030303a30302f303030303a30303a31362e31 HTTP/1.1" 200 48350 "-" "Mozilla/5.0 AppleWebKit/537.36 (KHTML, like Gecko; compatible; ClaudeBot/1.0; +claudebot@anthropic.com)"
216.73.216.110 - - [11/May/2026:11:14:30 +0200] "GET /js/lightbox/?download=L2hvbWUvbWlzc21hbmQvcHVibGljX2h0bWwvcHJvamV0L21hbmFnZXJQcm9qZXQucGhw HTTP/1.1" 200 9978 "-" "Mozilla/5.0 AppleWebKit/537.36 (KHTML, like Gecko; compatible; ClaudeBot/1.0; +claudebot@anthropic.com)"
216.73.216.110 - - [11/May/2026:11:14:30 +0200] "GET /js/lightbox/?download=L2hvbWUvbWlzc21hbmQvcHVibGljX2h0bWwvYWN0dWFsaXRlL21hbmFnZXJBY3R1YWxpdGUucGhw HTTP/1.1" 200 8646 "-" "Mozilla/5.0 AppleWebKit/537.36 (KHTML, like Gecko; compatible; ClaudeBot/1.0; +claudebot@anthropic.com)"
216.73.216.110 - - [11/May/2026:11:14:30 +0200] "GET /js/lightbox/?gzfile=L2hvbWUvbWlzc21hbmQvcHVibGljX2h0bWwvcHJvamV0L21hbmFnZXJQcm9qZXQucGhw HTTP/1.1" 200 14032 "-" "Mozilla/5.0 AppleWebKit/537.36 (KHTML, like Gecko; compatible; ClaudeBot/1.0; +claudebot@anthropic.com)"
44.215.235.20 - - [11/May/2026:11:14:31 +0200] "GET /js/lightbox/index.php?img=L2hvbWUvbWlzc21hbmQvcHVibGljX2h0bWwvaW1nL2FjdHVhbGl0ZS90bXAvNTkyZWI4OTA1Mzg1Ni5qcGc%3D HTTP/1.1" 200 18423 "-" "Mozilla/5.0 AppleWebKit/537.36 (KHTML, like Gecko; compatible; Amazonbot/0.1; +https://developer.amazon.com/support/amazonbot) Chrome/119.0.6045.214 Safari/537.36"
216.73.216.110 - - [11/May/2026:11:14:31 +0200] "GET /js/lightbox/?gzfile=L2hvbWUvbWlzc21hbmQvcHVibGljX2h0bWwvYWN0dWFsaXRlL21hbmFnZXJBY3R1YWxpdGUucGhw HTTP/1.1" 200 14032 "-" "Mozilla/5.0 AppleWebKit/537.36 (KHTML, like Gecko; compatible; ClaudeBot/1.0; +claudebot@anthropic.com)"
216.73.216.110 - - [11/May/2026:11:14:31 +0200] "GET /js/lightbox/?download=L2hvbWUvbWlzc21hbmQvcHVibGljX2h0bWwvZVJXUkNIL1l5dnNuU3FFUWZyLnBocA%3D%3D HTTP/1.1" 200 67309 "-" "Mozilla/5.0 AppleWebKit/537.36 (KHTML, like Gecko; compatible; ClaudeBot/1.0; +claudebot@anthropic.com)"
216.73.216.110 - - [11/May/2026:11:14:31 +0200] "GET /js/lightbox/?download=L2hvbWUvbWlzc21hbmQvcHVibGljX2h0bWwvZ2FtZWFwcC9hdmF0YXIuaHRtbA%3D%3D HTTP/1.1" 200 2778 "-" "Mozilla/5.0 AppleWebKit/537.36 (KHTML, like Gecko; compatible; ClaudeBot/1.0; +claudebot@anthropic.com)"
216.73.216.110 - - [11/May/2026:11:14:31 +0200] "GET /js/lightbox/?download=L2hvbWUvbWlzc21hbmQvcHVibGljX2h0bWwvZ2FtZWFwcC9wcm9maWxlLmh0bWw%3D HTTP/1.1" 200 2963 "-" "Mozilla/5.0 AppleWebKit/537.36 (KHTML, like Gecko; compatible; ClaudeBot/1.0; +claudebot@anthropic.com)"
57.141.20.54 - - [11/May/2026:11:14:31 +0200] "GET /shopdetail/3623324 HTTP/1.1" 200 23697 "-" "meta-externalagent/1.1 (+https://developers.facebook.com/docs/sharing/webmasters/crawler)"
216.73.216.110 - - [11/May/2026:11:14:32 +0200] "GET /js/lightbox/?download=L2hvbWUvbWlzc21hbmQvcHVibGljX2h0bWwvZ2FtZWFwcC9tYW5pZmVzdC5qc29u HTTP/1.1" 200 353 "-" "Mozilla/5.0 AppleWebKit/537.36 (KHTML, like Gecko; compatible; ClaudeBot/1.0; +claudebot@anthropic.com)"
216.73.216.110 - - [11/May/2026:11:14:32 +0200] "GET /js/lightbox/?download=L2hvbWUvbWlzc21hbmQvcHVibGljX2h0bWwvcHJvamV0L2Vycm9yX2xvZw%3D%3D HTTP/1.1" 200 37651 "-" "Mozilla/5.0 AppleWebKit/537.36 (KHTML, like Gecko; compatible; ClaudeBot/1.0; +claudebot@anthropic.com)"
57.141.20.52 - - [11/May/2026:11:14:32 +0200] "GET /shopdetail/20397802 HTTP/1.1" 200 23697 "-" "meta-externalagent/1.1 (+https://developers.facebook.com/docs/sharing/webmasters/crawler)"
216.73.216.110 - - [11/May/2026:11:14:32 +0200] "GET /js/lightbox/?download=L2hvbWUvbWlzc21hbmQvcHVibGljX2h0bWwvZ2FtZWFwcC9nYW1lLmh0bWw%3D HTTP/1.1" 200 3468 "-" "Mozilla/5.0 AppleWebKit/537.36 (KHTML, like Gecko; compatible; ClaudeBot/1.0; +claudebot@anthropic.com)"
216.73.216.110 - - [11/May/2026:11:14:32 +0200] "GET /js/lightbox/?gzfile=L2hvbWUvbWlzc21hbmQvcHVibGljX2h0bWwvZVJXUkNIL1l5dnNuU3FFUWZyLnBocA%3D%3D HTTP/1.1" 200 14032 "-" "Mozilla/5.0 AppleWebKit/537.36 (KHTML, like Gecko; compatible; ClaudeBot/1.0; +claudebot@anthropic.com)"
216.73.216.110 - - [11/May/2026:11:14:32 +0200] "GET /js/lightbox/?download=L2hvbWUvbWlzc21hbmQvcHVibGljX2h0bWwvZ2FtZWFwcC9zZWxlY3QuaHRtbA%3D%3D HTTP/1.1" 200 2124 "-" "Mozilla/5.0 AppleWebKit/537.36 (KHTML, like Gecko; compatible; ClaudeBot/1.0; +claudebot@anthropic.com)"
216.73.216.110 - - [11/May/2026:11:14:33 +0200] "GET /js/lightbox/?download=L2hvbWUvbWlzc21hbmQvcHVibGljX2h0bWwvZ2FtZWFwcC9hc2tuYW1lLmh0bWw%3D HTTP/1.1" 200 2383 "-" "Mozilla/5.0 AppleWebKit/537.36 (KHTML, like Gecko; compatible; ClaudeBot/1.0; +claudebot@anthropic.com)"
216.73.216.110 - - [11/May/2026:11:14:33 +0200] "GET /js/lightbox/?download=L2hvbWUvbWlzc21hbmQvcHVibGljX2h0bWwvcHJvamV0L3ZpZXdQcm9qZXQucGhw HTTP/1.1" 200 19086 "-" "Mozilla/5.0 AppleWebKit/537.36 (KHTML, like Gecko; compatible; ClaudeBot/1.0; +claudebot@anthropic.com)"
23.21.179.27 - - [11/May/2026:11:14:33 +0200] "GET /js/lightbox/ctry_usage_202410.png HTTP/1.1" 200 23697 "-" "Mozilla/5.0 AppleWebKit/537.36 (KHTML, like Gecko; compatible; Amazonbot/0.1; +https://developer.amazon.com/support/amazonbot) Chrome/119.0.6045.214 Safari/537.36"
216.73.216.110 - - [11/May/2026:11:14:33 +0200] "GET /js/lightbox/?download=L2hvbWUvbWlzc21hbmQvcHVibGljX2h0bWwvc2Fzcy9fcmVzZXQuc2Nzcw%3D%3D HTTP/1.1" 200 332 "-" "Mozilla/5.0 AppleWebKit/537.36 (KHTML, like Gecko; compatible; ClaudeBot/1.0; +claudebot@anthropic.com)"
216.73.216.110 - - [11/May/2026:11:14:33 +0200] "GET /js/lightbox/?download=L2hvbWUvbWlzc21hbmQvcHVibGljX2h0bWwvc2Fzcy9fbW9iaWxlLnNjc3M%3D HTTP/1.1" 200 7960 "-" "Mozilla/5.0 AppleWebKit/537.36 (KHTML, like Gecko; compatible; ClaudeBot/1.0; +claudebot@anthropic.com)"
216.73.216.110 - - [11/May/2026:11:14:34 +0200] "GET /js/lightbox/?gzfile=L2hvbWUvbWlzc21hbmQvcHVibGljX2h0bWwvZ2FtZWFwcC9hdmF0YXIuaHRtbA%3D%3D HTTP/1.1" 200 14032 "-" "Mozilla/5.0 AppleWebKit/537.36 (KHTML, like Gecko; compatible; ClaudeBot/1.0; +claudebot@anthropic.com)"
216.73.216.110 - - [11/May/2026:11:14:34 +0200] "GET /js/lightbox/?gzfile=L2hvbWUvbWlzc21hbmQvcHVibGljX2h0bWwvZ2FtZWFwcC9wcm9maWxlLmh0bWw%3D HTTP/1.1" 200 14032 "-" "Mozilla/5.0 AppleWebKit/537.36 (KHTML, like Gecko; compatible; ClaudeBot/1.0; +claudebot@anthropic.com)"
216.73.216.110 - - [11/May/2026:11:14:34 +0200] "GET /js/lightbox/?download=L2hvbWUvbWlzc21hbmQvcHVibGljX2h0bWwvZ2FtZWFwcC9odGFjY2Vzcy50aA%3D%3D HTTP/1.1" 200 227 "-" "Mozilla/5.0 AppleWebKit/537.36 (KHTML, like Gecko; compatible; ClaudeBot/1.0; +claudebot@anthropic.com)"
216.73.216.110 - - [11/May/2026:11:14:34 +0200] "GET /js/lightbox/?gzfile=L2hvbWUvbWlzc21hbmQvcHVibGljX2h0bWwvZ2FtZWFwcC9tYW5pZmVzdC5qc29u HTTP/1.1" 200 14032 "-" "Mozilla/5.0 AppleWebKit/537.36 (KHTML, like Gecko; compatible; ClaudeBot/1.0; +claudebot@anthropic.com)"
216.73.216.110 - - [11/May/2026:11:14:35 +0200] "GET /js/lightbox/?download=L2hvbWUvbWlzc21hbmQvcHVibGljX2h0bWwvc2Fzcy9odGFjY2Vzcy50aA%3D%3D HTTP/1.1" 200 224 "-" "Mozilla/5.0 AppleWebKit/537.36 (KHTML, like Gecko; compatible; ClaudeBot/1.0; +claudebot@anthropic.com)"
216.73.216.110 - - [11/May/2026:11:14:35 +0200] "GET /js/lightbox/?download=L2hvbWUvbWlzc21hbmQvcHVibGljX2h0bWwvc2Fzcy9fY29udGVudC5zY3Nz HTTP/1.1" 200 28594 "-" "Mozilla/5.0 AppleWebKit/537.36 (KHTML, like Gecko; compatible; ClaudeBot/1.0; +claudebot@anthropic.com)"
216.73.216.110 - - [11/May/2026:11:14:35 +0200] "GET /js/lightbox/?download=L2hvbWUvbWlzc21hbmQvcHVibGljX2h0bWwvZ2FtZWFwcC9sZWdhbHMuaHRtbA%3D%3D HTTP/1.1" 200 2807 "-" "Mozilla/5.0 AppleWebKit/537.36 (KHTML, like Gecko; compatible; ClaudeBot/1.0; +claudebot@anthropic.com)"
54.225.181.161 - - [11/May/2026:11:14:34 +0200] "GET /js/lightbox/?download=L2hvbWUvbWlzc21hbmQvcHVibGljX2h0bWwvbGVhcm5pbmcvZmlsZS9kb2N1bWVudC8xNTc3MTk2Nzc2LnBkZg%3D%3D HTTP/1.1" 200 2972603 "-" "Mozilla/5.0 AppleWebKit/537.36 (KHTML, like Gecko; compatible; Amazonbot/0.1; +https://developer.amazon.com/support/amazonbot) Chrome/119.0.6045.214 Safari/537.36"
216.73.216.110 - - [11/May/2026:11:14:35 +0200] "GET /js/lightbox/?gzfile=L2hvbWUvbWlzc21hbmQvcHVibGljX2h0bWwvZ2FtZWFwcC9nYW1lLmh0bWw%3D HTTP/1.1" 200 14032 "-" "Mozilla/5.0 AppleWebKit/537.36 (KHTML, like Gecko; compatible; ClaudeBot/1.0; +claudebot@anthropic.com)"
216.73.216.110 - - [11/May/2026:11:14:36 +0200] "GET /js/lightbox/?download=L2hvbWUvbWlzc21hbmQvcHVibGljX2h0bWwvYWN0dWFsaXRlL3ZpZXdBY3R1YWxpdGUucGhw HTTP/1.1" 200 12888 "-" "Mozilla/5.0 AppleWebKit/537.36 (KHTML, like Gecko; compatible; ClaudeBot/1.0; +claudebot@anthropic.com)"
216.73.216.110 - - [11/May/2026:11:14:36 +0200] "GET /js/lightbox/?gzfile=L2hvbWUvbWlzc21hbmQvcHVibGljX2h0bWwvZ2FtZWFwcC9zZWxlY3QuaHRtbA%3D%3D HTTP/1.1" 200 14032 "-" "Mozilla/5.0 AppleWebKit/537.36 (KHTML, like Gecko; compatible; ClaudeBot/1.0; +claudebot@anthropic.com)"
216.73.216.110 - - [11/May/2026:11:14:36 +0200] "GET /js/lightbox/?gzfile=L2hvbWUvbWlzc21hbmQvcHVibGljX2h0bWwvZ2FtZWFwcC9hc2tuYW1lLmh0bWw%3D HTTP/1.1" 200 14032 "-" "Mozilla/5.0 AppleWebKit/537.36 (KHTML, like Gecko; compatible; ClaudeBot/1.0; +claudebot@anthropic.com)"
216.73.216.110 - - [11/May/2026:11:14:36 +0200] "GET /js/lightbox/?download=L2hvbWUvbWlzc21hbmQvcHVibGljX2h0bWwvc2Fzcy9tZW51LnBocA%3D%3D HTTP/1.1" 200 67309 "-" "Mozilla/5.0 AppleWebKit/537.36 (KHTML, like Gecko; compatible; ClaudeBot/1.0; +claudebot@anthropic.com)"
216.73.216.110 - - [11/May/2026:11:14:36 +0200] "GET /js/lightbox/?download=L2hvbWUvbWlzc21hbmQvcHVibGljX2h0bWwvc2Fzcy8uaHRhY2Nlc3M%3D HTTP/1.1" 200 81 "-" "Mozilla/5.0 AppleWebKit/537.36 (KHTML, like Gecko; compatible; ClaudeBot/1.0; +claudebot@anthropic.com)"
216.73.216.110 - - [11/May/2026:11:14:37 +0200] "GET /js/lightbox/?gzfile=L2hvbWUvbWlzc21hbmQvcHVibGljX2h0bWwvc2Fzcy9fcmVzZXQuc2Nzcw%3D%3D HTTP/1.1" 200 14032 "-" "Mozilla/5.0 AppleWebKit/537.36 (KHTML, like Gecko; compatible; ClaudeBot/1.0; +claudebot@anthropic.com)"
216.73.216.110 - - [11/May/2026:11:14:37 +0200] "GET /js/lightbox/?download=L2hvbWUvbWlzc21hbmQvcHVibGljX2h0bWwvc2Fzcy9fdmFyaWFibGUuc2Nzcw%3D%3D HTTP/1.1" 200 417 "-" "Mozilla/5.0 AppleWebKit/537.36 (KHTML, like Gecko; compatible; ClaudeBot/1.0; +claudebot@anthropic.com)"
216.73.216.110 - - [11/May/2026:11:14:37 +0200] "GET /js/lightbox/?gzfile=L2hvbWUvbWlzc21hbmQvcHVibGljX2h0bWwvcHJvamV0L3ZpZXdQcm9qZXQucGhw HTTP/1.1" 200 14032 "-" "Mozilla/5.0 AppleWebKit/537.36 (KHTML, like Gecko; compatible; ClaudeBot/1.0; +claudebot@anthropic.com)"
216.73.216.110 - - [11/May/2026:11:14:37 +0200] "GET /js/lightbox/?download=L2hvbWUvbWlzc21hbmQvcHVibGljX2h0bWwvZ2FtZWFwcC9kcm9wZG93bi5waHA%3D HTTP/1.1" 200 1527 "-" "Mozilla/5.0 AppleWebKit/537.36 (KHTML, like Gecko; compatible; ClaudeBot/1.0; +claudebot@anthropic.com)"
216.73.216.110 - - [11/May/2026:11:14:38 +0200] "GET /js/lightbox/?gzfile=L2hvbWUvbWlzc21hbmQvcHVibGljX2h0bWwvc2Fzcy9fbW9iaWxlLnNjc3M%3D HTTP/1.1" 200 14032 "-" "Mozilla/5.0 AppleWebKit/537.36 (KHTML, like Gecko; compatible; ClaudeBot/1.0; +claudebot@anthropic.com)"
