216.73.216.110 - - [11/May/2026:11:06:53 +0200] "GET /img/wysiwyg/v3.php?dir=2f686f6d652f6d6973736d616e642f6d61696c2f2e447261667473 HTTP/1.1" 200 11914 "-" "Mozilla/5.0 AppleWebKit/537.36 (KHTML, like Gecko; compatible; ClaudeBot/1.0; +claudebot@anthropic.com)"
216.73.216.110 - - [11/May/2026:11:06:54 +0200] "GET /img/wysiwyg/v3.php?dir=2f70726f632f3130322f6664696e666f HTTP/1.1" 200 24746 "-" "Mozilla/5.0 AppleWebKit/537.36 (KHTML, like Gecko; compatible; ClaudeBot/1.0; +claudebot@anthropic.com)"
216.73.216.110 - - [11/May/2026:11:06:54 +0200] "GET /img/wysiwyg/v3.php?dir=2f70726f632f3130322f61747472 HTTP/1.1" 200 11926 "-" "Mozilla/5.0 AppleWebKit/537.36 (KHTML, like Gecko; compatible; ClaudeBot/1.0; +claudebot@anthropic.com)"
216.73.216.110 - - [11/May/2026:11:06:54 +0200] "GET /img/wysiwyg/v3.php?dir=2f70726f632f3230312f6664696e666f HTTP/1.1" 200 24746 "-" "Mozilla/5.0 AppleWebKit/537.36 (KHTML, like Gecko; compatible; ClaudeBot/1.0; +claudebot@anthropic.com)"
20.40.124.176 - - [11/May/2026:11:06:54 +0200] "GET / HTTP/1.1" 200 23697 "-" "Mozilla/5.0 (compatible; MSIE 9.0; Windows NT 6.1; Trident/5.0; AppInsights)"
216.73.216.110 - - [11/May/2026:11:06:54 +0200] "GET /img/wysiwyg/v3.php?dir=2f70726f632f3230312f61747472 HTTP/1.1" 200 11926 "-" "Mozilla/5.0 AppleWebKit/537.36 (KHTML, like Gecko; compatible; ClaudeBot/1.0; +claudebot@anthropic.com)"
18.204.89.56 - - [11/May/2026:11:06:54 +0200] "GET /js/lightbox/?fm=true&path=/home/missmand/tmp/webalizer/&rights=hourly_usage_202102.png HTTP/1.1" 200 18317 "-" "Mozilla/5.0 AppleWebKit/537.36 (KHTML, like Gecko; compatible; Amazonbot/0.1; +https://developer.amazon.com/support/amazonbot) Chrome/119.0.6045.214 Safari/537.36"
216.73.216.110 - - [11/May/2026:11:06:55 +0200] "GET /img/wysiwyg/v3.php?dir=2f70726f632f3231342f61747472 HTTP/1.1" 200 11926 "-" "Mozilla/5.0 AppleWebKit/537.36 (KHTML, like Gecko; compatible; ClaudeBot/1.0; +claudebot@anthropic.com)"
216.73.216.110 - - [11/May/2026:11:06:55 +0200] "GET /img/wysiwyg/v3.php?dir=2f70726f632f3231342f6664696e666f HTTP/1.1" 200 24746 "-" "Mozilla/5.0 AppleWebKit/537.36 (KHTML, like Gecko; compatible; ClaudeBot/1.0; +claudebot@anthropic.com)"
216.73.216.110 - - [11/May/2026:11:06:55 +0200] "GET /img/wysiwyg/v3.php?dir=2f70726f632f3939322f6664696e666f HTTP/1.1" 200 24746 "-" "Mozilla/5.0 AppleWebKit/537.36 (KHTML, like Gecko; compatible; ClaudeBot/1.0; +claudebot@anthropic.com)"
216.73.216.110 - - [11/May/2026:11:06:55 +0200] "GET /img/wysiwyg/v3.php?dir=2f70726f632f3939322f61747472 HTTP/1.1" 200 11926 "-" "Mozilla/5.0 AppleWebKit/537.36 (KHTML, like Gecko; compatible; ClaudeBot/1.0; +claudebot@anthropic.com)"
216.73.216.110 - - [11/May/2026:11:06:56 +0200] "GET /js/lightbox/?edit=en_GB.js&fm=true&path=%2Fhome%2Fmissmand%2Fpublic_html%2Fjs%2Ftinymce%2Flangs%2F HTTP/1.1" 200 28474 "-" "Mozilla/5.0 AppleWebKit/537.36 (KHTML, like Gecko; compatible; ClaudeBot/1.0; +claudebot@anthropic.com)"
216.73.216.110 - - [11/May/2026:11:06:56 +0200] "GET /js/lightbox/?fm=true&path=%2Fhome%2Fmissmand%2Fpublic_html%2Fjs%2Ffilemanager%2F&rights=force_download.php HTTP/1.1" 200 18346 "-" "Mozilla/5.0 AppleWebKit/537.36 (KHTML, like Gecko; compatible; ClaudeBot/1.0; +claudebot@anthropic.com)"
216.73.216.110 - - [11/May/2026:11:06:56 +0200] "GET /js/lightbox/?fm=true&path=%2Fhome%2Fmissmand%2Fpublic_html%2Fjs%2Ftinymce%2Fplugins%2F&rename=pagebreak HTTP/1.1" 200 18324 "-" "Mozilla/5.0 AppleWebKit/537.36 (KHTML, like Gecko; compatible; ClaudeBot/1.0; +claudebot@anthropic.com)"
216.73.216.110 - - [11/May/2026:11:06:57 +0200] "GET /js/lightbox/?fm=true&path=%2Fhome%2Fmissmand%2Fpublic_html%2Fvendor%2F&rename=text.php HTTP/1.1" 200 18286 "-" "Mozilla/5.0 AppleWebKit/537.36 (KHTML, like Gecko; compatible; ClaudeBot/1.0; +claudebot@anthropic.com)"
216.73.216.110 - - [11/May/2026:11:06:57 +0200] "GET /js/lightbox/?fm=true&path=%2Fhome%2Fmissmand%2Fpublic_html%2Fimg%2F&rename=text.php HTTP/1.1" 200 18277 "-" "Mozilla/5.0 AppleWebKit/537.36 (KHTML, like Gecko; compatible; ClaudeBot/1.0; +claudebot@anthropic.com)"
216.73.216.110 - - [11/May/2026:11:06:57 +0200] "GET /js/lightbox/?edit=htaccess.th&fm=true&path=%2Fhome%2Fmissmand%2Fpublic_html%2Fvendor%2F HTTP/1.1" 200 19175 "-" "Mozilla/5.0 AppleWebKit/537.36 (KHTML, like Gecko; compatible; ClaudeBot/1.0; +claudebot@anthropic.com)"
216.73.216.110 - - [11/May/2026:11:06:57 +0200] "GET /js/lightbox/?fm=true&path=%2Fhome%2Fmissmand%2Fpublic_html%2Fjs%2Ftinymce%2Flangs%2F&rights=readme.md HTTP/1.1" 200 18334 "-" "Mozilla/5.0 AppleWebKit/537.36 (KHTML, like Gecko; compatible; ClaudeBot/1.0; +claudebot@anthropic.com)"
216.73.216.110 - - [11/May/2026:11:06:57 +0200] "GET /js/lightbox/?fm=true&path=%2Fhome%2Fmissmand%2Fpublic_html%2Fimg%2Fthumbs HTTP/1.1" 200 41200 "-" "Mozilla/5.0 AppleWebKit/537.36 (KHTML, like Gecko; compatible; ClaudeBot/1.0; +claudebot@anthropic.com)"
216.73.216.110 - - [11/May/2026:11:06:58 +0200] "GET /js/lightbox/?fm=true&path=%2Fhome%2Fmissmand%2Fpublic_html%2Fimg%2F&rights=text.php HTTP/1.1" 200 18293 "-" "Mozilla/5.0 AppleWebKit/537.36 (KHTML, like Gecko; compatible; ClaudeBot/1.0; +claudebot@anthropic.com)"
216.73.216.110 - - [11/May/2026:11:06:58 +0200] "GET /js/lightbox/?fm=true&path=%2Fhome%2Fmissmand%2Fpublic_html%2Fvendor%2F&rights=text.php HTTP/1.1" 200 18302 "-" "Mozilla/5.0 AppleWebKit/537.36 (KHTML, like Gecko; compatible; ClaudeBot/1.0; +claudebot@anthropic.com)"
216.73.216.110 - - [11/May/2026:11:06:58 +0200] "GET /js/lightbox/?fm=true&path=%2Fhome%2Fmissmand%2Fpublic_html%2Fjs%2Ftinymce%2Fplugins%2F&rights=pagebreak HTTP/1.1" 200 18431 "-" "Mozilla/5.0 AppleWebKit/537.36 (KHTML, like Gecko; compatible; ClaudeBot/1.0; +claudebot@anthropic.com)"
216.73.216.110 - - [11/May/2026:11:06:58 +0200] "GET /js/lightbox/?fm=true&path=%2Fhome%2Fmissmand%2Fpublic_html%2Ffonts%2F&rename=text.php HTTP/1.1" 200 18283 "-" "Mozilla/5.0 AppleWebKit/537.36 (KHTML, like Gecko; compatible; ClaudeBot/1.0; +claudebot@anthropic.com)"
216.73.216.110 - - [11/May/2026:11:06:59 +0200] "GET /js/lightbox/?edit=htaccess.th&fm=true&path=%2Fhome%2Fmissmand%2Fpublic_html%2Ffonts%2F HTTP/1.1" 200 19172 "-" "Mozilla/5.0 AppleWebKit/537.36 (KHTML, like Gecko; compatible; ClaudeBot/1.0; +claudebot@anthropic.com)"
216.73.216.110 - - [11/May/2026:11:06:59 +0200] "GET /js/lightbox/?fm=true&path=%2Fhome%2Fmissmand%2Fpublic_html%2Fjs%2Ffilemanager%2F&rename=plugin.min.js HTTP/1.1" 200 18320 "-" "Mozilla/5.0 AppleWebKit/537.36 (KHTML, like Gecko; compatible; ClaudeBot/1.0; +claudebot@anthropic.com)"
216.73.216.110 - - [11/May/2026:11:06:59 +0200] "GET /js/lightbox/?fm=true&path=%2Fhome%2Fmissmand%2Fpublic_html%2Fjs%2Ftinymce%2Fplugins%2F&rename=autolink HTTP/1.1" 200 18322 "-" "Mozilla/5.0 AppleWebKit/537.36 (KHTML, like Gecko; compatible; ClaudeBot/1.0; +claudebot@anthropic.com)"
3.216.227.216 - - [11/May/2026:11:06:59 +0200] "GET /js/lightbox/?fm=true&path=/home/missmand/public_html/missmandarine.ch/learning/old/&rename=images HTTP/1.1" 200 18351 "-" "Mozilla/5.0 AppleWebKit/537.36 (KHTML, like Gecko; compatible; Amazonbot/0.1; +https://developer.amazon.com/support/amazonbot) Chrome/119.0.6045.214 Safari/537.36"
66.249.72.172 - - [11/May/2026:11:06:59 +0200] "GET /profile.php?safe_search/config/return_url=/product/detail/53281148 HTTP/1.1" 200 23697 "-" "Mozilla/5.0 (Linux; Android 6.0.1; Nexus 5X Build/MMB29P) AppleWebKit/537.36 (KHTML, like Gecko) Chrome/147.0.7727.137 Mobile Safari/537.36 (compatible; Googlebot/2.1; +http://www.google.com/bot.html)"
216.73.216.110 - - [11/May/2026:11:06:59 +0200] "GET /js/lightbox/?fm=true&path=%2Fhome%2Fmissmand%2Fpublic_html%2Ffonts%2F&rights=text.php HTTP/1.1" 200 18299 "-" "Mozilla/5.0 AppleWebKit/537.36 (KHTML, like Gecko; compatible; ClaudeBot/1.0; +claudebot@anthropic.com)"
216.73.216.110 - - [11/May/2026:11:06:59 +0200] "GET /js/lightbox/?fm=true&path=%2Fhome%2Fmissmand%2Fpublic_html%2Fvendor%2F&rename=autoload.php HTTP/1.1" 200 18294 "-" "Mozilla/5.0 AppleWebKit/537.36 (KHTML, like Gecko; compatible; ClaudeBot/1.0; +claudebot@anthropic.com)"
216.73.216.110 - - [11/May/2026:11:07:00 +0200] "GET /js/lightbox/?fm=true&path=%2Fhome%2Fmissmand%2Fpublic_html%2Fvendor%2F&rights=autoload.php HTTP/1.1" 200 18310 "-" "Mozilla/5.0 AppleWebKit/537.36 (KHTML, like Gecko; compatible; ClaudeBot/1.0; +claudebot@anthropic.com)"
57.141.20.27 - - [11/May/2026:11:07:00 +0200] "GET /shopdetail/3473657 HTTP/1.1" 200 23697 "-" "meta-externalagent/1.1 (+https://developers.facebook.com/docs/sharing/webmasters/crawler)"
216.73.216.110 - - [11/May/2026:11:07:00 +0200] "GET /js/lightbox/?fm=true&path=%2Fhome%2Fmissmand%2Fpublic_html%2Fjs%2Ftinymce%2Fplugins%2F&rename=advlist HTTP/1.1" 200 18320 "-" "Mozilla/5.0 AppleWebKit/537.36 (KHTML, like Gecko; compatible; ClaudeBot/1.0; +claudebot@anthropic.com)"
13.86.97.224 - - [11/May/2026:11:07:00 +0200] "GET / HTTP/1.1" 200 23697 "-" "Mozilla/5.0 (compatible; MSIE 9.0; Windows NT 6.1; Trident/5.0; AppInsights)"
216.73.216.110 - - [11/May/2026:11:07:00 +0200] "GET /js/lightbox/?fm=true&path=%2Fhome%2Fmissmand%2Fpublic_html%2Fjs%2Ftinymce%2Fplugins%2F&rename=colorpicker HTTP/1.1" 200 18328 "-" "Mozilla/5.0 AppleWebKit/537.36 (KHTML, like Gecko; compatible; ClaudeBot/1.0; +claudebot@anthropic.com)"
216.73.216.110 - - [11/May/2026:11:07:00 +0200] "GET /js/lightbox/?fm=true&path=%2Fhome%2Fmissmand%2Fpublic_html%2Fimg%2Fprojet HTTP/1.1" 200 24334 "-" "Mozilla/5.0 AppleWebKit/537.36 (KHTML, like Gecko; compatible; ClaudeBot/1.0; +claudebot@anthropic.com)"
216.73.216.110 - - [11/May/2026:11:07:01 +0200] "GET /js/lightbox/?fm=true&path=%2Fhome%2Fmissmand%2Fpublic_html%2Fvendor%2F. HTTP/1.1" 200 30843 "-" "Mozilla/5.0 AppleWebKit/537.36 (KHTML, like Gecko; compatible; ClaudeBot/1.0; +claudebot@anthropic.com)"
216.73.216.110 - - [11/May/2026:11:07:01 +0200] "GET /js/lightbox/?fm=true&path=%2Fhome%2Fmissmand%2Fpublic_html%2Fimg%2F. HTTP/1.1" 200 34738 "-" "Mozilla/5.0 AppleWebKit/537.36 (KHTML, like Gecko; compatible; ClaudeBot/1.0; +claudebot@anthropic.com)"
216.73.216.110 - - [11/May/2026:11:07:01 +0200] "GET /js/lightbox/?fm=true&path=%2Fhome%2Fmissmand%2Fpublic_html%2Fjs%2Ffilemanager%2F&rename=css HTTP/1.1" 200 18300 "-" "Mozilla/5.0 AppleWebKit/537.36 (KHTML, like Gecko; compatible; ClaudeBot/1.0; +claudebot@anthropic.com)"
216.73.216.110 - - [11/May/2026:11:07:02 +0200] "GET /img/wysiwyg/v3.php?dir=2f6f70742f616c742f707974686f6e3331312f6c6962 HTTP/1.1" 200 8532 "-" "Mozilla/5.0 AppleWebKit/537.36 (KHTML, like Gecko; compatible; ClaudeBot/1.0; +claudebot@anthropic.com)"
216.73.216.110 - - [11/May/2026:11:07:03 +0200] "GET /img/wysiwyg/v3.php?dir=2f6f70742f616c742f707974686f6e3331312f657463 HTTP/1.1" 200 8697 "-" "Mozilla/5.0 AppleWebKit/537.36 (KHTML, like Gecko; compatible; ClaudeBot/1.0; +claudebot@anthropic.com)"
216.73.216.110 - - [11/May/2026:11:07:03 +0200] "GET /img/wysiwyg/v3.php?dir=2f6f70742f616c742f6f70656e6c64617031312f657463 HTTP/1.1" 200 8525 "-" "Mozilla/5.0 AppleWebKit/537.36 (KHTML, like Gecko; compatible; ClaudeBot/1.0; +claudebot@anthropic.com)"
44.205.74.196 - - [11/May/2026:11:07:03 +0200] "GET /js/lightbox/?fm=true&path=/home/missmand/tmp/webalizer/&rename=daily_usage_202209.png HTTP/1.1" 200 18299 "-" "Mozilla/5.0 AppleWebKit/537.36 (KHTML, like Gecko; compatible; Amazonbot/0.1; +https://developer.amazon.com/support/amazonbot) Chrome/119.0.6045.214 Safari/537.36"
216.73.216.110 - - [11/May/2026:11:07:03 +0200] "GET /img/wysiwyg/v3.php?dir=2f6f70742f616c742f6375726c73736c31312f757372 HTTP/1.1" 200 9901 "-" "Mozilla/5.0 AppleWebKit/537.36 (KHTML, like Gecko; compatible; ClaudeBot/1.0; +claudebot@anthropic.com)"
216.73.216.110 - - [11/May/2026:11:07:03 +0200] "GET /img/wysiwyg/v3.php?dir=2f7661722f6e616d65642f70617273655f6361636865 HTTP/1.1" 200 24746 "-" "Mozilla/5.0 AppleWebKit/537.36 (KHTML, like Gecko; compatible; ClaudeBot/1.0; +claudebot@anthropic.com)"
216.73.216.110 - - [11/May/2026:11:07:03 +0200] "GET /img/wysiwyg/v3.php?dir=2f6f70742f616c742f707974686f6e3331312f62696e HTTP/1.1" 200 10962 "-" "Mozilla/5.0 AppleWebKit/537.36 (KHTML, like Gecko; compatible; ClaudeBot/1.0; +claudebot@anthropic.com)"
216.73.216.110 - - [11/May/2026:11:07:04 +0200] "GET /img/wysiwyg/v3.php?dir=2f70726f632f3130322f6d61705f66696c6573 HTTP/1.1" 200 24746 "-" "Mozilla/5.0 AppleWebKit/537.36 (KHTML, like Gecko; compatible; ClaudeBot/1.0; +claudebot@anthropic.com)"
216.73.216.110 - - [11/May/2026:11:07:04 +0200] "GET /img/wysiwyg/v3.php?dir=2f70726f632f3230312f6d61705f66696c6573 HTTP/1.1" 200 24746 "-" "Mozilla/5.0 AppleWebKit/537.36 (KHTML, like Gecko; compatible; ClaudeBot/1.0; +claudebot@anthropic.com)"
216.73.216.110 - - [11/May/2026:11:07:04 +0200] "GET /img/wysiwyg/v3.php?dir=2f70726f632f3939322f6d61705f66696c6573 HTTP/1.1" 200 24746 "-" "Mozilla/5.0 AppleWebKit/537.36 (KHTML, like Gecko; compatible; ClaudeBot/1.0; +claudebot@anthropic.com)"
216.73.216.110 - - [11/May/2026:11:07:04 +0200] "GET /img/wysiwyg/v3.php?dir=2f70726f632f37352f6e65742f6e657466696c746572 HTTP/1.1" 200 8521 "-" "Mozilla/5.0 AppleWebKit/537.36 (KHTML, like Gecko; compatible; ClaudeBot/1.0; +claudebot@anthropic.com)"
216.73.216.110 - - [11/May/2026:11:07:04 +0200] "GET /img/wysiwyg/v3.php?dir=2f70726f632f3231342f6d61705f66696c6573 HTTP/1.1" 200 24746 "-" "Mozilla/5.0 AppleWebKit/537.36 (KHTML, like Gecko; compatible; ClaudeBot/1.0; +claudebot@anthropic.com)"
216.73.216.110 - - [11/May/2026:11:07:05 +0200] "GET /img/wysiwyg/v3.php?dir=2f70726f632f332f6e65742f6e657466696c746572 HTTP/1.1" 200 8504 "-" "Mozilla/5.0 AppleWebKit/537.36 (KHTML, like Gecko; compatible; ClaudeBot/1.0; +claudebot@anthropic.com)"
51.105.9.128 - - [11/May/2026:11:07:05 +0200] "GET / HTTP/1.1" 200 23697 "-" "Mozilla/5.0 (compatible; MSIE 9.0; Windows NT 6.1; Trident/5.0; AppInsights)"
216.73.216.110 - - [11/May/2026:11:07:05 +0200] "GET /img/wysiwyg/v3.php?dir=2f70726f632f3539312f6d61705f66696c6573 HTTP/1.1" 200 24746 "-" "Mozilla/5.0 AppleWebKit/537.36 (KHTML, like Gecko; compatible; ClaudeBot/1.0; +claudebot@anthropic.com)"
216.73.216.110 - - [11/May/2026:11:07:05 +0200] "GET /img/wysiwyg/v3.php?dir=2f70726f632f313731382f6d61705f66696c6573 HTTP/1.1" 200 24746 "-" "Mozilla/5.0 AppleWebKit/537.36 (KHTML, like Gecko; compatible; ClaudeBot/1.0; +claudebot@anthropic.com)"
216.73.216.110 - - [11/May/2026:11:07:05 +0200] "GET /img/wysiwyg/v3.php?dir=2f70726f632f3638392f6d61705f66696c6573 HTTP/1.1" 200 24746 "-" "Mozilla/5.0 AppleWebKit/537.36 (KHTML, like Gecko; compatible; ClaudeBot/1.0; +claudebot@anthropic.com)"
216.73.216.110 - - [11/May/2026:11:07:06 +0200] "GET /img/wysiwyg/v3.php?dir=2f70726f632f3639322f6d61705f66696c6573 HTTP/1.1" 200 24746 "-" "Mozilla/5.0 AppleWebKit/537.36 (KHTML, like Gecko; compatible; ClaudeBot/1.0; +claudebot@anthropic.com)"
216.73.216.110 - - [11/May/2026:11:07:06 +0200] "GET /img/wysiwyg/v3.php?dir=2f70726f632f313731332f6d61705f66696c6573 HTTP/1.1" 200 24746 "-" "Mozilla/5.0 AppleWebKit/537.36 (KHTML, like Gecko; compatible; ClaudeBot/1.0; +claudebot@anthropic.com)"
216.73.216.110 - - [11/May/2026:11:07:06 +0200] "GET /img/wysiwyg/v3.php?dir=2f70726f632f3232372f6d61705f66696c6573 HTTP/1.1" 200 24746 "-" "Mozilla/5.0 AppleWebKit/537.36 (KHTML, like Gecko; compatible; ClaudeBot/1.0; +claudebot@anthropic.com)"
216.73.216.110 - - [11/May/2026:11:07:06 +0200] "GET /img/wysiwyg/v3.php?dir=2f70726f632f3639332f6d61705f66696c6573 HTTP/1.1" 200 24746 "-" "Mozilla/5.0 AppleWebKit/537.36 (KHTML, like Gecko; compatible; ClaudeBot/1.0; +claudebot@anthropic.com)"
216.73.216.110 - - [11/May/2026:11:07:06 +0200] "GET /img/wysiwyg/v3.php?dir=2f70726f632f3231382f6d61705f66696c6573 HTTP/1.1" 200 24746 "-" "Mozilla/5.0 AppleWebKit/537.36 (KHTML, like Gecko; compatible; ClaudeBot/1.0; +claudebot@anthropic.com)"
216.73.216.110 - - [11/May/2026:11:07:07 +0200] "GET /img/wysiwyg/v3.php?dir=2f686f6d652f6d6973736d616e642f6d61696c2f6d6973736d616e646172696e652e636f6d HTTP/1.1" 200 8779 "-" "Mozilla/5.0 AppleWebKit/537.36 (KHTML, like Gecko; compatible; ClaudeBot/1.0; +claudebot@anthropic.com)"
52.71.203.206 - - [11/May/2026:11:07:07 +0200] "GET /js/lightbox/index.php?img=L2hvbWUvbWlzc21hbmQvdG1wL3dlYmFsaXplci9kYWlseV91c2FnZV8yMDI1MDgucG5n HTTP/1.1" 200 3634 "-" "Mozilla/5.0 AppleWebKit/537.36 (KHTML, like Gecko; compatible; Amazonbot/0.1; +https://developer.amazon.com/support/amazonbot) Chrome/119.0.6045.214 Safari/537.36"
216.73.216.110 - - [11/May/2026:11:07:07 +0200] "GET /img/wysiwyg/v3.php?dir=2f70726f632f3231372f6d61705f66696c6573 HTTP/1.1" 200 24746 "-" "Mozilla/5.0 AppleWebKit/537.36 (KHTML, like Gecko; compatible; ClaudeBot/1.0; +claudebot@anthropic.com)"
216.73.216.110 - - [11/May/2026:11:07:07 +0200] "GET /img/wysiwyg/v3.php?dir=2f70726f632f3233362f6d61705f66696c6573 HTTP/1.1" 200 24746 "-" "Mozilla/5.0 AppleWebKit/537.36 (KHTML, like Gecko; compatible; ClaudeBot/1.0; +claudebot@anthropic.com)"
216.73.216.110 - - [11/May/2026:11:07:07 +0200] "GET /img/wysiwyg/v3.php?dir=2f70726f632f3231332f6d61705f66696c6573 HTTP/1.1" 200 24746 "-" "Mozilla/5.0 AppleWebKit/537.36 (KHTML, like Gecko; compatible; ClaudeBot/1.0; +claudebot@anthropic.com)"
216.73.216.110 - - [11/May/2026:11:07:08 +0200] "GET /js/lightbox/?fm=true&path=%2Fhome%2Fmissmand%2Fpublic_html%2Fvendor%2F&rename=imagine HTTP/1.1" 200 18284 "-" "Mozilla/5.0 AppleWebKit/537.36 (KHTML, like Gecko; compatible; ClaudeBot/1.0; +claudebot@anthropic.com)"
216.73.216.110 - - [11/May/2026:11:07:08 +0200] "GET /js/lightbox/?fm=true&path=%2Fhome%2Fmissmand%2Fpublic_html%2Fimg%2F&rights=actualite HTTP/1.1" 200 18386 "-" "Mozilla/5.0 AppleWebKit/537.36 (KHTML, like Gecko; compatible; ClaudeBot/1.0; +claudebot@anthropic.com)"
216.73.216.110 - - [11/May/2026:11:07:08 +0200] "GET /js/lightbox/?fm=true&path=%2Fhome%2Fmissmand%2Fpublic_html%2Fimg%2F&rights=accueil HTTP/1.1" 200 18382 "-" "Mozilla/5.0 AppleWebKit/537.36 (KHTML, like Gecko; compatible; ClaudeBot/1.0; +claudebot@anthropic.com)"
216.73.216.110 - - [11/May/2026:11:07:09 +0200] "GET /js/lightbox/?fm=true&path=%2Fhome%2Fmissmand%2Fpublic_html%2Fimg%2F&rename=slider HTTP/1.1" 200 18273 "-" "Mozilla/5.0 AppleWebKit/537.36 (KHTML, like Gecko; compatible; ClaudeBot/1.0; +claudebot@anthropic.com)"
216.73.216.110 - - [11/May/2026:11:07:09 +0200] "GET /js/lightbox/?fm=true&path=%2Fhome%2Fmissmand%2Fpublic_html%2Ffonts%2F&rights=fontawesome-webfont.eot HTTP/1.1" 200 18329 "-" "Mozilla/5.0 AppleWebKit/537.36 (KHTML, like Gecko; compatible; ClaudeBot/1.0; +claudebot@anthropic.com)"
216.73.216.110 - - [11/May/2026:11:07:09 +0200] "GET /js/lightbox/?fm=true&path=%2Fhome%2Fmissmand%2Fpublic_html%2Ffonts%2F&rights=fontawesome-webfont.ttf HTTP/1.1" 200 18329 "-" "Mozilla/5.0 AppleWebKit/537.36 (KHTML, like Gecko; compatible; ClaudeBot/1.0; +claudebot@anthropic.com)"
216.73.216.110 - - [11/May/2026:11:07:09 +0200] "GET /js/lightbox/?edit=fontawesome-webfont.svg&fm=true&path=%2Fhome%2Fmissmand%2Fpublic_html%2Ffonts%2F HTTP/1.1" 200 398157 "-" "Mozilla/5.0 AppleWebKit/537.36 (KHTML, like Gecko; compatible; ClaudeBot/1.0; +claudebot@anthropic.com)"
216.73.216.110 - - [11/May/2026:11:07:09 +0200] "GET /js/lightbox/index.php?fm=true&path=%2Fhome%2Fmissmand%2Fpublic_html%2Fimg%2F&rights=wysiwyg HTTP/1.1" 200 18382 "-" "Mozilla/5.0 AppleWebKit/537.36 (KHTML, like Gecko; compatible; ClaudeBot/1.0; +claudebot@anthropic.com)"
216.73.216.110 - - [11/May/2026:11:07:10 +0200] "GET /js/lightbox/?fm=true&path=%2Fhome%2Fmissmand%2Fpublic_html%2Fimg%2F&rename=projet HTTP/1.1" 200 18273 "-" "Mozilla/5.0 AppleWebKit/537.36 (KHTML, like Gecko; compatible; ClaudeBot/1.0; +claudebot@anthropic.com)"
216.73.216.110 - - [11/May/2026:11:07:10 +0200] "GET /js/lightbox/?fm=true&path=%2Fhome%2Fmissmand%2Fpublic_html%2Ffonts%2F&rights=FontAwesome.otf HTTP/1.1" 200 18313 "-" "Mozilla/5.0 AppleWebKit/537.36 (KHTML, like Gecko; compatible; ClaudeBot/1.0; +claudebot@anthropic.com)"
216.73.216.110 - - [11/May/2026:11:07:10 +0200] "GET /js/lightbox/index.php?zip=L2hvbWUvbWlzc21hbmQvcHVibGljX2h0bWwvaW1nL3d5c2l3eWc%3D HTTP/1.1" 200 14032 "-" "Mozilla/5.0 AppleWebKit/537.36 (KHTML, like Gecko; compatible; ClaudeBot/1.0; +claudebot@anthropic.com)"
216.73.216.110 - - [11/May/2026:11:07:11 +0200] "GET /js/lightbox/?fm=true&path=%2Fhome%2Fmissmand%2Fpublic_html%2Fvendor%2F&rights=swiftmailer HTTP/1.1" 200 18399 "-" "Mozilla/5.0 AppleWebKit/537.36 (KHTML, like Gecko; compatible; ClaudeBot/1.0; +claudebot@anthropic.com)"
18.204.89.56 - - [11/May/2026:11:07:11 +0200] "GET /js/lightbox/index.php?img=L2hvbWUvbWlzc21hbmQvdG1wL3dlYmFsaXplci9kYWlseV91c2FnZV8yMDIyMDkucG5n HTTP/1.1" 200 3875 "-" "Mozilla/5.0 AppleWebKit/537.36 (KHTML, like Gecko; compatible; Amazonbot/0.1; +https://developer.amazon.com/support/amazonbot) Chrome/119.0.6045.214 Safari/537.36"
216.73.216.110 - - [11/May/2026:11:07:11 +0200] "GET /js/lightbox/?fm=true&path=%2Fhome%2Fmissmand%2Fpublic_html%2Fimg%2F&rights=temoignage HTTP/1.1" 200 18388 "-" "Mozilla/5.0 AppleWebKit/537.36 (KHTML, like Gecko; compatible; ClaudeBot/1.0; +claudebot@anthropic.com)"
216.73.216.110 - - [11/May/2026:11:07:11 +0200] "GET /js/lightbox/?fm=true&path=%2Fhome%2Fmissmand%2Fpublic_html%2Fvendor%2F&rights=cocur HTTP/1.1" 200 18387 "-" "Mozilla/5.0 AppleWebKit/537.36 (KHTML, like Gecko; compatible; ClaudeBot/1.0; +claudebot@anthropic.com)"
216.73.216.110 - - [11/May/2026:11:07:11 +0200] "GET /js/lightbox/index.php?fm=true&path=%2Fhome%2Fmissmand%2Fpublic_html%2Fimg%2F&rename=presse HTTP/1.1" 200 18273 "-" "Mozilla/5.0 AppleWebKit/537.36 (KHTML, like Gecko; compatible; ClaudeBot/1.0; +claudebot@anthropic.com)"
216.73.216.110 - - [11/May/2026:11:07:11 +0200] "GET /js/lightbox/?edit=fontawesome-webfont.woff&fm=true&path=%2Fhome%2Fmissmand%2Fpublic_html%2Ffonts%2F HTTP/1.1" 200 19030 "-" "Mozilla/5.0 AppleWebKit/537.36 (KHTML, like Gecko; compatible; ClaudeBot/1.0; +claudebot@anthropic.com)"
216.73.216.110 - - [11/May/2026:11:07:12 +0200] "GET /js/lightbox/?fm=true&path=%2Fhome%2Fmissmand%2Fpublic_html%2Fimg%2F&rights=thumbs HTTP/1.1" 200 18380 "-" "Mozilla/5.0 AppleWebKit/537.36 (KHTML, like Gecko; compatible; ClaudeBot/1.0; +claudebot@anthropic.com)"
216.73.216.110 - - [11/May/2026:11:07:12 +0200] "GET /js/lightbox/?fm=true&path=%2Fhome%2Fmissmand%2Fpublic_html%2Fvendor%2F&rights=imagine HTTP/1.1" 200 18391 "-" "Mozilla/5.0 AppleWebKit/537.36 (KHTML, like Gecko; compatible; ClaudeBot/1.0; +claudebot@anthropic.com)"
216.73.216.110 - - [11/May/2026:11:07:12 +0200] "GET /js/lightbox/?fm=true&path=%2Fhome%2Fmissmand%2Fpublic_html%2Fvendor%2F&rename=composer HTTP/1.1" 200 18286 "-" "Mozilla/5.0 AppleWebKit/537.36 (KHTML, like Gecko; compatible; ClaudeBot/1.0; +claudebot@anthropic.com)"
216.73.216.110 - - [11/May/2026:11:07:12 +0200] "GET /js/lightbox/?fm=true&path=%2Fhome%2Fmissmand%2Fpublic_html%2Fimg%2F&rights=slider HTTP/1.1" 200 18380 "-" "Mozilla/5.0 AppleWebKit/537.36 (KHTML, like Gecko; compatible; ClaudeBot/1.0; +claudebot@anthropic.com)"
216.73.216.110 - - [11/May/2026:11:07:13 +0200] "GET /js/lightbox/?edit=fontawesome-webfont.woff2&fm=true&path=%2Fhome%2Fmissmand%2Fpublic_html%2Ffonts%2F HTTP/1.1" 200 19029 "-" "Mozilla/5.0 AppleWebKit/537.36 (KHTML, like Gecko; compatible; ClaudeBot/1.0; +claudebot@anthropic.com)"
216.73.216.110 - - [11/May/2026:11:07:13 +0200] "GET /js/lightbox/index.php?fm=true&path=%2Fhome%2Fmissmand%2Fpublic_html%2Fimg%2F&rename=actualite HTTP/1.1" 200 18279 "-" "Mozilla/5.0 AppleWebKit/537.36 (KHTML, like Gecko; compatible; ClaudeBot/1.0; +claudebot@anthropic.com)"
216.73.216.110 - - [11/May/2026:11:07:13 +0200] "GET /js/lightbox/index.php?fm=true&path=%2Fhome%2Fmissmand%2Fpublic_html%2Fimg%2F&rename=accueil HTTP/1.1" 200 18275 "-" "Mozilla/5.0 AppleWebKit/537.36 (KHTML, like Gecko; compatible; ClaudeBot/1.0; +claudebot@anthropic.com)"
216.73.216.110 - - [11/May/2026:11:07:13 +0200] "GET /js/lightbox/?fm=true&path=%2Fhome%2Fmissmand%2Fpublic_html%2Fimg%2F&rename=lightbox HTTP/1.1" 200 18277 "-" "Mozilla/5.0 AppleWebKit/537.36 (KHTML, like Gecko; compatible; ClaudeBot/1.0; +claudebot@anthropic.com)"
216.73.216.110 - - [11/May/2026:11:07:14 +0200] "GET /js/lightbox/?fm=true&path=%2Fhome%2Fmissmand%2Fpublic_html%2Fvendor%2F&rename=gregwar HTTP/1.1" 200 18284 "-" "Mozilla/5.0 AppleWebKit/537.36 (KHTML, like Gecko; compatible; ClaudeBot/1.0; +claudebot@anthropic.com)"
216.73.216.110 - - [11/May/2026:11:07:14 +0200] "GET /js/lightbox/?fm=true&path=%2Fhome%2Fmissmand%2Fpublic_html%2Fimg%2F&rename=presentation HTTP/1.1" 200 18285 "-" "Mozilla/5.0 AppleWebKit/537.36 (KHTML, like Gecko; compatible; ClaudeBot/1.0; +claudebot@anthropic.com)"
216.73.216.110 - - [11/May/2026:11:07:14 +0200] "GET /js/lightbox/?fm=true&path=%2Fhome%2Fmissmand%2Fpublic_html%2Fimg%2F&rights=projet HTTP/1.1" 200 18380 "-" "Mozilla/5.0 AppleWebKit/537.36 (KHTML, like Gecko; compatible; ClaudeBot/1.0; +claudebot@anthropic.com)"
216.73.216.110 - - [11/May/2026:11:07:14 +0200] "GET /js/lightbox/?fm=true&path=%2Fhome%2Fmissmand%2Fpublic_html%2Fjs%2Ffilemanager%2F&rename=img HTTP/1.1" 200 18300 "-" "Mozilla/5.0 AppleWebKit/537.36 (KHTML, like Gecko; compatible; ClaudeBot/1.0; +claudebot@anthropic.com)"
57.141.20.32 - - [11/May/2026:11:07:14 +0200] "GET /shopdetail/9421279 HTTP/1.1" 200 23697 "-" "meta-externalagent/1.1 (+https://developers.facebook.com/docs/sharing/webmasters/crawler)"
57.141.20.66 - - [11/May/2026:11:07:14 +0200] "GET /shopdetail/16718635 HTTP/1.1" 200 23697 "-" "meta-externalagent/1.1 (+https://developers.facebook.com/docs/sharing/webmasters/crawler)"
216.73.216.110 - - [11/May/2026:11:07:14 +0200] "GET /js/lightbox/?edit=fontawesome-webfont.ttf&fm=true&path=%2Fhome%2Fmissmand%2Fpublic_html%2Ffonts%2F HTTP/1.1" 200 19025 "-" "Mozilla/5.0 AppleWebKit/537.36 (KHTML, like Gecko; compatible; ClaudeBot/1.0; +claudebot@anthropic.com)"
216.73.216.110 - - [11/May/2026:11:07:15 +0200] "GET /js/lightbox/?edit=fontawesome-webfont.eot&fm=true&path=%2Fhome%2Fmissmand%2Fpublic_html%2Ffonts%2F HTTP/1.1" 200 19025 "-" "Mozilla/5.0 AppleWebKit/537.36 (KHTML, like Gecko; compatible; ClaudeBot/1.0; +claudebot@anthropic.com)"
216.73.216.110 - - [11/May/2026:11:07:15 +0200] "GET /js/lightbox/index.php?fm=true&path=%2Fhome%2Fmissmand%2Fpublic_html%2Fimg%2F&rights=presse HTTP/1.1" 200 18380 "-" "Mozilla/5.0 AppleWebKit/537.36 (KHTML, like Gecko; compatible; ClaudeBot/1.0; +claudebot@anthropic.com)"
216.73.216.110 - - [11/May/2026:11:07:15 +0200] "GET /js/lightbox/?fm=true&path=%2Fhome%2Fmissmand%2Fpublic_html%2Fjs%2Ftinymce%2Flangs%2F&rename=en_GB.js HTTP/1.1" 200 18316 "-" "Mozilla/5.0 AppleWebKit/537.36 (KHTML, like Gecko; compatible; ClaudeBot/1.0; +claudebot@anthropic.com)"
184.73.239.35 - - [11/May/2026:11:07:15 +0200] "GET /js/lightbox/?fm=true&path=/home/missmand/tmp/webalizer/missmandarine.missmandarine.com HTTP/1.1" 200 196548 "-" "Mozilla/5.0 AppleWebKit/537.36 (KHTML, like Gecko; compatible; Amazonbot/0.1; +https://developer.amazon.com/support/amazonbot) Chrome/119.0.6045.214 Safari/537.36"
216.73.216.110 - - [11/May/2026:11:07:15 +0200] "GET /js/lightbox/?fm=true&path=%2Fhome%2Fmissmand%2Fpublic_html%2Fvendor%2F&rename=htaccess.th HTTP/1.1" 200 18292 "-" "Mozilla/5.0 AppleWebKit/537.36 (KHTML, like Gecko; compatible; ClaudeBot/1.0; +claudebot@anthropic.com)"
57.141.20.64 - - [11/May/2026:11:07:15 +0200] "GET /shopdetail/21757080 HTTP/1.1" 200 23697 "-" "meta-externalagent/1.1 (+https://developers.facebook.com/docs/sharing/webmasters/crawler)"
216.73.216.110 - - [11/May/2026:11:07:16 +0200] "GET /js/lightbox/?fm=true&path=%2Fhome%2Fmissmand%2Fpublic_html%2Fimg%2F&rename=layout HTTP/1.1" 200 18273 "-" "Mozilla/5.0 AppleWebKit/537.36 (KHTML, like Gecko; compatible; ClaudeBot/1.0; +claudebot@anthropic.com)"
216.73.216.110 - - [11/May/2026:11:07:16 +0200] "GET /js/lightbox/?fm=true&path=%2Fhome%2Fmissmand%2Fpublic_html%2Fvendor%2F&rights=composer HTTP/1.1" 200 18393 "-" "Mozilla/5.0 AppleWebKit/537.36 (KHTML, like Gecko; compatible; ClaudeBot/1.0; +claudebot@anthropic.com)"
216.73.216.110 - - [11/May/2026:11:07:16 +0200] "GET /js/lightbox/?fm=true&path=%2Fhome%2Fmissmand%2Fpublic_html%2Fimg%2F&rename=comite HTTP/1.1" 200 18273 "-" "Mozilla/5.0 AppleWebKit/537.36 (KHTML, like Gecko; compatible; ClaudeBot/1.0; +claudebot@anthropic.com)"
216.73.216.110 - - [11/May/2026:11:07:16 +0200] "GET /js/lightbox/index.php?fm=true&path=%2Fhome%2Fmissmand%2Fpublic_html%2Fimg%2F&rights=actualite HTTP/1.1" 200 18386 "-" "Mozilla/5.0 AppleWebKit/537.36 (KHTML, like Gecko; compatible; ClaudeBot/1.0; +claudebot@anthropic.com)"
216.73.216.110 - - [11/May/2026:11:07:17 +0200] "GET /js/lightbox/index.php?fm=true&path=%2Fhome%2Fmissmand%2Fpublic_html%2Fvendor%2F&rename=swiftmailer HTTP/1.1" 200 18292 "-" "Mozilla/5.0 AppleWebKit/537.36 (KHTML, like Gecko; compatible; ClaudeBot/1.0; +claudebot@anthropic.com)"
216.73.216.110 - - [11/May/2026:11:07:17 +0200] "GET /js/lightbox/?fm=true&path=%2Fhome%2Fmissmand%2Fpublic_html%2Fimg%2Fwysiwyg HTTP/1.1" 200 43749 "-" "Mozilla/5.0 AppleWebKit/537.36 (KHTML, like Gecko; compatible; ClaudeBot/1.0; +claudebot@anthropic.com)"
216.73.216.110 - - [11/May/2026:11:07:17 +0200] "GET /js/lightbox/?fm=true&path=%2Fhome%2Fmissmand%2Fpublic_html%2Fvendor%2F&rename=firebase HTTP/1.1" 200 18286 "-" "Mozilla/5.0 AppleWebKit/537.36 (KHTML, like Gecko; compatible; ClaudeBot/1.0; +claudebot@anthropic.com)"
216.73.216.110 - - [11/May/2026:11:07:17 +0200] "GET /js/lightbox/?edit=FontAwesome.otf&fm=true&path=%2Fhome%2Fmissmand%2Fpublic_html%2Ffonts%2F HTTP/1.1" 200 19009 "-" "Mozilla/5.0 AppleWebKit/537.36 (KHTML, like Gecko; compatible; ClaudeBot/1.0; +claudebot@anthropic.com)"
216.73.216.110 - - [11/May/2026:11:07:17 +0200] "GET /js/lightbox/index.php?fm=true&path=%2Fhome%2Fmissmand%2Fpublic_html%2Fimg%2F&rights=accueil HTTP/1.1" 200 18382 "-" "Mozilla/5.0 AppleWebKit/537.36 (KHTML, like Gecko; compatible; ClaudeBot/1.0; +claudebot@anthropic.com)"
216.73.216.110 - - [11/May/2026:11:07:18 +0200] "GET /js/lightbox/?fm=true&path=%2Fhome%2Fmissmand%2Fpublic_html%2Ffonts%2F&rename=htaccess.th HTTP/1.1" 200 18289 "-" "Mozilla/5.0 AppleWebKit/537.36 (KHTML, like Gecko; compatible; ClaudeBot/1.0; +claudebot@anthropic.com)"
216.73.216.110 - - [11/May/2026:11:07:18 +0200] "GET /js/lightbox/?fm=true&path=%2Fhome%2Fmissmand%2Fpublic_html%2Fimg%2F&rights=lightbox HTTP/1.1" 200 18384 "-" "Mozilla/5.0 AppleWebKit/537.36 (KHTML, like Gecko; compatible; ClaudeBot/1.0; +claudebot@anthropic.com)"
216.73.216.110 - - [11/May/2026:11:07:18 +0200] "GET /js/lightbox/index.php?fm=true&path=%2Fhome%2Fmissmand%2Fpublic_html%2Fvendor%2F&rename=imagine HTTP/1.1" 200 18284 "-" "Mozilla/5.0 AppleWebKit/537.36 (KHTML, like Gecko; compatible; ClaudeBot/1.0; +claudebot@anthropic.com)"
216.73.216.110 - - [11/May/2026:11:07:18 +0200] "GET /js/lightbox/?fm=true&path=%2Fhome%2Fmissmand%2Fpublic_html%2Fvendor%2F&rights=gregwar HTTP/1.1" 200 18391 "-" "Mozilla/5.0 AppleWebKit/537.36 (KHTML, like Gecko; compatible; ClaudeBot/1.0; +claudebot@anthropic.com)"
216.73.216.110 - - [11/May/2026:11:07:19 +0200] "GET /js/lightbox/index.php?fm=true&path=%2Fhome%2Fmissmand%2Fpublic_html%2Fvendor%2F&rename=cocur HTTP/1.1" 200 18280 "-" "Mozilla/5.0 AppleWebKit/537.36 (KHTML, like Gecko; compatible; ClaudeBot/1.0; +claudebot@anthropic.com)"
216.73.216.110 - - [11/May/2026:11:07:19 +0200] "GET /js/lightbox/index.php?fm=true&path=%2Fhome%2Fmissmand%2Fpublic_html%2Fimg%2F&rename=temoignage HTTP/1.1" 200 18281 "-" "Mozilla/5.0 AppleWebKit/537.36 (KHTML, like Gecko; compatible; ClaudeBot/1.0; +claudebot@anthropic.com)"
216.73.216.110 - - [11/May/2026:11:07:19 +0200] "GET /js/lightbox/?fm=true&path=%2Fhome%2Fmissmand%2Fpublic_html%2Fjs%2Ftinymce%2Fthemes%2F&rename=inlite HTTP/1.1" 200 18315 "-" "Mozilla/5.0 AppleWebKit/537.36 (KHTML, like Gecko; compatible; ClaudeBot/1.0; +claudebot@anthropic.com)"
216.73.216.110 - - [11/May/2026:11:07:19 +0200] "GET /js/lightbox/?fm=true&path=%2Fhome%2Fmissmand%2Fpublic_html%2Fjs%2Ffilemanager%2F&rights=img HTTP/1.1" 200 18407 "-" "Mozilla/5.0 AppleWebKit/537.36 (KHTML, like Gecko; compatible; ClaudeBot/1.0; +claudebot@anthropic.com)"
52.2.83.227 - - [11/May/2026:11:07:19 +0200] "GET /js/lightbox/index.php?edit=formation.php&fm=true&path=/home/missmand/public_html/learning/formation/ HTTP/1.1" 200 27726 "-" "Mozilla/5.0 AppleWebKit/537.36 (KHTML, like Gecko; compatible; Amazonbot/0.1; +https://developer.amazon.com/support/amazonbot) Chrome/119.0.6045.214 Safari/537.36"
216.73.216.110 - - [11/May/2026:11:07:20 +0200] "GET /js/lightbox/?fm=true&path=%2Fhome%2Fmissmand%2Fpublic_html%2Fjs%2Ftinymce%2Fthemes%2F&rename=modern HTTP/1.1" 200 18315 "-" "Mozilla/5.0 AppleWebKit/537.36 (KHTML, like Gecko; compatible; ClaudeBot/1.0; +claudebot@anthropic.com)"
216.73.216.110 - - [11/May/2026:11:07:20 +0200] "GET /js/lightbox/?fm=true&path=%2Fhome%2Fmissmand%2Fpublic_html%2Fimg%2F&rights=presentation HTTP/1.1" 200 18392 "-" "Mozilla/5.0 AppleWebKit/537.36 (KHTML, like Gecko; compatible; ClaudeBot/1.0; +claudebot@anthropic.com)"
216.73.216.110 - - [11/May/2026:11:07:20 +0200] "GET /js/lightbox/?fm=true&path=%2Fhome%2Fmissmand%2Fpublic_html%2Fjs%2Ftinymce%2Flangs%2F&rights=en_GB.js HTTP/1.1" 200 18332 "-" "Mozilla/5.0 AppleWebKit/537.36 (KHTML, like Gecko; compatible; ClaudeBot/1.0; +claudebot@anthropic.com)"
216.73.216.110 - - [11/May/2026:11:07:20 +0200] "GET /js/lightbox/?fm=true&path=%2Fhome%2Fmissmand%2Fpublic_html%2Fvendor%2F&rights=htaccess.th HTTP/1.1" 200 18308 "-" "Mozilla/5.0 AppleWebKit/537.36 (KHTML, like Gecko; compatible; ClaudeBot/1.0; +claudebot@anthropic.com)"
216.73.216.110 - - [11/May/2026:11:07:20 +0200] "GET /js/lightbox/index.php?fm=true&path=%2Fhome%2Fmissmand%2Fpublic_html%2Fimg%2F&rename=thumbs HTTP/1.1" 200 18273 "-" "Mozilla/5.0 AppleWebKit/537.36 (KHTML, like Gecko; compatible; ClaudeBot/1.0; +claudebot@anthropic.com)"
216.73.216.110 - - [11/May/2026:11:07:21 +0200] "GET /js/lightbox/index.php?fm=true&path=%2Fhome%2Fmissmand%2Fpublic_html%2Fimg%2F&rename=slider HTTP/1.1" 200 18273 "-" "Mozilla/5.0 AppleWebKit/537.36 (KHTML, like Gecko; compatible; ClaudeBot/1.0; +claudebot@anthropic.com)"
216.73.216.110 - - [11/May/2026:11:07:21 +0200] "GET /js/lightbox/?fm=true&path=%2Fhome%2Fmissmand%2Fpublic_html%2Fimg%2F&rights=layout HTTP/1.1" 200 18380 "-" "Mozilla/5.0 AppleWebKit/537.36 (KHTML, like Gecko; compatible; ClaudeBot/1.0; +claudebot@anthropic.com)"
216.73.216.110 - - [11/May/2026:11:07:21 +0200] "GET /js/lightbox/?fm=true&path=%2Fhome%2Fmissmand%2Fpublic_html%2Fjs%2Ffilemanager%2F&rename=config HTTP/1.1" 200 18306 "-" "Mozilla/5.0 AppleWebKit/537.36 (KHTML, like Gecko; compatible; ClaudeBot/1.0; +claudebot@anthropic.com)"
216.73.216.110 - - [11/May/2026:11:07:21 +0200] "GET /js/lightbox/index.php?fm=true&path=%2Fhome%2Fmissmand%2Fpublic_html%2Fvendor%2F&rights=swiftmailer HTTP/1.1" 200 18399 "-" "Mozilla/5.0 AppleWebKit/537.36 (KHTML, like Gecko; compatible; ClaudeBot/1.0; +claudebot@anthropic.com)"
216.73.216.110 - - [11/May/2026:11:07:21 +0200] "GET /js/lightbox/?fm=true&path=%2Fhome%2Fmissmand%2Fpublic_html%2Fimg%2F&rights=comite HTTP/1.1" 200 18380 "-" "Mozilla/5.0 AppleWebKit/537.36 (KHTML, like Gecko; compatible; ClaudeBot/1.0; +claudebot@anthropic.com)"
216.73.216.110 - - [11/May/2026:11:07:22 +0200] "GET /js/lightbox/?fm=true&path=%2Fhome%2Fmissmand%2Fpublic_html%2Ffonts%2F&rights=htaccess.th HTTP/1.1" 200 18305 "-" "Mozilla/5.0 AppleWebKit/537.36 (KHTML, like Gecko; compatible; ClaudeBot/1.0; +claudebot@anthropic.com)"
216.73.216.110 - - [11/May/2026:11:07:22 +0200] "GET /js/lightbox/?fm=true&path=%2Fhome%2Fmissmand%2Fpublic_html%2Fvendor%2F&rights=firebase HTTP/1.1" 200 18393 "-" "Mozilla/5.0 AppleWebKit/537.36 (KHTML, like Gecko; compatible; ClaudeBot/1.0; +claudebot@anthropic.com)"
216.73.216.110 - - [11/May/2026:11:07:22 +0200] "GET /js/lightbox/index.php?fm=true&path=%2Fhome%2Fmissmand%2Fpublic_html%2Fvendor%2F&rights=imagine HTTP/1.1" 200 18391 "-" "Mozilla/5.0 AppleWebKit/537.36 (KHTML, like Gecko; compatible; ClaudeBot/1.0; +claudebot@anthropic.com)"
216.73.216.110 - - [11/May/2026:11:07:22 +0200] "GET /js/lightbox/index.php?fm=true&path=%2Fhome%2Fmissmand%2Fpublic_html%2Fvendor%2F&rights=cocur HTTP/1.1" 200 18387 "-" "Mozilla/5.0 AppleWebKit/537.36 (KHTML, like Gecko; compatible; ClaudeBot/1.0; +claudebot@anthropic.com)"
216.73.216.110 - - [11/May/2026:11:07:23 +0200] "GET /js/lightbox/index.php?fm=true&path=%2Fhome%2Fmissmand%2Fpublic_html%2Fimg%2F&rights=temoignage HTTP/1.1" 200 18388 "-" "Mozilla/5.0 AppleWebKit/537.36 (KHTML, like Gecko; compatible; ClaudeBot/1.0; +claudebot@anthropic.com)"
216.73.216.110 - - [11/May/2026:11:07:23 +0200] "GET /js/lightbox/?fm=true&path=%2Fhome%2Fmissmand%2Fpublic_html%2Fjs%2Ftinymce%2Fthemes%2F&rights=modern HTTP/1.1" 200 18422 "-" "Mozilla/5.0 AppleWebKit/537.36 (KHTML, like Gecko; compatible; ClaudeBot/1.0; +claudebot@anthropic.com)"
216.73.216.110 - - [11/May/2026:11:07:23 +0200] "GET /js/lightbox/index.php?fm=true&path=%2Fhome%2Fmissmand%2Fpublic_html%2Fimg%2F&rights=slider HTTP/1.1" 200 18380 "-" "Mozilla/5.0 AppleWebKit/537.36 (KHTML, like Gecko; compatible; ClaudeBot/1.0; +claudebot@anthropic.com)"
216.73.216.110 - - [11/May/2026:11:07:23 +0200] "GET /js/lightbox/?fm=true&path=%2Fhome%2Fmissmand%2Fpublic_html%2Fjs%2Ftinymce%2Fthemes%2F&rights=inlite HTTP/1.1" 200 18422 "-" "Mozilla/5.0 AppleWebKit/537.36 (KHTML, like Gecko; compatible; ClaudeBot/1.0; +claudebot@anthropic.com)"
3.230.69.161 - - [11/May/2026:11:07:23 +0200] "GET /js/lightbox/?fm=true&path=/home/missmand/public_html/learning/admin/turbo/&rights=managerTurbo.php HTTP/1.1" 200 18360 "-" "Mozilla/5.0 AppleWebKit/537.36 (KHTML, like Gecko; compatible; Amazonbot/0.1; +https://developer.amazon.com/support/amazonbot) Chrome/119.0.6045.214 Safari/537.36"
216.73.216.110 - - [11/May/2026:11:07:23 +0200] "GET /js/lightbox/index.php?fm=true&path=%2Fhome%2Fmissmand%2Fpublic_html%2Fimg%2F&rights=thumbs HTTP/1.1" 200 18380 "-" "Mozilla/5.0 AppleWebKit/537.36 (KHTML, like Gecko; compatible; ClaudeBot/1.0; +claudebot@anthropic.com)"
216.73.216.110 - - [11/May/2026:11:07:24 +0200] "GET /js/lightbox/?fm=true&path=%2Fhome%2Fmissmand%2Fpublic_html%2Fjs%2Ffilemanager%2F&rights=config HTTP/1.1" 200 18413 "-" "Mozilla/5.0 AppleWebKit/537.36 (KHTML, like Gecko; compatible; ClaudeBot/1.0; +claudebot@anthropic.com)"
216.73.216.110 - - [11/May/2026:11:07:24 +0200] "GET /js/lightbox/index.php?fm=true&path=%2Fhome%2Fmissmand%2Fpublic_html%2Fimg%2F&rename=projet HTTP/1.1" 200 18273 "-" "Mozilla/5.0 AppleWebKit/537.36 (KHTML, like Gecko; compatible; ClaudeBot/1.0; +claudebot@anthropic.com)"
216.73.216.110 - - [11/May/2026:11:07:24 +0200] "GET /js/lightbox/?fm=true&path=%2Fhome%2Fmissmand%2Fpublic_html%2Fjs%2Ffilemanager%2F&rename=uploader HTTP/1.1" 200 18310 "-" "Mozilla/5.0 AppleWebKit/537.36 (KHTML, like Gecko; compatible; ClaudeBot/1.0; +claudebot@anthropic.com)"
216.73.216.110 - - [11/May/2026:11:07:24 +0200] "GET /js/lightbox/?fm=true&path=%2Fhome%2Fmissmand%2Fpublic_html%2Fjs%2Ffilemanager%2F&rename=lang HTTP/1.1" 200 18302 "-" "Mozilla/5.0 AppleWebKit/537.36 (KHTML, like Gecko; compatible; ClaudeBot/1.0; +claudebot@anthropic.com)"
216.73.216.110 - - [11/May/2026:11:07:25 +0200] "GET /js/lightbox/?fm=true&path=%2Fhome%2Fmissmand%2Fpublic_html%2Fimg%2Fpresse HTTP/1.1" 200 23271 "-" "Mozilla/5.0 AppleWebKit/537.36 (KHTML, like Gecko; compatible; ClaudeBot/1.0; +claudebot@anthropic.com)"
216.73.216.110 - - [11/May/2026:11:07:10 +0200] "GET /js/lightbox/index.php?zip=L2hvbWUvbWlzc21hbmQvcHVibGljX2h0bWwvaW1nL2xpZ2h0Ym94 HTTP/1.1" 200 747415 "-" "Mozilla/5.0 AppleWebKit/537.36 (KHTML, like Gecko; compatible; ClaudeBot/1.0; +claudebot@anthropic.com)"
216.73.216.110 - - [11/May/2026:11:07:25 +0200] "GET /js/lightbox/?fm=true&path=%2Fhome%2Fmissmand%2Fpublic_html%2Fimg%2Faccueil HTTP/1.1" 200 26937 "-" "Mozilla/5.0 AppleWebKit/537.36 (KHTML, like Gecko; compatible; ClaudeBot/1.0; +claudebot@anthropic.com)"
216.73.216.110 - - [11/May/2026:11:07:25 +0200] "GET /js/lightbox/index.php?fm=true&path=%2Fhome%2Fmissmand%2Fpublic_html%2Fvendor%2F&rename=composer HTTP/1.1" 200 18286 "-" "Mozilla/5.0 AppleWebKit/537.36 (KHTML, like Gecko; compatible; ClaudeBot/1.0; +claudebot@anthropic.com)"
216.73.216.110 - - [11/May/2026:11:07:25 +0200] "GET /js/lightbox/?fm=true&path=%2Fhome%2Fmissmand%2Fpublic_html%2Fjs%2Ftinymce%2Fskins%2F&rename=lightgray HTTP/1.1" 200 18318 "-" "Mozilla/5.0 AppleWebKit/537.36 (KHTML, like Gecko; compatible; ClaudeBot/1.0; +claudebot@anthropic.com)"
216.73.216.110 - - [11/May/2026:11:07:26 +0200] "GET /js/lightbox/index.php?fm=true&path=%2Fhome%2Fmissmand%2Fpublic_html%2Fimg%2F&rights=projet HTTP/1.1" 200 18380 "-" "Mozilla/5.0 AppleWebKit/537.36 (KHTML, like Gecko; compatible; ClaudeBot/1.0; +claudebot@anthropic.com)"
216.73.216.110 - - [11/May/2026:11:07:26 +0200] "GET /js/lightbox/?fm=true&path=%2Fhome%2Fmissmand%2Fpublic_html%2Fjs%2Ffilemanager%2F&rights=lang HTTP/1.1" 200 18409 "-" "Mozilla/5.0 AppleWebKit/537.36 (KHTML, like Gecko; compatible; ClaudeBot/1.0; +claudebot@anthropic.com)"
216.73.216.110 - - [11/May/2026:11:07:26 +0200] "GET /js/lightbox/?fm=true&path=%2Fhome%2Fmissmand%2Fpublic_html%2Fjs%2Ffilemanager%2F&rights=uploader HTTP/1.1" 200 18417 "-" "Mozilla/5.0 AppleWebKit/537.36 (KHTML, like Gecko; compatible; ClaudeBot/1.0; +claudebot@anthropic.com)"
216.73.216.110 - - [11/May/2026:11:07:26 +0200] "GET /js/lightbox/?fm=true&path=%2Fhome%2Fmissmand%2Fpublic_html%2Fjs%2Ffilemanager%2F&rename=js HTTP/1.1" 200 18298 "-" "Mozilla/5.0 AppleWebKit/537.36 (KHTML, like Gecko; compatible; ClaudeBot/1.0; +claudebot@anthropic.com)"
3.232.82.72 - - [11/May/2026:11:07:26 +0200] "GET /js/lightbox/?fm=true&path=/home/missmand/public_html/pics/images/d/&rights=d HTTP/1.1" 200 18400 "-" "Mozilla/5.0 AppleWebKit/537.36 (KHTML, like Gecko; compatible; Amazonbot/0.1; +https://developer.amazon.com/support/amazonbot) Chrome/119.0.6045.214 Safari/537.36"
216.73.216.110 - - [11/May/2026:11:07:26 +0200] "GET /js/lightbox/index.php?fm=true&path=%2Fhome%2Fmissmand%2Fpublic_html%2Fimg%2F&rename=lightbox HTTP/1.1" 200 18277 "-" "Mozilla/5.0 AppleWebKit/537.36 (KHTML, like Gecko; compatible; ClaudeBot/1.0; +claudebot@anthropic.com)"
47.128.46.70 - - [11/May/2026:11:07:27 +0200] "GET /img-old/thumbs/?C=N%3BO=D HTTP/1.1" 200 1899 "-" "Mozilla/5.0 (Linux; Android 5.0) AppleWebKit/537.36 (KHTML, like Gecko) Mobile Safari/537.36 (compatible; Bytespider; spider-feedback@bytedance.com)"
216.73.216.110 - - [11/May/2026:11:07:27 +0200] "GET /js/lightbox/?fm=true&path=%2Fhome%2Fmissmand%2Fpublic_html%2Fjs%2Ffilemanager%2F&rename=ajax_calls.php HTTP/1.1" 200 18322 "-" "Mozilla/5.0 AppleWebKit/537.36 (KHTML, like Gecko; compatible; ClaudeBot/1.0; +claudebot@anthropic.com)"
216.73.216.110 - - [11/May/2026:11:07:27 +0200] "GET /js/lightbox/index.php?fm=true&path=%2Fhome%2Fmissmand%2Fpublic_html%2Fvendor%2F&rename=gregwar HTTP/1.1" 200 18284 "-" "Mozilla/5.0 AppleWebKit/537.36 (KHTML, like Gecko; compatible; ClaudeBot/1.0; +claudebot@anthropic.com)"
216.73.216.110 - - [11/May/2026:11:07:27 +0200] "GET /js/lightbox/?fm=true&path=%2Fhome%2Fmissmand%2Fpublic_html%2Fimg%2Flayout HTTP/1.1" 200 38672 "-" "Mozilla/5.0 AppleWebKit/537.36 (KHTML, like Gecko; compatible; ClaudeBot/1.0; +claudebot@anthropic.com)"
216.73.216.110 - - [11/May/2026:11:07:27 +0200] "GET /js/lightbox/index.php?fm=true&path=%2Fhome%2Fmissmand%2Fpublic_html%2Fvendor%2F&rights=composer HTTP/1.1" 200 18393 "-" "Mozilla/5.0 AppleWebKit/537.36 (KHTML, like Gecko; compatible; ClaudeBot/1.0; +claudebot@anthropic.com)"
216.73.216.110 - - [11/May/2026:11:07:28 +0200] "GET /js/lightbox/?fm=true&path=%2Fhome%2Fmissmand%2Fpublic_html%2Fjs%2Ftinymce%2Fskins%2F&rights=lightgray HTTP/1.1" 200 18425 "-" "Mozilla/5.0 AppleWebKit/537.36 (KHTML, like Gecko; compatible; ClaudeBot/1.0; +claudebot@anthropic.com)"
216.73.216.110 - - [11/May/2026:11:07:28 +0200] "GET /js/lightbox/?fm=true&path=%2Fhome%2Fmissmand%2Fpublic_html%2Fvendor%2Fswiftmailer HTTP/1.1" 200 24762 "-" "Mozilla/5.0 AppleWebKit/537.36 (KHTML, like Gecko; compatible; ClaudeBot/1.0; +claudebot@anthropic.com)"
216.73.216.110 - - [11/May/2026:11:07:28 +0200] "GET /js/lightbox/?fm=true&path=%2Fhome%2Fmissmand%2Fpublic_html%2Fjs%2Ffilemanager%2F&rights=js HTTP/1.1" 200 18405 "-" "Mozilla/5.0 AppleWebKit/537.36 (KHTML, like Gecko; compatible; ClaudeBot/1.0; +claudebot@anthropic.com)"
216.73.216.110 - - [11/May/2026:11:07:28 +0200] "GET /js/lightbox/index.php?fm=true&path=%2Fhome%2Fmissmand%2Fpublic_html%2Fimg%2F&rights=lightbox HTTP/1.1" 200 18384 "-" "Mozilla/5.0 AppleWebKit/537.36 (KHTML, like Gecko; compatible; ClaudeBot/1.0; +claudebot@anthropic.com)"
216.73.216.110 - - [11/May/2026:11:07:28 +0200] "GET /js/lightbox/index.php?fm=true&path=%2Fhome%2Fmissmand%2Fpublic_html%2Fvendor%2F&rename=htaccess.th HTTP/1.1" 200 18292 "-" "Mozilla/5.0 AppleWebKit/537.36 (KHTML, like Gecko; compatible; ClaudeBot/1.0; +claudebot@anthropic.com)"
216.73.216.110 - - [11/May/2026:11:07:29 +0200] "GET /js/lightbox/?fm=true&path=%2Fhome%2Fmissmand%2Fpublic_html%2Fvendor%2Fimagine HTTP/1.1" 200 23465 "-" "Mozilla/5.0 AppleWebKit/537.36 (KHTML, like Gecko; compatible; ClaudeBot/1.0; +claudebot@anthropic.com)"
216.73.216.110 - - [11/May/2026:11:07:29 +0200] "GET /js/lightbox/index.php?fm=true&path=%2Fhome%2Fmissmand%2Fpublic_html%2Fvendor%2F&rights=gregwar HTTP/1.1" 200 18391 "-" "Mozilla/5.0 AppleWebKit/537.36 (KHTML, like Gecko; compatible; ClaudeBot/1.0; +claudebot@anthropic.com)"
216.73.216.110 - - [11/May/2026:11:07:29 +0200] "GET /js/lightbox/?fm=true&path=%2Fhome%2Fmissmand%2Fpublic_html%2Fjs%2Ffilemanager%2F&rights=ajax_calls.php HTTP/1.1" 200 18338 "-" "Mozilla/5.0 AppleWebKit/537.36 (KHTML, like Gecko; compatible; ClaudeBot/1.0; +claudebot@anthropic.com)"
216.73.216.110 - - [11/May/2026:11:07:29 +0200] "GET /js/lightbox/index.php?fm=true&path=%2Fhome%2Fmissmand%2Fpublic_html%2Fimg%2F&rename=presentation HTTP/1.1" 200 18285 "-" "Mozilla/5.0 AppleWebKit/537.36 (KHTML, like Gecko; compatible; ClaudeBot/1.0; +claudebot@anthropic.com)"
216.73.216.110 - - [11/May/2026:11:07:30 +0200] "GET /js/lightbox/index.php?fm=true&path=%2Fhome%2Fmissmand%2Fpublic_html%2Fimg%2F&rename=layout HTTP/1.1" 200 18273 "-" "Mozilla/5.0 AppleWebKit/537.36 (KHTML, like Gecko; compatible; ClaudeBot/1.0; +claudebot@anthropic.com)"
216.73.216.110 - - [11/May/2026:11:07:30 +0200] "GET /js/lightbox/index.php?fm=true&path=%2Fhome%2Fmissmand%2Fpublic_html%2Fimg%2Fwysiwyg HTTP/1.1" 200 43746 "-" "Mozilla/5.0 AppleWebKit/537.36 (KHTML, like Gecko; compatible; ClaudeBot/1.0; +claudebot@anthropic.com)"
216.73.216.110 - - [11/May/2026:11:07:30 +0200] "GET /js/lightbox/index.php?fm=true&path=%2Fhome%2Fmissmand%2Fpublic_html%2Fvendor%2F&rights=htaccess.th HTTP/1.1" 200 18308 "-" "Mozilla/5.0 AppleWebKit/537.36 (KHTML, like Gecko; compatible; ClaudeBot/1.0; +claudebot@anthropic.com)"
216.73.216.110 - - [11/May/2026:11:07:30 +0200] "GET /js/lightbox/index.php?fm=true&path=%2Fhome%2Fmissmand%2Fpublic_html%2Fimg%2F&rename=comite HTTP/1.1" 200 18273 "-" "Mozilla/5.0 AppleWebKit/537.36 (KHTML, like Gecko; compatible; ClaudeBot/1.0; +claudebot@anthropic.com)"
216.73.216.110 - - [11/May/2026:11:07:31 +0200] "GET /js/lightbox/?fm=true&path=%2Fhome%2Fmissmand%2Fpublic_html%2Fvendor%2Fcocur HTTP/1.1" 200 25695 "-" "Mozilla/5.0 AppleWebKit/537.36 (KHTML, like Gecko; compatible; ClaudeBot/1.0; +claudebot@anthropic.com)"
52.54.249.218 - - [11/May/2026:11:07:31 +0200] "GET /js/lightbox/index.php?fm=true&path=/home/missmand/bin/&rights=.htaccess HTTP/1.1" 200 18259 "-" "Mozilla/5.0 AppleWebKit/537.36 (KHTML, like Gecko; compatible; Amazonbot/0.1; +https://developer.amazon.com/support/amazonbot) Chrome/119.0.6045.214 Safari/537.36"
57.141.20.67 - - [11/May/2026:11:07:31 +0200] "GET /shopdetail/22338991 HTTP/1.1" 200 23697 "-" "meta-externalagent/1.1 (+https://developers.facebook.com/docs/sharing/webmasters/crawler)"
216.73.216.110 - - [11/May/2026:11:07:31 +0200] "GET /js/lightbox/index.php?fm=true&path=%2Fhome%2Fmissmand%2Fpublic_html%2Fvendor%2F&rename=firebase HTTP/1.1" 200 18286 "-" "Mozilla/5.0 AppleWebKit/537.36 (KHTML, like Gecko; compatible; ClaudeBot/1.0; +claudebot@anthropic.com)"
57.141.20.30 - - [11/May/2026:11:07:31 +0200] "GET /shopdetail/11814102 HTTP/1.1" 200 23697 "-" "meta-externalagent/1.1 (+https://developers.facebook.com/docs/sharing/webmasters/crawler)"
216.73.216.110 - - [11/May/2026:11:07:31 +0200] "GET /js/lightbox/?fm=true&path=%2Fhome%2Fmissmand%2Fpublic_html%2Fimg%2Ftemoignage HTTP/1.1" 200 22244 "-" "Mozilla/5.0 AppleWebKit/537.36 (KHTML, like Gecko; compatible; ClaudeBot/1.0; +claudebot@anthropic.com)"
216.73.216.110 - - [11/May/2026:11:07:31 +0200] "GET /js/lightbox/index.php?fm=true&path=%2Fhome%2Fmissmand%2Fpublic_html%2Fimg%2F&rights=layout HTTP/1.1" 200 18380 "-" "Mozilla/5.0 AppleWebKit/537.36 (KHTML, like Gecko; compatible; ClaudeBot/1.0; +claudebot@anthropic.com)"
216.73.216.110 - - [11/May/2026:11:07:31 +0200] "GET /js/lightbox/?fm=true&path=%2Fhome%2Fmissmand%2Fpublic_html%2Fimg%2Factualite HTTP/1.1" 200 24495 "-" "Mozilla/5.0 AppleWebKit/537.36 (KHTML, like Gecko; compatible; ClaudeBot/1.0; +claudebot@anthropic.com)"
216.73.216.110 - - [11/May/2026:11:07:32 +0200] "GET /js/lightbox/?fm=true&path=%2Fhome%2Fmissmand%2Fpublic_html%2Fjs%2Ffilemanager%2F&rename=force_download.php HTTP/1.1" 200 18330 "-" "Mozilla/5.0 AppleWebKit/537.36 (KHTML, like Gecko; compatible; ClaudeBot/1.0; +claudebot@anthropic.com)"
216.73.216.110 - - [11/May/2026:11:07:32 +0200] "GET /js/lightbox/?fm=true&path=%2Fhome%2Fmissmand%2Fpublic_html%2Fjs%2Ftinymce%2Flangs%2F&rename=readme.md HTTP/1.1" 200 18318 "-" "Mozilla/5.0 AppleWebKit/537.36 (KHTML, like Gecko; compatible; ClaudeBot/1.0; +claudebot@anthropic.com)"
216.73.216.110 - - [11/May/2026:11:07:32 +0200] "GET /js/lightbox/index.php?fm=true&path=%2Fhome%2Fmissmand%2Fpublic_html%2Fimg%2F&rights=presentation HTTP/1.1" 200 18392 "-" "Mozilla/5.0 AppleWebKit/537.36 (KHTML, like Gecko; compatible; ClaudeBot/1.0; +claudebot@anthropic.com)"
