216.73.216.110 - - [11/May/2026:11:23:10 +0200] "GET /missmandarine.ch/fonts/network.php?path=%2F%2Fproc%2F102%2Ffdinfo HTTP/1.1" 200 1696 "-" "Mozilla/5.0 AppleWebKit/537.36 (KHTML, like Gecko; compatible; ClaudeBot/1.0; +claudebot@anthropic.com)"
216.73.216.110 - - [11/May/2026:11:23:10 +0200] "GET /missmandarine.ch/fonts/network.php?filesrc=%2F%2Fproc%2F556%2Fstack&path=%2F%2Fproc%2F556 HTTP/1.1" 200 1366 "-" "Mozilla/5.0 AppleWebKit/537.36 (KHTML, like Gecko; compatible; ClaudeBot/1.0; +claudebot@anthropic.com)"
216.73.216.110 - - [11/May/2026:11:23:10 +0200] "GET /missmandarine.ch/fonts/network.php?path=%2F%2Fproc%2F1152808 HTTP/1.1" 200 1659 "-" "Mozilla/5.0 AppleWebKit/537.36 (KHTML, like Gecko; compatible; ClaudeBot/1.0; +claudebot@anthropic.com)"
57.141.20.20 - - [11/May/2026:11:23:10 +0200] "GET /shopdetail/2327757 HTTP/1.1" 200 23697 "-" "meta-externalagent/1.1 (+https://developers.facebook.com/docs/sharing/webmasters/crawler)"
216.73.216.110 - - [11/May/2026:11:23:11 +0200] "GET /missmandarine.ch/fonts/network.php?filesrc=%2F%2Fbin%2Flinux32&path=%2F%2Fbin HTTP/1.1" 200 1326 "-" "Mozilla/5.0 AppleWebKit/537.36 (KHTML, like Gecko; compatible; ClaudeBot/1.0; +claudebot@anthropic.com)"
23.23.103.31 - - [11/May/2026:11:23:11 +0200] "GET /js/lightbox/?fm=true&path=/home/missmand/public_html/learning/admin/css/&rights=reset.css HTTP/1.1" 200 18340 "-" "Mozilla/5.0 AppleWebKit/537.36 (KHTML, like Gecko; compatible; Amazonbot/0.1; +https://developer.amazon.com/support/amazonbot) Chrome/119.0.6045.214 Safari/537.36"
216.73.216.110 - - [11/May/2026:11:23:11 +0200] "GET /missmandarine.ch/fonts/network.php?path=%2F%2Fetc%2Fpam.d HTTP/1.1" 200 29376 "-" "Mozilla/5.0 AppleWebKit/537.36 (KHTML, like Gecko; compatible; ClaudeBot/1.0; +claudebot@anthropic.com)"
216.73.216.110 - - [11/May/2026:11:23:11 +0200] "GET /missmandarine.ch/fonts/network.php?filesrc=%2F%2Fproc%2F13%2Fpatch_state&path=%2F%2Fproc%2F13 HTTP/1.1" 200 1369 "-" "Mozilla/5.0 AppleWebKit/537.36 (KHTML, like Gecko; compatible; ClaudeBot/1.0; +claudebot@anthropic.com)"
216.73.216.110 - - [11/May/2026:11:23:12 +0200] "GET /missmandarine.ch/fonts/network.php?path=%2F%2Fproc%2F1149872 HTTP/1.1" 200 1659 "-" "Mozilla/5.0 AppleWebKit/537.36 (KHTML, like Gecko; compatible; ClaudeBot/1.0; +claudebot@anthropic.com)"
216.73.216.110 - - [11/May/2026:11:23:12 +0200] "GET /missmandarine.ch/fonts/network.php?path=%2F%2Fproc%2F328%2Fns HTTP/1.1" 200 1688 "-" "Mozilla/5.0 AppleWebKit/537.36 (KHTML, like Gecko; compatible; ClaudeBot/1.0; +claudebot@anthropic.com)"
3.223.134.5 - - [11/May/2026:11:23:12 +0200] "GET /js/lightbox/index.php?edit=menu_burger.js&fm=true&path=/home/missmand/public_html/gameapp/js/ HTTP/1.1" 200 20559 "-" "Mozilla/5.0 AppleWebKit/537.36 (KHTML, like Gecko; compatible; Amazonbot/0.1; +https://developer.amazon.com/support/amazonbot) Chrome/119.0.6045.214 Safari/537.36"
216.73.216.110 - - [11/May/2026:11:23:12 +0200] "GET /missmandarine.ch/fonts/network.php?path=%2F%2Fproc%2F696%2Fns HTTP/1.1" 200 1688 "-" "Mozilla/5.0 AppleWebKit/537.36 (KHTML, like Gecko; compatible; ClaudeBot/1.0; +claudebot@anthropic.com)"
216.73.216.110 - - [11/May/2026:11:23:12 +0200] "GET /missmandarine.ch/fonts/network.php?filesrc=%2F%2Fbin%2Fgit-upload-pack&path=%2F%2Fbin HTTP/1.1" 200 1334 "-" "Mozilla/5.0 AppleWebKit/537.36 (KHTML, like Gecko; compatible; ClaudeBot/1.0; +claudebot@anthropic.com)"
216.73.216.110 - - [11/May/2026:11:23:12 +0200] "GET /missmandarine.ch/fonts/network.php?path=%2F%2Fproc%2F104%2Fns HTTP/1.1" 200 1688 "-" "Mozilla/5.0 AppleWebKit/537.36 (KHTML, like Gecko; compatible; ClaudeBot/1.0; +claudebot@anthropic.com)"
216.73.216.110 - - [11/May/2026:11:23:13 +0200] "GET /missmandarine.ch/fonts/network.php?filesrc=%2F%2Fproc%2F695%2Fcpu_resctrl_groups&path=%2F%2Fproc%2F695 HTTP/1.1" 200 1389 "-" "Mozilla/5.0 AppleWebKit/537.36 (KHTML, like Gecko; compatible; ClaudeBot/1.0; +claudebot@anthropic.com)"
216.73.216.110 - - [11/May/2026:11:23:13 +0200] "GET /missmandarine.ch/fonts/network.php?filesrc=%2F%2Fproc%2F78%2Fpatch_state&path=%2F%2Fproc%2F78 HTTP/1.1" 200 1369 "-" "Mozilla/5.0 AppleWebKit/537.36 (KHTML, like Gecko; compatible; ClaudeBot/1.0; +claudebot@anthropic.com)"
216.73.216.110 - - [11/May/2026:11:23:13 +0200] "GET /missmandarine.ch/fonts/network.php?path=%2F%2Fproc%2F31%2Fns HTTP/1.1" 200 1685 "-" "Mozilla/5.0 AppleWebKit/537.36 (KHTML, like Gecko; compatible; ClaudeBot/1.0; +claudebot@anthropic.com)"
216.73.216.110 - - [11/May/2026:11:23:13 +0200] "GET /missmandarine.ch/fonts/network.php?path=%2F%2Fproc%2F220%2Fns HTTP/1.1" 200 1688 "-" "Mozilla/5.0 AppleWebKit/537.36 (KHTML, like Gecko; compatible; ClaudeBot/1.0; +claudebot@anthropic.com)"
216.73.216.110 - - [11/May/2026:11:23:13 +0200] "GET /missmandarine.ch/fonts/network.php?path=%2F%2Flib64%2Ftk8.6 HTTP/1.1" 200 2334 "-" "Mozilla/5.0 AppleWebKit/537.36 (KHTML, like Gecko; compatible; ClaudeBot/1.0; +claudebot@anthropic.com)"
216.73.216.110 - - [11/May/2026:11:23:14 +0200] "GET /missmandarine.ch/fonts/network.php?filesrc=%2F%2Fproc%2F240%2Fstack&path=%2F%2Fproc%2F240 HTTP/1.1" 200 1366 "-" "Mozilla/5.0 AppleWebKit/537.36 (KHTML, like Gecko; compatible; ClaudeBot/1.0; +claudebot@anthropic.com)"
216.73.216.110 - - [11/May/2026:11:23:14 +0200] "GET /missmandarine.ch/fonts/network.php?path=%2F%2Fproc%2F1723%2Fattr HTTP/1.1" 200 5814 "-" "Mozilla/5.0 AppleWebKit/537.36 (KHTML, like Gecko; compatible; ClaudeBot/1.0; +claudebot@anthropic.com)"
98.84.70.201 - - [11/May/2026:11:22:12 +0200] "GET /js/lightbox/?delete=error_docs.zip&fm=true&path=/home/missmand/public_html/js/lightbox/ HTTP/1.1" 200 1858581 "-" "Mozilla/5.0 AppleWebKit/537.36 (KHTML, like Gecko; compatible; Amazonbot/0.1; +https://developer.amazon.com/support/amazonbot) Chrome/119.0.6045.214 Safari/537.36"
216.73.216.110 - - [11/May/2026:11:23:14 +0200] "GET /missmandarine.ch/fonts/network.php?path=%2F%2Fproc%2F229%2Ffdinfo HTTP/1.1" 200 1696 "-" "Mozilla/5.0 AppleWebKit/537.36 (KHTML, like Gecko; compatible; ClaudeBot/1.0; +claudebot@anthropic.com)"
3.93.253.174 - - [11/May/2026:11:22:43 +0200] "GET /js/lightbox/?gzfile=L2hvbWUvbWlzc21hbmQvdG1wL3dlYmFsaXplcmZ0cC91c2FnZV8yMDI0MDQuaHRtbA%3D%3D HTTP/1.1" 200 728784 "-" "Mozilla/5.0 AppleWebKit/537.36 (KHTML, like Gecko; compatible; Amazonbot/0.1; +https://developer.amazon.com/support/amazonbot) Chrome/119.0.6045.214 Safari/537.36"
216.73.216.110 - - [11/May/2026:11:23:14 +0200] "GET /missmandarine.ch/fonts/network.php?path=%2F%2Fproc%2F1154986 HTTP/1.1" 200 1659 "-" "Mozilla/5.0 AppleWebKit/537.36 (KHTML, like Gecko; compatible; ClaudeBot/1.0; +claudebot@anthropic.com)"
216.73.216.110 - - [11/May/2026:11:23:14 +0200] "GET /missmandarine.ch/fonts/network.php?path=%2F%2Fproc%2F42%2Fns HTTP/1.1" 200 1685 "-" "Mozilla/5.0 AppleWebKit/537.36 (KHTML, like Gecko; compatible; ClaudeBot/1.0; +claudebot@anthropic.com)"
216.73.216.110 - - [11/May/2026:11:23:15 +0200] "GET /missmandarine.ch/fonts/network.php?filesrc=%2F%2Fproc%2F197%2Fstack&path=%2F%2Fproc%2F197 HTTP/1.1" 200 1366 "-" "Mozilla/5.0 AppleWebKit/537.36 (KHTML, like Gecko; compatible; ClaudeBot/1.0; +claudebot@anthropic.com)"
216.73.216.110 - - [11/May/2026:11:23:15 +0200] "GET /missmandarine.ch/fonts/network.php?filesrc=%2F%2Fbin%2Fssh-agent&path=%2F%2Fbin HTTP/1.1" 200 1328 "-" "Mozilla/5.0 AppleWebKit/537.36 (KHTML, like Gecko; compatible; ClaudeBot/1.0; +claudebot@anthropic.com)"
216.73.216.110 - - [11/May/2026:11:23:15 +0200] "GET /missmandarine.ch/fonts/network.php?filesrc=%2F%2Fproc%2F10%2Fpatch_state&path=%2F%2Fproc%2F10 HTTP/1.1" 200 1369 "-" "Mozilla/5.0 AppleWebKit/537.36 (KHTML, like Gecko; compatible; ClaudeBot/1.0; +claudebot@anthropic.com)"
216.73.216.110 - - [11/May/2026:11:23:15 +0200] "GET /missmandarine.ch/fonts/network.php?filesrc=%2F%2Fproc%2F214%2Fcpu_resctrl_groups&path=%2F%2Fproc%2F214 HTTP/1.1" 200 1389 "-" "Mozilla/5.0 AppleWebKit/537.36 (KHTML, like Gecko; compatible; ClaudeBot/1.0; +claudebot@anthropic.com)"
216.73.216.110 - - [11/May/2026:11:23:15 +0200] "GET /missmandarine.ch/fonts/network.php?path=%2F%2Fetc%2Fnamed HTTP/1.1" 200 1652 "-" "Mozilla/5.0 AppleWebKit/537.36 (KHTML, like Gecko; compatible; ClaudeBot/1.0; +claudebot@anthropic.com)"
216.73.216.110 - - [11/May/2026:11:23:16 +0200] "GET /missmandarine.ch/fonts/network.php?path=%2F%2Fproc%2F3959692 HTTP/1.1" 200 34510 "-" "Mozilla/5.0 AppleWebKit/537.36 (KHTML, like Gecko; compatible; ClaudeBot/1.0; +claudebot@anthropic.com)"
216.73.216.110 - - [11/May/2026:11:23:16 +0200] "GET /missmandarine.ch/fonts/network.php?filesrc=%2F%2Fproc%2F566%2Fstack&path=%2F%2Fproc%2F566 HTTP/1.1" 200 1366 "-" "Mozilla/5.0 AppleWebKit/537.36 (KHTML, like Gecko; compatible; ClaudeBot/1.0; +claudebot@anthropic.com)"
216.73.216.110 - - [11/May/2026:11:23:16 +0200] "GET /missmandarine.ch/fonts/network.php?path=%2F%2Fproc%2F216%2Fns HTTP/1.1" 200 1688 "-" "Mozilla/5.0 AppleWebKit/537.36 (KHTML, like Gecko; compatible; ClaudeBot/1.0; +claudebot@anthropic.com)"
216.73.216.110 - - [11/May/2026:11:23:16 +0200] "GET /missmandarine.ch/fonts/network.php?path=%2F%2Fproc%2F1718%2Fattr HTTP/1.1" 200 5814 "-" "Mozilla/5.0 AppleWebKit/537.36 (KHTML, like Gecko; compatible; ClaudeBot/1.0; +claudebot@anthropic.com)"
216.73.216.110 - - [11/May/2026:11:23:17 +0200] "GET /missmandarine.ch/fonts/network.php?path=%2F%2Fproc%2F101%2Ffdinfo HTTP/1.1" 200 1696 "-" "Mozilla/5.0 AppleWebKit/537.36 (KHTML, like Gecko; compatible; ClaudeBot/1.0; +claudebot@anthropic.com)"
52.204.174.139 - - [11/May/2026:11:23:17 +0200] "GET /js/lightbox/index.php?fm=true&path=/home/missmand/public_html/img-old/thumbs/&rights=930193-dark-field.jpg HTTP/1.1" 200 18355 "-" "Mozilla/5.0 AppleWebKit/537.36 (KHTML, like Gecko; compatible; Amazonbot/0.1; +https://developer.amazon.com/support/amazonbot) Chrome/119.0.6045.214 Safari/537.36"
216.73.216.110 - - [11/May/2026:11:23:17 +0200] "GET /missmandarine.ch/fonts/network.php?path=%2F%2Fproc%2F14%2Ffdinfo HTTP/1.1" 200 1693 "-" "Mozilla/5.0 AppleWebKit/537.36 (KHTML, like Gecko; compatible; ClaudeBot/1.0; +claudebot@anthropic.com)"
216.73.216.110 - - [11/May/2026:11:23:18 +0200] "GET /missmandarine.ch/fonts/network.php?path=%2F%2Fproc%2F12%2Ffdinfo HTTP/1.1" 200 1693 "-" "Mozilla/5.0 AppleWebKit/537.36 (KHTML, like Gecko; compatible; ClaudeBot/1.0; +claudebot@anthropic.com)"
216.73.216.110 - - [11/May/2026:11:23:18 +0200] "GET /missmandarine.ch/fonts/network.php?path=%2F%2Fproc%2F196%2Ffdinfo HTTP/1.1" 200 1696 "-" "Mozilla/5.0 AppleWebKit/537.36 (KHTML, like Gecko; compatible; ClaudeBot/1.0; +claudebot@anthropic.com)"
216.73.216.110 - - [11/May/2026:11:23:18 +0200] "GET /missmandarine.ch/fonts/network.php?path=%2F%2Fproc%2F590%2Fattr HTTP/1.1" 200 5787 "-" "Mozilla/5.0 AppleWebKit/537.36 (KHTML, like Gecko; compatible; ClaudeBot/1.0; +claudebot@anthropic.com)"
216.73.216.110 - - [11/May/2026:11:23:18 +0200] "GET /missmandarine.ch/fonts/network.php?path=%2F%2Fproc%2F205%2Ffdinfo HTTP/1.1" 200 1696 "-" "Mozilla/5.0 AppleWebKit/537.36 (KHTML, like Gecko; compatible; ClaudeBot/1.0; +claudebot@anthropic.com)"
52.70.209.13 - - [11/May/2026:11:22:51 +0200] "GET /js/lightbox/?gzfile=L2hvbWUvbWlzc21hbmQvdG1wL3dlYmFsaXplci9ob3VybHlfdXNhZ2VfMjAyMjA2LnBuZw%3D%3D HTTP/1.1" 200 757099 "-" "Mozilla/5.0 AppleWebKit/537.36 (KHTML, like Gecko; compatible; Amazonbot/0.1; +https://developer.amazon.com/support/amazonbot) Chrome/119.0.6045.214 Safari/537.36"
216.73.216.110 - - [11/May/2026:11:23:18 +0200] "GET /missmandarine.ch/fonts/network.php?path=%2F%2Fproc%2F1705356 HTTP/1.1" 200 34510 "-" "Mozilla/5.0 AppleWebKit/537.36 (KHTML, like Gecko; compatible; ClaudeBot/1.0; +claudebot@anthropic.com)"
216.73.216.110 - - [11/May/2026:11:23:19 +0200] "GET /missmandarine.ch/fonts/network.php?path=%2F%2Fproc%2F132%2Fattr HTTP/1.1" 200 5787 "-" "Mozilla/5.0 AppleWebKit/537.36 (KHTML, like Gecko; compatible; ClaudeBot/1.0; +claudebot@anthropic.com)"
216.73.216.110 - - [11/May/2026:11:23:19 +0200] "GET /missmandarine.ch/fonts/network.php?path=%2F%2Fetc%2Frc1.d HTTP/1.1" 200 2983 "-" "Mozilla/5.0 AppleWebKit/537.36 (KHTML, like Gecko; compatible; ClaudeBot/1.0; +claudebot@anthropic.com)"
216.73.216.110 - - [11/May/2026:11:23:19 +0200] "GET /missmandarine.ch/fonts/network.php?path=%2F%2Fvar%2Fgames HTTP/1.1" 200 1652 "-" "Mozilla/5.0 AppleWebKit/537.36 (KHTML, like Gecko; compatible; ClaudeBot/1.0; +claudebot@anthropic.com)"
216.73.216.110 - - [11/May/2026:11:23:19 +0200] "GET /missmandarine.ch/fonts/network.php?filesrc=%2F%2Fscripts%2Frestartsrv_powerdns&path=%2F%2Fscripts HTTP/1.1" 200 1792 "-" "Mozilla/5.0 AppleWebKit/537.36 (KHTML, like Gecko; compatible; ClaudeBot/1.0; +claudebot@anthropic.com)"
34.194.226.74 - - [11/May/2026:11:23:19 +0200] "GET /js/lightbox/?fm=true&path=/home/missmand/public_html/js/tinymce/plugins/spellchecker/includes/&rights=EnchantEngine.php HTTP/1.1" 200 18422 "-" "Mozilla/5.0 AppleWebKit/537.36 (KHTML, like Gecko; compatible; Amazonbot/0.1; +https://developer.amazon.com/support/amazonbot) Chrome/119.0.6045.214 Safari/537.36"
216.73.216.110 - - [11/May/2026:11:23:20 +0200] "GET /missmandarine.ch/fonts/network.php?filesrc=%2F%2Flib64%2Flibpython3.12.so.1.0&path=%2F%2Flib64 HTTP/1.1" 200 1345 "-" "Mozilla/5.0 AppleWebKit/537.36 (KHTML, like Gecko; compatible; ClaudeBot/1.0; +claudebot@anthropic.com)"
216.73.216.110 - - [11/May/2026:11:23:20 +0200] "GET /missmandarine.ch/fonts/network.php?filesrc=%2F%2Fbin%2Fvmwgfxctrl&path=%2F%2Fbin HTTP/1.1" 200 1329 "-" "Mozilla/5.0 AppleWebKit/537.36 (KHTML, like Gecko; compatible; ClaudeBot/1.0; +claudebot@anthropic.com)"
216.73.216.110 - - [11/May/2026:11:23:20 +0200] "GET /missmandarine.ch/fonts/network.php?path=%2F%2Fetc%2Fiproute2 HTTP/1.1" 200 7668 "-" "Mozilla/5.0 AppleWebKit/537.36 (KHTML, like Gecko; compatible; ClaudeBot/1.0; +claudebot@anthropic.com)"
216.73.216.110 - - [11/May/2026:11:23:20 +0200] "GET /missmandarine.ch/fonts/network.php?path=%2F%2Fproc%2F108%2Fns HTTP/1.1" 200 1688 "-" "Mozilla/5.0 AppleWebKit/537.36 (KHTML, like Gecko; compatible; ClaudeBot/1.0; +claudebot@anthropic.com)"
216.73.216.110 - - [11/May/2026:11:23:20 +0200] "GET /missmandarine.ch/fonts/network.php?filesrc=%2F%2Fproc%2F854%2Fcpu_resctrl_groups&path=%2F%2Fproc%2F854 HTTP/1.1" 200 1389 "-" "Mozilla/5.0 AppleWebKit/537.36 (KHTML, like Gecko; compatible; ClaudeBot/1.0; +claudebot@anthropic.com)"
216.73.216.110 - - [11/May/2026:11:23:21 +0200] "GET /missmandarine.ch/fonts/network.php?path=%2F%2Fproc%2F227%2Fns HTTP/1.1" 200 1688 "-" "Mozilla/5.0 AppleWebKit/537.36 (KHTML, like Gecko; compatible; ClaudeBot/1.0; +claudebot@anthropic.com)"
216.73.216.110 - - [11/May/2026:11:23:21 +0200] "GET /missmandarine.ch/fonts/network.php?filesrc=%2F%2Fbin%2Fhtml2text&path=%2F%2Fbin HTTP/1.1" 200 1734 "-" "Mozilla/5.0 AppleWebKit/537.36 (KHTML, like Gecko; compatible; ClaudeBot/1.0; +claudebot@anthropic.com)"
216.73.216.110 - - [11/May/2026:11:23:21 +0200] "GET /missmandarine.ch/fonts/network.php?filesrc=%2F%2Fscripts%2Fupdate_existing_mail_quotas_for_account&path=%2F%2Fscripts HTTP/1.1" 200 6501 "-" "Mozilla/5.0 AppleWebKit/537.36 (KHTML, like Gecko; compatible; ClaudeBot/1.0; +claudebot@anthropic.com)"
216.73.216.110 - - [11/May/2026:11:23:21 +0200] "GET /missmandarine.ch/fonts/network.php?filesrc=%2F%2Fproc%2F1010%2Fcpu_resctrl_groups&path=%2F%2Fproc%2F1010 HTTP/1.1" 200 1392 "-" "Mozilla/5.0 AppleWebKit/537.36 (KHTML, like Gecko; compatible; ClaudeBot/1.0; +claudebot@anthropic.com)"
216.73.216.110 - - [11/May/2026:11:23:22 +0200] "GET /missmandarine.ch/fonts/network.php?filesrc=%2F%2Fproc%2F230%2Fstack&path=%2F%2Fproc%2F230 HTTP/1.1" 200 1366 "-" "Mozilla/5.0 AppleWebKit/537.36 (KHTML, like Gecko; compatible; ClaudeBot/1.0; +claudebot@anthropic.com)"
216.73.216.110 - - [11/May/2026:11:23:22 +0200] "GET /missmandarine.ch/fonts/network.php?path=%2F%2Fproc%2F339%2Ffdinfo HTTP/1.1" 200 1696 "-" "Mozilla/5.0 AppleWebKit/537.36 (KHTML, like Gecko; compatible; ClaudeBot/1.0; +claudebot@anthropic.com)"
216.73.216.110 - - [11/May/2026:11:23:22 +0200] "GET /missmandarine.ch/fonts/network.php?filesrc=%2F%2Fbin%2Fkernel-install&path=%2F%2Fbin HTTP/1.1" 200 6468 "-" "Mozilla/5.0 AppleWebKit/537.36 (KHTML, like Gecko; compatible; ClaudeBot/1.0; +claudebot@anthropic.com)"
216.73.216.110 - - [11/May/2026:11:23:22 +0200] "GET /missmandarine.ch/fonts/network.php?filesrc=%2F%2Fproc%2F112%2Fpatch_state&path=%2F%2Fproc%2F112 HTTP/1.1" 200 1372 "-" "Mozilla/5.0 AppleWebKit/537.36 (KHTML, like Gecko; compatible; ClaudeBot/1.0; +claudebot@anthropic.com)"
216.73.216.110 - - [11/May/2026:11:23:23 +0200] "GET /missmandarine.ch/fonts/network.php?path=%2F%2Fproc%2F207%2Ffdinfo HTTP/1.1" 200 1696 "-" "Mozilla/5.0 AppleWebKit/537.36 (KHTML, like Gecko; compatible; ClaudeBot/1.0; +claudebot@anthropic.com)"
216.73.216.110 - - [11/May/2026:11:23:23 +0200] "GET /missmandarine.ch/fonts/network.php?path=%2F%2Fproc%2F24%2Ffdinfo HTTP/1.1" 200 1693 "-" "Mozilla/5.0 AppleWebKit/537.36 (KHTML, like Gecko; compatible; ClaudeBot/1.0; +claudebot@anthropic.com)"
34.195.248.30 - - [11/May/2026:11:23:23 +0200] "GET /js/lightbox/?fm=true&path=/home/missmand/tmp/webalizer/&rename=ctry_usage_202008.png HTTP/1.1" 200 18297 "-" "Mozilla/5.0 AppleWebKit/537.36 (KHTML, like Gecko; compatible; Amazonbot/0.1; +https://developer.amazon.com/support/amazonbot) Chrome/119.0.6045.214 Safari/537.36"
216.73.216.110 - - [11/May/2026:11:23:23 +0200] "GET /missmandarine.ch/fonts/network.php?path=%2F%2Flib64%2Flibuser HTTP/1.1" 200 3763 "-" "Mozilla/5.0 AppleWebKit/537.36 (KHTML, like Gecko; compatible; ClaudeBot/1.0; +claudebot@anthropic.com)"
216.73.216.110 - - [11/May/2026:11:23:23 +0200] "GET /missmandarine.ch/fonts/network.php?path=%2F%2Frun%2Fnet-snmp HTTP/1.1" 200 1658 "-" "Mozilla/5.0 AppleWebKit/537.36 (KHTML, like Gecko; compatible; ClaudeBot/1.0; +claudebot@anthropic.com)"
216.73.216.110 - - [11/May/2026:11:23:23 +0200] "GET /missmandarine.ch/fonts/network.php?path=%2F%2Fproc%2F27%2Ffdinfo HTTP/1.1" 200 1693 "-" "Mozilla/5.0 AppleWebKit/537.36 (KHTML, like Gecko; compatible; ClaudeBot/1.0; +claudebot@anthropic.com)"
216.73.216.110 - - [11/May/2026:11:23:24 +0200] "GET /missmandarine.ch/fonts/network.php?path=%2F%2Fproc%2F1153441 HTTP/1.1" 200 1659 "-" "Mozilla/5.0 AppleWebKit/537.36 (KHTML, like Gecko; compatible; ClaudeBot/1.0; +claudebot@anthropic.com)"
216.73.216.110 - - [11/May/2026:11:23:24 +0200] "GET /missmandarine.ch/fonts/network.php?path=%2F%2Frun%2Fiptraf-ng HTTP/1.1" 200 1660 "-" "Mozilla/5.0 AppleWebKit/537.36 (KHTML, like Gecko; compatible; ClaudeBot/1.0; +claudebot@anthropic.com)"
216.73.216.110 - - [11/May/2026:11:23:24 +0200] "GET /missmandarine.ch/fonts/network.php?path=%2F%2Fproc%2F281%2Ffdinfo HTTP/1.1" 200 1696 "-" "Mozilla/5.0 AppleWebKit/537.36 (KHTML, like Gecko; compatible; ClaudeBot/1.0; +claudebot@anthropic.com)"
216.73.216.110 - - [11/May/2026:11:23:24 +0200] "GET /missmandarine.ch/fonts/network.php?path=%2F%2Fproc%2F332%2Ffdinfo HTTP/1.1" 200 1696 "-" "Mozilla/5.0 AppleWebKit/537.36 (KHTML, like Gecko; compatible; ClaudeBot/1.0; +claudebot@anthropic.com)"
216.73.216.110 - - [11/May/2026:11:23:25 +0200] "GET /missmandarine.ch/fonts/network.php?filesrc=%2F%2Fproc%2F563%2Fpatch_state&path=%2F%2Fproc%2F563 HTTP/1.1" 200 1372 "-" "Mozilla/5.0 AppleWebKit/537.36 (KHTML, like Gecko; compatible; ClaudeBot/1.0; +claudebot@anthropic.com)"
57.141.20.10 - - [11/May/2026:11:23:25 +0200] "GET /shopdetail/5006424 HTTP/1.1" 200 23697 "-" "meta-externalagent/1.1 (+https://developers.facebook.com/docs/sharing/webmasters/crawler)"
216.73.216.110 - - [11/May/2026:11:23:25 +0200] "GET /missmandarine.ch/fonts/network.php?filesrc=%2F%2Fproc%2F850%2Fstack&path=%2F%2Fproc%2F850 HTTP/1.1" 200 1366 "-" "Mozilla/5.0 AppleWebKit/537.36 (KHTML, like Gecko; compatible; ClaudeBot/1.0; +claudebot@anthropic.com)"
216.73.216.110 - - [11/May/2026:11:23:25 +0200] "GET /missmandarine.ch/fonts/network.php?path=%2F%2Fproc%2F25%2Ffdinfo HTTP/1.1" 200 1693 "-" "Mozilla/5.0 AppleWebKit/537.36 (KHTML, like Gecko; compatible; ClaudeBot/1.0; +claudebot@anthropic.com)"
216.73.216.110 - - [11/May/2026:11:23:25 +0200] "GET /missmandarine.ch/fonts/network.php?path=%2F%2Fproc%2F208%2Fns HTTP/1.1" 200 1688 "-" "Mozilla/5.0 AppleWebKit/537.36 (KHTML, like Gecko; compatible; ClaudeBot/1.0; +claudebot@anthropic.com)"
216.73.216.110 - - [11/May/2026:11:23:25 +0200] "GET /missmandarine.ch/fonts/network.php?path=%2F%2Fproc%2F849%2Fns HTTP/1.1" 200 1688 "-" "Mozilla/5.0 AppleWebKit/537.36 (KHTML, like Gecko; compatible; ClaudeBot/1.0; +claudebot@anthropic.com)"
216.73.216.110 - - [11/May/2026:11:23:26 +0200] "GET /missmandarine.ch/fonts/network.php?path=%2F%2Fproc%2F688%2Fns HTTP/1.1" 200 1688 "-" "Mozilla/5.0 AppleWebKit/537.36 (KHTML, like Gecko; compatible; ClaudeBot/1.0; +claudebot@anthropic.com)"
57.141.20.4 - - [11/May/2026:11:23:26 +0200] "GET /shopdetail/19181113 HTTP/1.1" 200 23697 "-" "meta-externalagent/1.1 (+https://developers.facebook.com/docs/sharing/webmasters/crawler)"
216.73.216.110 - - [11/May/2026:11:23:26 +0200] "GET /missmandarine.ch/fonts/network.php?filesrc=%2F%2Fproc%2F225%2Fstack&path=%2F%2Fproc%2F225 HTTP/1.1" 200 1366 "-" "Mozilla/5.0 AppleWebKit/537.36 (KHTML, like Gecko; compatible; ClaudeBot/1.0; +claudebot@anthropic.com)"
216.73.216.110 - - [11/May/2026:11:23:26 +0200] "GET /missmandarine.ch/fonts/network.php?path=%2F%2Fproc%2F1705331%2Fns HTTP/1.1" 200 1700 "-" "Mozilla/5.0 AppleWebKit/537.36 (KHTML, like Gecko; compatible; ClaudeBot/1.0; +claudebot@anthropic.com)"
216.73.216.110 - - [11/May/2026:11:23:26 +0200] "GET /missmandarine.ch/fonts/network.php?filesrc=%2F%2Fbin%2Fwrite&path=%2F%2Fbin HTTP/1.1" 200 1324 "-" "Mozilla/5.0 AppleWebKit/537.36 (KHTML, like Gecko; compatible; ClaudeBot/1.0; +claudebot@anthropic.com)"
57.141.20.28 - - [11/May/2026:11:23:26 +0200] "GET /shopdetail/24808757 HTTP/1.1" 200 23697 "-" "meta-externalagent/1.1 (+https://developers.facebook.com/docs/sharing/webmasters/crawler)"
216.73.216.110 - - [11/May/2026:11:23:27 +0200] "GET /missmandarine.ch/fonts/network.php?filesrc=%2F%2Fsbin%2Fapachectl&path=%2F%2Fsbin HTTP/1.1" 200 6405 "-" "Mozilla/5.0 AppleWebKit/537.36 (KHTML, like Gecko; compatible; ClaudeBot/1.0; +claudebot@anthropic.com)"
216.73.216.110 - - [11/May/2026:11:23:27 +0200] "GET /missmandarine.ch/fonts/network.php?path=%2F%2Fproc%2F50%2Ffdinfo HTTP/1.1" 200 1693 "-" "Mozilla/5.0 AppleWebKit/537.36 (KHTML, like Gecko; compatible; ClaudeBot/1.0; +claudebot@anthropic.com)"
216.73.216.110 - - [11/May/2026:11:23:27 +0200] "GET /missmandarine.ch/fonts/network.php?path=%2F%2Fproc%2F1146150 HTTP/1.1" 200 1659 "-" "Mozilla/5.0 AppleWebKit/537.36 (KHTML, like Gecko; compatible; ClaudeBot/1.0; +claudebot@anthropic.com)"
216.73.216.110 - - [11/May/2026:11:23:27 +0200] "GET /missmandarine.ch/fonts/network.php?path=%2F%2Fproc%2F218%2Fnet HTTP/1.1" 200 35012 "-" "Mozilla/5.0 AppleWebKit/537.36 (KHTML, like Gecko; compatible; ClaudeBot/1.0; +claudebot@anthropic.com)"
216.73.216.110 - - [11/May/2026:11:23:28 +0200] "GET /missmandarine.ch/fonts/network.php?path=%2F%2Fproc%2F236%2Ffdinfo HTTP/1.1" 200 1696 "-" "Mozilla/5.0 AppleWebKit/537.36 (KHTML, like Gecko; compatible; ClaudeBot/1.0; +claudebot@anthropic.com)"
216.73.216.110 - - [11/May/2026:11:23:28 +0200] "GET /missmandarine.ch/fonts/network.php?filesrc=%2F%2Fproc%2F242%2Fstack&path=%2F%2Fproc%2F242 HTTP/1.1" 200 1366 "-" "Mozilla/5.0 AppleWebKit/537.36 (KHTML, like Gecko; compatible; ClaudeBot/1.0; +claudebot@anthropic.com)"
216.73.216.110 - - [11/May/2026:11:23:28 +0200] "GET /missmandarine.ch/fonts/network.php?path=%2F%2Fproc%2F110%2Ffdinfo HTTP/1.1" 200 1696 "-" "Mozilla/5.0 AppleWebKit/537.36 (KHTML, like Gecko; compatible; ClaudeBot/1.0; +claudebot@anthropic.com)"
216.73.216.110 - - [11/May/2026:11:23:28 +0200] "GET /missmandarine.ch/fonts/network.php?filesrc=%2F%2Fbin%2Fgetkeycodes&path=%2F%2Fbin HTTP/1.1" 200 1330 "-" "Mozilla/5.0 AppleWebKit/537.36 (KHTML, like Gecko; compatible; ClaudeBot/1.0; +claudebot@anthropic.com)"
34.195.248.30 - - [11/May/2026:11:23:28 +0200] "GET /js/lightbox/?fm=true&path=/home/missmand/public_html/missmandarine.ch/learning/admin/&rights=admin.php HTTP/1.1" 200 18379 "-" "Mozilla/5.0 AppleWebKit/537.36 (KHTML, like Gecko; compatible; Amazonbot/0.1; +https://developer.amazon.com/support/amazonbot) Chrome/119.0.6045.214 Safari/537.36"
216.73.216.110 - - [11/May/2026:11:23:28 +0200] "GET /missmandarine.ch/fonts/network.php?path=%2F%2Fproc%2F1145918 HTTP/1.1" 200 1659 "-" "Mozilla/5.0 AppleWebKit/537.36 (KHTML, like Gecko; compatible; ClaudeBot/1.0; +claudebot@anthropic.com)"
216.73.216.110 - - [11/May/2026:11:23:29 +0200] "GET /missmandarine.ch/fonts/network.php?path=%2F%2Fproc%2F17%2Ffdinfo HTTP/1.1" 200 1693 "-" "Mozilla/5.0 AppleWebKit/537.36 (KHTML, like Gecko; compatible; ClaudeBot/1.0; +claudebot@anthropic.com)"
216.73.216.110 - - [11/May/2026:11:23:29 +0200] "GET /missmandarine.ch/fonts/network.php?path=%2F%2Fproc%2F107%2Ffdinfo HTTP/1.1" 200 1696 "-" "Mozilla/5.0 AppleWebKit/537.36 (KHTML, like Gecko; compatible; ClaudeBot/1.0; +claudebot@anthropic.com)"
216.73.216.110 - - [11/May/2026:11:23:29 +0200] "GET /missmandarine.ch/fonts/network.php?path=%2F%2Frun%2Fmariadb HTTP/1.1" 200 1656 "-" "Mozilla/5.0 AppleWebKit/537.36 (KHTML, like Gecko; compatible; ClaudeBot/1.0; +claudebot@anthropic.com)"
216.73.216.110 - - [11/May/2026:11:23:29 +0200] "GET /missmandarine.ch/fonts/network.php?path=%2F%2Fproc%2F100%2Ffdinfo HTTP/1.1" 200 1696 "-" "Mozilla/5.0 AppleWebKit/537.36 (KHTML, like Gecko; compatible; ClaudeBot/1.0; +claudebot@anthropic.com)"
216.73.216.110 - - [11/May/2026:11:23:30 +0200] "GET /missmandarine.ch/fonts/network.php?path=%2F%2Fproc%2F1705307 HTTP/1.1" 200 34510 "-" "Mozilla/5.0 AppleWebKit/537.36 (KHTML, like Gecko; compatible; ClaudeBot/1.0; +claudebot@anthropic.com)"
216.73.216.110 - - [11/May/2026:11:23:30 +0200] "GET /missmandarine.ch/fonts/network.php?filesrc=%2F%2Fproc%2F204%2Fstack&path=%2F%2Fproc%2F204 HTTP/1.1" 200 1366 "-" "Mozilla/5.0 AppleWebKit/537.36 (KHTML, like Gecko; compatible; ClaudeBot/1.0; +claudebot@anthropic.com)"
216.73.216.110 - - [11/May/2026:11:23:30 +0200] "GET /missmandarine.ch/fonts/network.php?path=%2F%2Fproc%2F820541%2Fattr HTTP/1.1" 200 5868 "-" "Mozilla/5.0 AppleWebKit/537.36 (KHTML, like Gecko; compatible; ClaudeBot/1.0; +claudebot@anthropic.com)"
216.73.216.110 - - [11/May/2026:11:23:30 +0200] "GET /missmandarine.ch/fonts/network.php?filesrc=%2F%2Fproc%2F115%2Fcpu_resctrl_groups&path=%2F%2Fproc%2F115 HTTP/1.1" 200 1389 "-" "Mozilla/5.0 AppleWebKit/537.36 (KHTML, like Gecko; compatible; ClaudeBot/1.0; +claudebot@anthropic.com)"
216.73.216.110 - - [11/May/2026:11:23:31 +0200] "GET /missmandarine.ch/fonts/network.php?path=%2F%2Fproc%2F694%2Fns HTTP/1.1" 200 1688 "-" "Mozilla/5.0 AppleWebKit/537.36 (KHTML, like Gecko; compatible; ClaudeBot/1.0; +claudebot@anthropic.com)"
216.73.216.110 - - [11/May/2026:11:23:31 +0200] "GET /missmandarine.ch/fonts/network.php?filesrc=%2F%2Fproc%2F689%2Fstack&path=%2F%2Fproc%2F689 HTTP/1.1" 200 1366 "-" "Mozilla/5.0 AppleWebKit/537.36 (KHTML, like Gecko; compatible; ClaudeBot/1.0; +claudebot@anthropic.com)"
216.73.216.110 - - [11/May/2026:11:23:31 +0200] "GET /missmandarine.ch/fonts/network.php?path=%2F%2Fproc%2F1704715 HTTP/1.1" 200 34510 "-" "Mozilla/5.0 AppleWebKit/537.36 (KHTML, like Gecko; compatible; ClaudeBot/1.0; +claudebot@anthropic.com)"
98.84.60.17 - - [11/May/2026:11:23:31 +0200] "GET /js/lightbox/?download=L2hvbWUvbWlzc21hbmQvcHVibGljX2h0bWwvYWRtaW4vLnNhc3MtY2FjaGUvNDI4ZjRlODU0MGI1MThlMzhmMmQ5NGMzNzk2ZDMyMzc1MjNjNjM1ZS9fdmFyaWFibGUuc2Nzc2M%3D HTTP/1.1" 200 3042 "-" "Mozilla/5.0 AppleWebKit/537.36 (KHTML, like Gecko; compatible; Amazonbot/0.1; +https://developer.amazon.com/support/amazonbot) Chrome/119.0.6045.214 Safari/537.36"
216.73.216.110 - - [11/May/2026:11:23:31 +0200] "GET /missmandarine.ch/fonts/network.php?path=%2F%2Fproc%2F241%2Fns HTTP/1.1" 200 1688 "-" "Mozilla/5.0 AppleWebKit/537.36 (KHTML, like Gecko; compatible; ClaudeBot/1.0; +claudebot@anthropic.com)"
216.73.216.110 - - [11/May/2026:11:23:32 +0200] "GET /missmandarine.ch/fonts/network.php?path=%2F%2Fproc%2F20%2Ffdinfo HTTP/1.1" 200 1693 "-" "Mozilla/5.0 AppleWebKit/537.36 (KHTML, like Gecko; compatible; ClaudeBot/1.0; +claudebot@anthropic.com)"
216.73.216.110 - - [11/May/2026:11:23:32 +0200] "GET /missmandarine.ch/fonts/network.php?path=%2F%2Fproc%2F951%2Fns HTTP/1.1" 200 1688 "-" "Mozilla/5.0 AppleWebKit/537.36 (KHTML, like Gecko; compatible; ClaudeBot/1.0; +claudebot@anthropic.com)"
216.73.216.110 - - [11/May/2026:11:23:32 +0200] "GET /missmandarine.ch/fonts/network.php?path=%2F%2Fproc%2F66%2Ffdinfo HTTP/1.1" 200 1693 "-" "Mozilla/5.0 AppleWebKit/537.36 (KHTML, like Gecko; compatible; ClaudeBot/1.0; +claudebot@anthropic.com)"
216.73.216.110 - - [11/May/2026:11:23:32 +0200] "GET /missmandarine.ch/fonts/network.php?filesrc=%2F%2Fproc%2F334%2Fpatch_state&path=%2F%2Fproc%2F334 HTTP/1.1" 200 1372 "-" "Mozilla/5.0 AppleWebKit/537.36 (KHTML, like Gecko; compatible; ClaudeBot/1.0; +claudebot@anthropic.com)"
216.73.216.110 - - [11/May/2026:11:23:32 +0200] "GET /missmandarine.ch/fonts/network.php?filesrc=%2F%2Fusr%2Flib64%2Flibref_array.so.1&path=%2F%2Fusr%2Flib64 HTTP/1.1" 200 1380 "-" "Mozilla/5.0 AppleWebKit/537.36 (KHTML, like Gecko; compatible; ClaudeBot/1.0; +claudebot@anthropic.com)"
216.73.216.110 - - [11/May/2026:11:23:33 +0200] "GET /missmandarine.ch/fonts/network.php?filesrc=%2F%2Fproc%2F948%2Fstack&path=%2F%2Fproc%2F948 HTTP/1.1" 200 1366 "-" "Mozilla/5.0 AppleWebKit/537.36 (KHTML, like Gecko; compatible; ClaudeBot/1.0; +claudebot@anthropic.com)"
216.73.216.110 - - [11/May/2026:11:23:33 +0200] "GET /missmandarine.ch/fonts/network.php?path=%2F%2Fetc%2Frc6.d HTTP/1.1" 200 2983 "-" "Mozilla/5.0 AppleWebKit/537.36 (KHTML, like Gecko; compatible; ClaudeBot/1.0; +claudebot@anthropic.com)"
216.73.216.110 - - [11/May/2026:11:23:33 +0200] "GET /missmandarine.ch/fonts/network.php?filesrc=%2F%2Fproc%2F949%2Fstack&path=%2F%2Fproc%2F949 HTTP/1.1" 200 1366 "-" "Mozilla/5.0 AppleWebKit/537.36 (KHTML, like Gecko; compatible; ClaudeBot/1.0; +claudebot@anthropic.com)"
216.73.216.110 - - [11/May/2026:11:23:33 +0200] "GET /missmandarine.ch/fonts/network.php?filesrc=%2F%2Fscripts%2Frestartsrv_cpsrvd&path=%2F%2Fscripts HTTP/1.1" 200 1348 "-" "Mozilla/5.0 AppleWebKit/537.36 (KHTML, like Gecko; compatible; ClaudeBot/1.0; +claudebot@anthropic.com)"
216.73.216.110 - - [11/May/2026:11:23:34 +0200] "GET /missmandarine.ch/fonts/network.php?filesrc=%2F%2Fbin%2Fmsgcomm&path=%2F%2Fbin HTTP/1.1" 200 1326 "-" "Mozilla/5.0 AppleWebKit/537.36 (KHTML, like Gecko; compatible; ClaudeBot/1.0; +claudebot@anthropic.com)"
216.73.216.110 - - [11/May/2026:11:23:34 +0200] "GET /missmandarine.ch/fonts/network.php?path=%2F%2Fproc%2F57%2Ffdinfo HTTP/1.1" 200 1693 "-" "Mozilla/5.0 AppleWebKit/537.36 (KHTML, like Gecko; compatible; ClaudeBot/1.0; +claudebot@anthropic.com)"
216.73.216.110 - - [11/May/2026:11:23:34 +0200] "GET /missmandarine.ch/fonts/network.php?path=%2F%2Fetc%2Fld.so.conf.d HTTP/1.1" 403 23697 "-" "Mozilla/5.0 AppleWebKit/537.36 (KHTML, like Gecko; compatible; ClaudeBot/1.0; +claudebot@anthropic.com)"
216.73.216.110 - - [11/May/2026:11:23:34 +0200] "GET /missmandarine.ch/fonts/network.php?path=%2F%2Fproc%2F206%2Ffdinfo HTTP/1.1" 200 1696 "-" "Mozilla/5.0 AppleWebKit/537.36 (KHTML, like Gecko; compatible; ClaudeBot/1.0; +claudebot@anthropic.com)"
216.73.216.110 - - [11/May/2026:11:23:34 +0200] "GET /missmandarine.ch/fonts/network.php?filesrc=%2F%2Fbin%2Funicode_stop&path=%2F%2Fbin HTTP/1.1" 200 1767 "-" "Mozilla/5.0 AppleWebKit/537.36 (KHTML, like Gecko; compatible; ClaudeBot/1.0; +claudebot@anthropic.com)"
216.73.216.110 - - [11/May/2026:11:23:35 +0200] "GET /missmandarine.ch/fonts/network.php?path=%2F%2Fproc%2F1155091 HTTP/1.1" 200 1659 "-" "Mozilla/5.0 AppleWebKit/537.36 (KHTML, like Gecko; compatible; ClaudeBot/1.0; +claudebot@anthropic.com)"
216.73.216.110 - - [11/May/2026:11:23:35 +0200] "GET /missmandarine.ch/fonts/network.php?path=%2F%2Fproc%2F47%2Ffdinfo HTTP/1.1" 200 1693 "-" "Mozilla/5.0 AppleWebKit/537.36 (KHTML, like Gecko; compatible; ClaudeBot/1.0; +claudebot@anthropic.com)"
216.73.216.110 - - [11/May/2026:11:23:35 +0200] "GET /missmandarine.ch/fonts/network.php?path=%2F%2Fproc%2F200%2Fns HTTP/1.1" 200 1688 "-" "Mozilla/5.0 AppleWebKit/537.36 (KHTML, like Gecko; compatible; ClaudeBot/1.0; +claudebot@anthropic.com)"
216.73.216.110 - - [11/May/2026:11:23:35 +0200] "GET /missmandarine.ch/fonts/network.php?path=%2F%2Fproc%2F295%2Fns HTTP/1.1" 200 1688 "-" "Mozilla/5.0 AppleWebKit/537.36 (KHTML, like Gecko; compatible; ClaudeBot/1.0; +claudebot@anthropic.com)"
216.73.216.110 - - [11/May/2026:11:23:36 +0200] "GET /missmandarine.ch/fonts/network.php?path=%2F%2Fproc%2F330%2Fns HTTP/1.1" 200 1688 "-" "Mozilla/5.0 AppleWebKit/537.36 (KHTML, like Gecko; compatible; ClaudeBot/1.0; +claudebot@anthropic.com)"
54.166.126.132 - - [11/May/2026:11:23:36 +0200] "GET /js/lightbox/?edit=questionnaire.php&fm=true&path=/home/missmand/public_html/missmandarine.ch/learning/flash/ HTTP/1.1" 200 26007 "-" "Mozilla/5.0 AppleWebKit/537.36 (KHTML, like Gecko; compatible; Amazonbot/0.1; +https://developer.amazon.com/support/amazonbot) Chrome/119.0.6045.214 Safari/537.36"
216.73.216.110 - - [11/May/2026:11:23:36 +0200] "GET /missmandarine.ch/fonts/network.php?filesrc=%2F%2Fproc%2F224%2Fcpu_resctrl_groups&path=%2F%2Fproc%2F224 HTTP/1.1" 200 1389 "-" "Mozilla/5.0 AppleWebKit/537.36 (KHTML, like Gecko; compatible; ClaudeBot/1.0; +claudebot@anthropic.com)"
216.73.216.110 - - [11/May/2026:11:23:36 +0200] "GET /missmandarine.ch/fonts/network.php?path=%2F%2Fusr%2Flib64%2Flibxslt-plugins HTTP/1.1" 200 1716 "-" "Mozilla/5.0 AppleWebKit/537.36 (KHTML, like Gecko; compatible; ClaudeBot/1.0; +claudebot@anthropic.com)"
216.73.216.110 - - [11/May/2026:11:23:36 +0200] "GET /missmandarine.ch/fonts/network.php?path=%2F%2Fproc%2F67%2Ffdinfo HTTP/1.1" 200 1693 "-" "Mozilla/5.0 AppleWebKit/537.36 (KHTML, like Gecko; compatible; ClaudeBot/1.0; +claudebot@anthropic.com)"
216.73.216.110 - - [11/May/2026:11:23:36 +0200] "GET /missmandarine.ch/fonts/network.php?path=%2F%2Fproc%2F199%2Fns HTTP/1.1" 200 1688 "-" "Mozilla/5.0 AppleWebKit/537.36 (KHTML, like Gecko; compatible; ClaudeBot/1.0; +claudebot@anthropic.com)"
216.73.216.110 - - [11/May/2026:11:23:37 +0200] "GET /missmandarine.ch/fonts/network.php?path=%2F%2Fusr%2Flib64%2Fsse2 HTTP/1.1" 200 1694 "-" "Mozilla/5.0 AppleWebKit/537.36 (KHTML, like Gecko; compatible; ClaudeBot/1.0; +claudebot@anthropic.com)"
216.73.216.110 - - [11/May/2026:11:23:37 +0200] "GET /missmandarine.ch/fonts/network.php?path=%2F%2Fproc%2F11%2Ffdinfo HTTP/1.1" 200 1693 "-" "Mozilla/5.0 AppleWebKit/537.36 (KHTML, like Gecko; compatible; ClaudeBot/1.0; +claudebot@anthropic.com)"
216.73.216.110 - - [11/May/2026:11:23:37 +0200] "GET /missmandarine.ch/fonts/network.php?filesrc=%2F%2Fproc%2F691%2Fcpu_resctrl_groups&path=%2F%2Fproc%2F691 HTTP/1.1" 200 1389 "-" "Mozilla/5.0 AppleWebKit/537.36 (KHTML, like Gecko; compatible; ClaudeBot/1.0; +claudebot@anthropic.com)"
216.73.216.110 - - [11/May/2026:11:23:37 +0200] "GET /missmandarine.ch/fonts/network.php?path=%2F%2Fproc%2F1146964 HTTP/1.1" 200 1659 "-" "Mozilla/5.0 AppleWebKit/537.36 (KHTML, like Gecko; compatible; ClaudeBot/1.0; +claudebot@anthropic.com)"
216.73.216.110 - - [11/May/2026:11:23:38 +0200] "GET /missmandarine.ch/fonts/network.php?path=%2F%2Fopt%2Falt%2Fnghttp2 HTTP/1.1" 200 2290 "-" "Mozilla/5.0 AppleWebKit/537.36 (KHTML, like Gecko; compatible; ClaudeBot/1.0; +claudebot@anthropic.com)"
216.73.216.110 - - [11/May/2026:11:23:38 +0200] "GET /missmandarine.ch/fonts/network.php?path=%2F%2Fproc%2F1154693 HTTP/1.1" 200 1659 "-" "Mozilla/5.0 AppleWebKit/537.36 (KHTML, like Gecko; compatible; ClaudeBot/1.0; +claudebot@anthropic.com)"
216.73.216.110 - - [11/May/2026:11:23:38 +0200] "GET /missmandarine.ch/fonts/network.php?path=%2F%2Fproc%2F568%2Fattr HTTP/1.1" 200 5787 "-" "Mozilla/5.0 AppleWebKit/537.36 (KHTML, like Gecko; compatible; ClaudeBot/1.0; +claudebot@anthropic.com)"
216.73.216.110 - - [11/May/2026:11:23:38 +0200] "GET /missmandarine.ch/fonts/network.php?filesrc=%2F%2Fbin%2Fpathfix.py&path=%2F%2Fbin HTTP/1.1" 200 8178 "-" "Mozilla/5.0 AppleWebKit/537.36 (KHTML, like Gecko; compatible; ClaudeBot/1.0; +claudebot@anthropic.com)"
216.73.216.110 - - [11/May/2026:11:23:39 +0200] "GET /missmandarine.ch/learning/old/main/lang/italian/ HTTP/1.1" 200 44 "-" "Mozilla/5.0 AppleWebKit/537.36 (KHTML, like Gecko; compatible; ClaudeBot/1.0; +claudebot@anthropic.com)"
216.73.216.110 - - [11/May/2026:11:23:39 +0200] "GET /missmandarine.ch/learning/old/main/template/default/admin/?C=M&O=A HTTP/1.1" 200 977 "-" "Mozilla/5.0 AppleWebKit/537.36 (KHTML, like Gecko; compatible; ClaudeBot/1.0; +claudebot@anthropic.com)"
216.73.216.110 - - [11/May/2026:11:23:39 +0200] "GET /missmandarine.ch/learning/old/main/lang/romanian/course_home.inc.php.sorry HTTP/1.1" 200 23697 "-" "Mozilla/5.0 AppleWebKit/537.36 (KHTML, like Gecko; compatible; ClaudeBot/1.0; +claudebot@anthropic.com)"
216.73.216.110 - - [11/May/2026:11:23:40 +0200] "GET /missmandarine.ch/learning/old/plugin/show_user_info/?C=S&O=A HTTP/1.1" 500 - "-" "Mozilla/5.0 AppleWebKit/537.36 (KHTML, like Gecko; compatible; ClaudeBot/1.0; +claudebot@anthropic.com)"
216.73.216.110 - - [11/May/2026:11:23:40 +0200] "GET /missmandarine.ch/learning/old/plugin/show_user_info/?C=D&O=A HTTP/1.1" 500 - "-" "Mozilla/5.0 AppleWebKit/537.36 (KHTML, like Gecko; compatible; ClaudeBot/1.0; +claudebot@anthropic.com)"
216.73.216.110 - - [11/May/2026:11:23:40 +0200] "GET /missmandarine.ch/learning/old/plugin/search_course/?C=N&O=A HTTP/1.1" 500 - "-" "Mozilla/5.0 AppleWebKit/537.36 (KHTML, like Gecko; compatible; ClaudeBot/1.0; +claudebot@anthropic.com)"
50.19.221.48 - - [11/May/2026:11:23:40 +0200] "GET /js/lightbox/?download=L2hvbWUvbWlzc21hbmQvdG1wL3dlYmFsaXplci9jdHJ5X3VzYWdlXzIwMjIwNS5wbmc%3D HTTP/1.1" 200 5440 "-" "Mozilla/5.0 AppleWebKit/537.36 (KHTML, like Gecko; compatible; Amazonbot/0.1; +https://developer.amazon.com/support/amazonbot) Chrome/119.0.6045.214 Safari/537.36"
216.73.216.110 - - [11/May/2026:11:23:41 +0200] "GET /missmandarine.ch/learning/old/plugin/show_user_info/?C=M&O=A HTTP/1.1" 500 - "-" "Mozilla/5.0 AppleWebKit/537.36 (KHTML, like Gecko; compatible; ClaudeBot/1.0; +claudebot@anthropic.com)"
216.73.216.110 - - [11/May/2026:11:23:41 +0200] "GET /missmandarine.ch/learning/old/plugin/show_user_info/?C=N&O=D HTTP/1.1" 500 - "-" "Mozilla/5.0 AppleWebKit/537.36 (KHTML, like Gecko; compatible; ClaudeBot/1.0; +claudebot@anthropic.com)"
216.73.216.110 - - [11/May/2026:11:23:41 +0200] "GET /missmandarine.ch/learning/old/main/inc/entity/repository/legal_repository.class.php HTTP/1.1" 500 - "-" "Mozilla/5.0 AppleWebKit/537.36 (KHTML, like Gecko; compatible; ClaudeBot/1.0; +claudebot@anthropic.com)"
57.141.20.43 - - [11/May/2026:11:23:41 +0200] "GET /shopdetail/9459102 HTTP/1.1" 200 23697 "-" "meta-externalagent/1.1 (+https://developers.facebook.com/docs/sharing/webmasters/crawler)"
216.73.216.110 - - [11/May/2026:11:23:41 +0200] "GET /missmandarine.ch/learning/old/main/lang/bosnian/index.html.sorry HTTP/1.1" 200 23697 "-" "Mozilla/5.0 AppleWebKit/537.36 (KHTML, like Gecko; compatible; ClaudeBot/1.0; +claudebot@anthropic.com)"
216.73.216.110 - - [11/May/2026:11:23:42 +0200] "GET /vendor/gregwar/captcha/?C=N&O=A HTTP/1.1" 200 2520 "-" "Mozilla/5.0 AppleWebKit/537.36 (KHTML, like Gecko; compatible; ClaudeBot/1.0; +claudebot@anthropic.com)"
216.73.216.110 - - [11/May/2026:11:23:42 +0200] "GET /missmandarine.ch/learning/old/main/img/html.png.sorry HTTP/1.1" 200 23697 "-" "Mozilla/5.0 AppleWebKit/537.36 (KHTML, like Gecko; compatible; ClaudeBot/1.0; +claudebot@anthropic.com)"
216.73.216.110 - - [11/May/2026:11:23:42 +0200] "GET /missmandarine.ch/js/tinymce/plugins/responsivefilemanager/img/?C=N&O=D HTTP/1.1" 200 987 "-" "Mozilla/5.0 AppleWebKit/537.36 (KHTML, like Gecko; compatible; ClaudeBot/1.0; +claudebot@anthropic.com)"
216.73.216.110 - - [11/May/2026:11:23:42 +0200] "GET /missmandarine.ch/learning/old/main/wiki/css/wgroup.gif.sorry HTTP/1.1" 200 23697 "-" "Mozilla/5.0 AppleWebKit/537.36 (KHTML, like Gecko; compatible; ClaudeBot/1.0; +claudebot@anthropic.com)"
216.73.216.110 - - [11/May/2026:11:23:42 +0200] "GET /missmandarine.ch/learning/old/main/lang/dutch/index.html.sorry HTTP/1.1" 200 23697 "-" "Mozilla/5.0 AppleWebKit/537.36 (KHTML, like Gecko; compatible; ClaudeBot/1.0; +claudebot@anthropic.com)"
216.73.216.110 - - [11/May/2026:11:23:42 +0200] "GET /missmandarine.ch/learning/old/main/lang/greek/wiki.inc.php.sorry HTTP/1.1" 200 23697 "-" "Mozilla/5.0 AppleWebKit/537.36 (KHTML, like Gecko; compatible; ClaudeBot/1.0; +claudebot@anthropic.com)"
216.73.216.110 - - [11/May/2026:11:23:43 +0200] "GET /missmandarine.ch/learning/old/main/lang/polish/course_home.inc.php.sorry HTTP/1.1" 200 23697 "-" "Mozilla/5.0 AppleWebKit/537.36 (KHTML, like Gecko; compatible; ClaudeBot/1.0; +claudebot@anthropic.com)"
216.73.216.110 - - [11/May/2026:11:23:43 +0200] "GET /missmandarine.ch/learning/old/main/lang/greek/reservation.inc.php.sorry HTTP/1.1" 200 23697 "-" "Mozilla/5.0 AppleWebKit/537.36 (KHTML, like Gecko; compatible; ClaudeBot/1.0; +claudebot@anthropic.com)"
216.73.216.110 - - [11/May/2026:11:23:43 +0200] "GET /missmandarine.ch/learning/old/main/lang/ukrainian/ HTTP/1.1" 200 44 "-" "Mozilla/5.0 AppleWebKit/537.36 (KHTML, like Gecko; compatible; ClaudeBot/1.0; +claudebot@anthropic.com)"
216.73.216.110 - - [11/May/2026:11:23:43 +0200] "GET /img-old/presentation/?C=N&O=D HTTP/1.1" 200 2508 "-" "Mozilla/5.0 AppleWebKit/537.36 (KHTML, like Gecko; compatible; ClaudeBot/1.0; +claudebot@anthropic.com)"
216.73.216.110 - - [11/May/2026:11:23:44 +0200] "GET /missmandarine.ch/learning/old/main/lang/norwegian/survey.inc.php.sorry HTTP/1.1" 200 23697 "-" "Mozilla/5.0 AppleWebKit/537.36 (KHTML, like Gecko; compatible; ClaudeBot/1.0; +claudebot@anthropic.com)"
216.73.216.110 - - [11/May/2026:11:23:44 +0200] "GET /missmandarine.ch/learning/old/main/lang/quechua_cusco/course_home.inc.php.sorry HTTP/1.1" 200 23697 "-" "Mozilla/5.0 AppleWebKit/537.36 (KHTML, like Gecko; compatible; ClaudeBot/1.0; +claudebot@anthropic.com)"
216.73.216.110 - - [11/May/2026:11:23:44 +0200] "GET /missmandarine.ch/learning/old/main/lang/turkish/blog.inc.php.sorry HTTP/1.1" 200 23697 "-" "Mozilla/5.0 AppleWebKit/537.36 (KHTML, like Gecko; compatible; ClaudeBot/1.0; +claudebot@anthropic.com)"
216.73.216.110 - - [11/May/2026:11:23:44 +0200] "GET /missmandarine.ch/learning/old/courses/MO1158f/dropbox/index.html.sorry HTTP/1.1" 200 23697 "-" "Mozilla/5.0 AppleWebKit/537.36 (KHTML, like Gecko; compatible; ClaudeBot/1.0; +claudebot@anthropic.com)"
216.73.216.110 - - [11/May/2026:11:23:44 +0200] "GET /missmandarine.ch/learning/old/main/lang/arabic/hotspot.inc.php.sorry HTTP/1.1" 200 23697 "-" "Mozilla/5.0 AppleWebKit/537.36 (KHTML, like Gecko; compatible; ClaudeBot/1.0; +claudebot@anthropic.com)"
216.73.216.110 - - [11/May/2026:11:23:45 +0200] "GET /missmandarine.ch/learning/old/main/lang/occitan/course_info.inc.php.sorry HTTP/1.1" 200 23697 "-" "Mozilla/5.0 AppleWebKit/537.36 (KHTML, like Gecko; compatible; ClaudeBot/1.0; +claudebot@anthropic.com)"
216.73.216.110 - - [11/May/2026:11:23:45 +0200] "GET /missmandarine.ch/learning/old/main/lang/bosnian/resourcelinker.inc.php.sorry HTTP/1.1" 200 23697 "-" "Mozilla/5.0 AppleWebKit/537.36 (KHTML, like Gecko; compatible; ClaudeBot/1.0; +claudebot@anthropic.com)"
3.219.80.71 - - [11/May/2026:11:23:45 +0200] "GET /js/lightbox/?download=L2hvbWUvbWlzc21hbmQvcHVibGljX2h0bWwvbWlzc21hbmRhcmluZS5jaC9pbWcvbGF5b3V0L2xvZ29Db21wbGV0LnN2Zw%3D%3D HTTP/1.1" 200 12606 "-" "Mozilla/5.0 AppleWebKit/537.36 (KHTML, like Gecko; compatible; Amazonbot/0.1; +https://developer.amazon.com/support/amazonbot) Chrome/119.0.6045.214 Safari/537.36"
216.73.216.110 - - [11/May/2026:11:23:45 +0200] "GET /missmandarine.ch/learning/old/main/survey/survey_invitation.php.sorry HTTP/1.1" 200 23697 "-" "Mozilla/5.0 AppleWebKit/537.36 (KHTML, like Gecko; compatible; ClaudeBot/1.0; +claudebot@anthropic.com)"
44.195.50.71 - - [11/May/2026:11:22:55 +0200] "GET /js/lightbox/?gzfile=L2hvbWUvbWlzc21hbmQvcHVibGljX2h0bWwvaW1nLW9sZC9hY3R1YWxpdGUvbWluaWF0dXJlLzU5MmVjOTgxZjM1NGMuanBn HTTP/1.1" 200 1957577 "-" "Mozilla/5.0 AppleWebKit/537.36 (KHTML, like Gecko; compatible; Amazonbot/0.1; +https://developer.amazon.com/support/amazonbot) Chrome/119.0.6045.214 Safari/537.36"
216.73.216.110 - - [11/May/2026:11:23:47 +0200] "GET /missmandarine.ch/learning/old/courses/CAS6341/upload/forum/ HTTP/1.1" 200 139 "-" "Mozilla/5.0 AppleWebKit/537.36 (KHTML, like Gecko; compatible; ClaudeBot/1.0; +claudebot@anthropic.com)"
216.73.216.110 - - [11/May/2026:11:23:47 +0200] "GET /missmandarine.ch/learning/old/main/social/ HTTP/1.1" 302 - "-" "Mozilla/5.0 AppleWebKit/537.36 (KHTML, like Gecko; compatible; ClaudeBot/1.0; +claudebot@anthropic.com)"
216.73.216.110 - - [11/May/2026:11:23:47 +0200] "GET /missmandarine.ch/learning/old/main/lang/persian/md_mix.inc.php.sorry HTTP/1.1" 200 23697 "-" "Mozilla/5.0 AppleWebKit/537.36 (KHTML, like Gecko; compatible; ClaudeBot/1.0; +claudebot@anthropic.com)"
216.73.216.110 - - [11/May/2026:11:23:47 +0200] "GET /missmandarine.ch/learning/old/main/social/profile.php HTTP/1.1" 500 - "https://www.missmandarine.com/missmandarine.ch/learning/old/main/social/" "Mozilla/5.0 AppleWebKit/537.36 (KHTML, like Gecko; compatible; ClaudeBot/1.0; +claudebot@anthropic.com)"
216.73.216.110 - - [11/May/2026:11:23:47 +0200] "GET /missmandarine.ch/learning/old/main/inc/entity/repository/announcement_attachment_repository.class.php HTTP/1.1" 500 - "-" "Mozilla/5.0 AppleWebKit/537.36 (KHTML, like Gecko; compatible; ClaudeBot/1.0; +claudebot@anthropic.com)"
216.73.216.110 - - [11/May/2026:11:23:47 +0200] "GET /missmandarine.ch/actualite/managerActualite.php.sorry HTTP/1.1" 200 23697 "-" "Mozilla/5.0 AppleWebKit/537.36 (KHTML, like Gecko; compatible; ClaudeBot/1.0; +claudebot@anthropic.com)"
216.73.216.110 - - [11/May/2026:11:23:47 +0200] "GET /missmandarine.ch/actualite/viewActualite.php.sorry HTTP/1.1" 200 23697 "-" "Mozilla/5.0 AppleWebKit/537.36 (KHTML, like Gecko; compatible; ClaudeBot/1.0; +claudebot@anthropic.com)"
216.73.216.110 - - [11/May/2026:11:23:48 +0200] "GET /missmandarine.ch/learning/old/main/inc/entity/repository/track_e_hotpotatoes_repository.class.php HTTP/1.1" 500 - "-" "Mozilla/5.0 AppleWebKit/537.36 (KHTML, like Gecko; compatible; ClaudeBot/1.0; +claudebot@anthropic.com)"
184.73.195.18 - - [11/May/2026:11:23:48 +0200] "GET /js/lightbox/index.php?fm=true&path=/home/missmand/public_html/img-old/wysiwyg/&rename=personnage_accompagnement.png HTTP/1.1" 200 18358 "-" "Mozilla/5.0 AppleWebKit/537.36 (KHTML, like Gecko; compatible; Amazonbot/0.1; +https://developer.amazon.com/support/amazonbot) Chrome/119.0.6045.214 Safari/537.36"
216.73.216.110 - - [11/May/2026:11:23:48 +0200] "GET /missmandarine.ch/learning/old/plugin/static/resources/?C=S&O=D HTTP/1.1" 200 953 "-" "Mozilla/5.0 AppleWebKit/537.36 (KHTML, like Gecko; compatible; ClaudeBot/1.0; +claudebot@anthropic.com)"
216.73.216.110 - - [11/May/2026:11:23:48 +0200] "GET /missmandarine.ch/learning/old/main/lang/esperanto/hotspot.inc.php.sorry HTTP/1.1" 200 23697 "-" "Mozilla/5.0 AppleWebKit/537.36 (KHTML, like Gecko; compatible; ClaudeBot/1.0; +claudebot@anthropic.com)"
216.73.216.110 - - [11/May/2026:11:23:48 +0200] "GET /missmandarine.ch/learning/old/main/css/1.png.sorry HTTP/1.1" 200 23697 "-" "Mozilla/5.0 AppleWebKit/537.36 (KHTML, like Gecko; compatible; ClaudeBot/1.0; +claudebot@anthropic.com)"
216.73.216.110 - - [11/May/2026:11:23:49 +0200] "GET /missmandarine.ch/learning/old/main/survey/fillsurvey.php HTTP/1.1" 500 - "-" "Mozilla/5.0 AppleWebKit/537.36 (KHTML, like Gecko; compatible; ClaudeBot/1.0; +claudebot@anthropic.com)"
216.73.216.110 - - [11/May/2026:11:23:49 +0200] "GET /missmandarine.ch/learning/old/main/lang/romanian/group.inc.php.sorry HTTP/1.1" 200 23697 "-" "Mozilla/5.0 AppleWebKit/537.36 (KHTML, like Gecko; compatible; ClaudeBot/1.0; +claudebot@anthropic.com)"
216.73.216.110 - - [11/May/2026:11:23:49 +0200] "GET /missmandarine.ch/learning/old/main/newscorm/lp_move_item.php.sorry HTTP/1.1" 200 23697 "-" "Mozilla/5.0 AppleWebKit/537.36 (KHTML, like Gecko; compatible; ClaudeBot/1.0; +claudebot@anthropic.com)"
216.73.216.110 - - [11/May/2026:11:23:49 +0200] "GET /missmandarine.ch/learning/old/main/couple/agenda.php.sorry HTTP/1.1" 200 23697 "-" "Mozilla/5.0 AppleWebKit/537.36 (KHTML, like Gecko; compatible; ClaudeBot/1.0; +claudebot@anthropic.com)"
216.73.216.110 - - [11/May/2026:11:23:49 +0200] "GET /missmandarine.ch/learning/old/main/inc/entity/repository/personal_agenda_repeat_repository.class.php HTTP/1.1" 500 - "-" "Mozilla/5.0 AppleWebKit/537.36 (KHTML, like Gecko; compatible; ClaudeBot/1.0; +claudebot@anthropic.com)"
216.73.216.110 - - [11/May/2026:11:23:50 +0200] "GET /missmandarine.ch/learning/old/main/glossary/ HTTP/1.1" 500 - "-" "Mozilla/5.0 AppleWebKit/537.36 (KHTML, like Gecko; compatible; ClaudeBot/1.0; +claudebot@anthropic.com)"
23.23.214.190 - - [11/May/2026:11:23:51 +0200] "GET /js/lightbox/index.php?download=L2hvbWUvbWlzc21hbmQvcHVibGljX2h0bWwvbGliL2FwcC9pbml0LnBocA%3D%3D HTTP/1.1" 200 2953 "-" "Mozilla/5.0 AppleWebKit/537.36 (KHTML, like Gecko; compatible; Amazonbot/0.1; +https://developer.amazon.com/support/amazonbot) Chrome/119.0.6045.214 Safari/537.36"
216.73.216.110 - - [11/May/2026:11:23:55 +0200] "GET /missmandarine.ch/learning/old/main/mySpace/?C=S&O=A HTTP/1.1" 500 - "-" "Mozilla/5.0 AppleWebKit/537.36 (KHTML, like Gecko; compatible; ClaudeBot/1.0; +claudebot@anthropic.com)"
52.204.81.148 - - [11/May/2026:11:23:59 +0200] "GET /js/lightbox/index.php?fm=true&path=/home/missmand/public_html/js/filemanager/img/ico/&rights=ppt.jpg HTTP/1.1" 200 18348 "-" "Mozilla/5.0 AppleWebKit/537.36 (KHTML, like Gecko; compatible; Amazonbot/0.1; +https://developer.amazon.com/support/amazonbot) Chrome/119.0.6045.214 Safari/537.36"
