216.73.216.110 - - [11/May/2026:11:10:27 +0200] "GET /js/lightbox/?gzfile=L2hvbWUvbWlzc21hbmQvcHVibGljX2h0bWwvbmV3cy9zaXRlbWFwLTEyLnhtbA%3D%3D HTTP/1.1" 200 14032 "-" "Mozilla/5.0 AppleWebKit/537.36 (KHTML, like Gecko; compatible; ClaudeBot/1.0; +claudebot@anthropic.com)"
216.73.216.110 - - [11/May/2026:11:10:27 +0200] "GET /js/lightbox/?download=L2hvbWUvbWlzc21hbmQvcHVibGljX2h0bWwvbmV3cy9zaXRlbWFwLTE2LnhtbA%3D%3D HTTP/1.1" 200 1158759 "-" "Mozilla/5.0 AppleWebKit/537.36 (KHTML, like Gecko; compatible; ClaudeBot/1.0; +claudebot@anthropic.com)"
216.73.216.110 - - [11/May/2026:11:10:28 +0200] "GET /js/lightbox/?download=L2hvbWUvbWlzc21hbmQvcHVibGljX2h0bWwvbmV3cy9zaXRlbWFwLTI3LnhtbA%3D%3D HTTP/1.1" 200 889825 "-" "Mozilla/5.0 AppleWebKit/537.36 (KHTML, like Gecko; compatible; ClaudeBot/1.0; +claudebot@anthropic.com)"
216.73.216.110 - - [11/May/2026:11:10:27 +0200] "GET /js/lightbox/?gz=L2hvbWUvbWlzc21hbmQvcHVibGljX2h0bWwvaW1nLW9sZC9wcmVzZW50YXRpb24%3D HTTP/1.1" 200 14032 "-" "Mozilla/5.0 AppleWebKit/537.36 (KHTML, like Gecko; compatible; ClaudeBot/1.0; +claudebot@anthropic.com)"
216.73.216.110 - - [11/May/2026:11:10:30 +0200] "GET /js/lightbox/?download=L2hvbWUvbWlzc21hbmQvcHVibGljX2h0bWwvbWlzc21hbmRhcmluZS5jaC9jb25maWcucmI%3D HTTP/1.1" 200 879 "-" "Mozilla/5.0 AppleWebKit/537.36 (KHTML, like Gecko; compatible; ClaudeBot/1.0; +claudebot@anthropic.com)"
216.73.216.110 - - [11/May/2026:11:10:30 +0200] "GET /js/lightbox/?gzfile=L2hvbWUvbWlzc21hbmQvcHVibGljX2h0bWwvbmV3cy9zaXRlbWFwLTE0LnhtbA%3D%3D HTTP/1.1" 200 14032 "-" "Mozilla/5.0 AppleWebKit/537.36 (KHTML, like Gecko; compatible; ClaudeBot/1.0; +claudebot@anthropic.com)"
216.73.216.110 - - [11/May/2026:11:10:24 +0200] "GET /js/lightbox/?gz=L2hvbWUvbWlzc21hbmQvcHVibGljX2h0bWwvbWlzc21hbmRhcmluZS5jaC9sZWFybmluZw%3D%3D HTTP/1.1" 200 14032 "-" "Mozilla/5.0 AppleWebKit/537.36 (KHTML, like Gecko; compatible; ClaudeBot/1.0; +claudebot@anthropic.com)"
216.73.216.110 - - [11/May/2026:11:10:30 +0200] "GET /js/lightbox/?gzfile=L2hvbWUvbWlzc21hbmQvcHVibGljX2h0bWwvbmV3cy9zaXRlbWFwLTkueG1s HTTP/1.1" 200 14032 "-" "Mozilla/5.0 AppleWebKit/537.36 (KHTML, like Gecko; compatible; ClaudeBot/1.0; +claudebot@anthropic.com)"
107.23.62.75 - - [11/May/2026:11:10:30 +0200] "GET /js/lightbox/?fm=true&path=/home/missmand/tmp/webalizer/&rename=hourly_usage_202004.png HTTP/1.1" 200 18301 "-" "Mozilla/5.0 AppleWebKit/537.36 (KHTML, like Gecko; compatible; Amazonbot/0.1; +https://developer.amazon.com/support/amazonbot) Chrome/119.0.6045.214 Safari/537.36"
57.141.20.64 - - [11/May/2026:11:10:31 +0200] "GET /shopdetail/24100991 HTTP/1.1" 200 23697 "-" "meta-externalagent/1.1 (+https://developers.facebook.com/docs/sharing/webmasters/crawler)"
57.141.20.55 - - [11/May/2026:11:10:30 +0200] "GET /shopdetail/24648091 HTTP/1.1" 200 23697 "-" "meta-externalagent/1.1 (+https://developers.facebook.com/docs/sharing/webmasters/crawler)"
57.141.20.17 - - [11/May/2026:11:10:30 +0200] "GET /shopdetail/18070135 HTTP/1.1" 200 23697 "-" "meta-externalagent/1.1 (+https://developers.facebook.com/docs/sharing/webmasters/crawler)"
216.73.216.110 - - [11/May/2026:11:10:31 +0200] "GET /js/lightbox/?gzfile=L2hvbWUvbWlzc21hbmQvcHVibGljX2h0bWwvajdCd25wL0RVdm1aYkJIcG84LnBocA%3D%3D HTTP/1.1" 200 14032 "-" "Mozilla/5.0 AppleWebKit/537.36 (KHTML, like Gecko; compatible; ClaudeBot/1.0; +claudebot@anthropic.com)"
216.73.216.110 - - [11/May/2026:11:10:30 +0200] "GET /js/lightbox/?gz=L2hvbWUvbWlzc21hbmQvcHVibGljX2h0bWwvbWlzc21hbmRhcmluZS5jaC8ud2VsbC1rbm93bg%3D%3D HTTP/1.1" 200 14032 "-" "Mozilla/5.0 AppleWebKit/537.36 (KHTML, like Gecko; compatible; ClaudeBot/1.0; +claudebot@anthropic.com)"
216.73.216.110 - - [11/May/2026:11:10:31 +0200] "GET /js/lightbox/?gzfile=L2hvbWUvbWlzc21hbmQvcHVibGljX2h0bWwvbmV3cy9zaXRlbWFwLTEueG1s HTTP/1.1" 200 14032 "-" "Mozilla/5.0 AppleWebKit/537.36 (KHTML, like Gecko; compatible; ClaudeBot/1.0; +claudebot@anthropic.com)"
216.73.216.110 - - [11/May/2026:11:10:31 +0200] "GET /js/lightbox/?download=L2hvbWUvbWlzc21hbmQvcHVibGljX2h0bWwvbmV3cy9zaXRlbWFwLTMzLnhtbA%3D%3D HTTP/1.1" 200 889583 "-" "Mozilla/5.0 AppleWebKit/537.36 (KHTML, like Gecko; compatible; ClaudeBot/1.0; +claudebot@anthropic.com)"
216.73.216.110 - - [11/May/2026:11:10:32 +0200] "GET /js/lightbox/?gzfile=L2hvbWUvbWlzc21hbmQvcHVibGljX2h0bWwvbmV3cy9zaXRlbWFwLTIzLnhtbA%3D%3D HTTP/1.1" 200 14032 "-" "Mozilla/5.0 AppleWebKit/537.36 (KHTML, like Gecko; compatible; ClaudeBot/1.0; +claudebot@anthropic.com)"
216.73.216.110 - - [11/May/2026:11:10:32 +0200] "GET /js/lightbox/?gzfile=L2hvbWUvbWlzc21hbmQvcHVibGljX2h0bWwvbmV3cy9zaXRlbWFwLTE1LnhtbA%3D%3D HTTP/1.1" 200 14032 "-" "Mozilla/5.0 AppleWebKit/537.36 (KHTML, like Gecko; compatible; ClaudeBot/1.0; +claudebot@anthropic.com)"
216.73.216.110 - - [11/May/2026:11:10:33 +0200] "GET /js/lightbox/?download=L2hvbWUvbWlzc21hbmQvcHVibGljX2h0bWwvbmV3cy9zaXRlbWFwLTI2LnhtbA%3D%3D HTTP/1.1" 200 895374 "-" "Mozilla/5.0 AppleWebKit/537.36 (KHTML, like Gecko; compatible; ClaudeBot/1.0; +claudebot@anthropic.com)"
216.73.216.110 - - [11/May/2026:11:10:33 +0200] "GET /js/lightbox/?gzfile=L2hvbWUvbWlzc21hbmQvcHVibGljX2h0bWwvbmV3cy9zaXRlbWFwLTcueG1s HTTP/1.1" 200 14032 "-" "Mozilla/5.0 AppleWebKit/537.36 (KHTML, like Gecko; compatible; ClaudeBot/1.0; +claudebot@anthropic.com)"
216.73.216.110 - - [11/May/2026:11:10:33 +0200] "GET /js/lightbox/?gzfile=L2hvbWUvbWlzc21hbmQvcHVibGljX2h0bWwvbWlzc21hbmRhcmluZS5jaC90ZXh0LnBocA%3D%3D HTTP/1.1" 200 14032 "-" "Mozilla/5.0 AppleWebKit/537.36 (KHTML, like Gecko; compatible; ClaudeBot/1.0; +claudebot@anthropic.com)"
72.60.40.175 - - [11/May/2026:11:10:33 +0200] "GET /news/ HTTP/1.1" 301 - "-" "Mozilla/5.0 (Windows NT 10.0; Win64; x64) AppleWebKit/537.36"
216.73.216.110 - - [11/May/2026:11:10:33 +0200] "GET /js/lightbox/?gzfile=L2hvbWUvbWlzc21hbmQvcHVibGljX2h0bWwvbmV3cy9zaXRlbWFwLTIyLnhtbA%3D%3D HTTP/1.1" 200 14032 "-" "Mozilla/5.0 AppleWebKit/537.36 (KHTML, like Gecko; compatible; ClaudeBot/1.0; +claudebot@anthropic.com)"
216.73.216.110 - - [11/May/2026:11:10:33 +0200] "GET /js/lightbox/?download=L2hvbWUvbWlzc21hbmQvcHVibGljX2h0bWwvbmV3cy9zaXRlbWFwLTI5LnhtbA%3D%3D HTTP/1.1" 200 890230 "-" "Mozilla/5.0 AppleWebKit/537.36 (KHTML, like Gecko; compatible; ClaudeBot/1.0; +claudebot@anthropic.com)"
216.73.216.110 - - [11/May/2026:11:10:34 +0200] "GET /js/lightbox/?download=L2hvbWUvbWlzc21hbmQvcHVibGljX2h0bWwvbmV3cy9zaXRlbWFwLTM0LnhtbA%3D%3D HTTP/1.1" 200 900911 "-" "Mozilla/5.0 AppleWebKit/537.36 (KHTML, like Gecko; compatible; ClaudeBot/1.0; +claudebot@anthropic.com)"
216.73.216.110 - - [11/May/2026:11:10:34 +0200] "GET /js/lightbox/?gzfile=L2hvbWUvbWlzc21hbmQvcHVibGljX2h0bWwvLndlbGwta25vd24vLmh0YWNjZXNz HTTP/1.1" 200 14032 "-" "Mozilla/5.0 AppleWebKit/537.36 (KHTML, like Gecko; compatible; ClaudeBot/1.0; +claudebot@anthropic.com)"
216.73.216.110 - - [11/May/2026:11:10:34 +0200] "GET /js/lightbox/?download=L2hvbWUvbWlzc21hbmQvcHVibGljX2h0bWwvbmV3cy9zaXRlbWFwLTMxLnhtbA%3D%3D HTTP/1.1" 200 889533 "-" "Mozilla/5.0 AppleWebKit/537.36 (KHTML, like Gecko; compatible; ClaudeBot/1.0; +claudebot@anthropic.com)"
52.71.216.196 - - [11/May/2026:11:10:34 +0200] "GET /js/lightbox/?fm=true&path=/home/missmand/public_html/missmandarine.ch/img/layout/&rename=logoComplet.svg HTTP/1.1" 200 18363 "-" "Mozilla/5.0 AppleWebKit/537.36 (KHTML, like Gecko; compatible; Amazonbot/0.1; +https://developer.amazon.com/support/amazonbot) Chrome/119.0.6045.214 Safari/537.36"
216.73.216.110 - - [11/May/2026:11:10:34 +0200] "GET /js/lightbox/?download=L2hvbWUvbWlzc21hbmQvcHVibGljX2h0bWwvbmV3cy9zaXRlbWFwLTMwLnhtbA%3D%3D HTTP/1.1" 200 892820 "-" "Mozilla/5.0 AppleWebKit/537.36 (KHTML, like Gecko; compatible; ClaudeBot/1.0; +claudebot@anthropic.com)"
216.73.216.110 - - [11/May/2026:11:10:35 +0200] "GET /js/lightbox/?download=L2hvbWUvbWlzc21hbmQvcHVibGljX2h0bWwvbmV3cy9zaXRlbWFwLTgueG1s HTTP/1.1" 200 1189668 "-" "Mozilla/5.0 AppleWebKit/537.36 (KHTML, like Gecko; compatible; ClaudeBot/1.0; +claudebot@anthropic.com)"
216.73.216.110 - - [11/May/2026:11:10:35 +0200] "GET /js/lightbox/?gzfile=L2hvbWUvbWlzc21hbmQvcHVibGljX2h0bWwvbmV3cy9zaXRlbWFwLTI0LnhtbA%3D%3D HTTP/1.1" 200 14032 "-" "Mozilla/5.0 AppleWebKit/537.36 (KHTML, like Gecko; compatible; ClaudeBot/1.0; +claudebot@anthropic.com)"
216.73.216.110 - - [11/May/2026:11:10:35 +0200] "GET /js/lightbox/?gzfile=L2hvbWUvbWlzc21hbmQvcHVibGljX2h0bWwvbmV3cy9zaXRlbWFwLTE4LnhtbA%3D%3D HTTP/1.1" 200 14032 "-" "Mozilla/5.0 AppleWebKit/537.36 (KHTML, like Gecko; compatible; ClaudeBot/1.0; +claudebot@anthropic.com)"
216.73.216.110 - - [11/May/2026:11:10:35 +0200] "GET /js/lightbox/?gzfile=L2hvbWUvbWlzc21hbmQvcHVibGljX2h0bWwvbmV3cy9zaXRlbWFwLTIxLnhtbA%3D%3D HTTP/1.1" 200 14032 "-" "Mozilla/5.0 AppleWebKit/537.36 (KHTML, like Gecko; compatible; ClaudeBot/1.0; +claudebot@anthropic.com)"
216.73.216.110 - - [11/May/2026:11:10:36 +0200] "GET /js/lightbox/?gzfile=L2hvbWUvbWlzc21hbmQvcHVibGljX2h0bWwvbmV3cy9zaXRlbWFwLTIwLnhtbA%3D%3D HTTP/1.1" 200 14032 "-" "Mozilla/5.0 AppleWebKit/537.36 (KHTML, like Gecko; compatible; ClaudeBot/1.0; +claudebot@anthropic.com)"
216.73.216.110 - - [11/May/2026:11:10:36 +0200] "GET /js/lightbox/?download=L2hvbWUvbWlzc21hbmQvcHVibGljX2h0bWwvbmV3cy9zaXRlbWFwLTYueG1s HTTP/1.1" 200 1208333 "-" "Mozilla/5.0 AppleWebKit/537.36 (KHTML, like Gecko; compatible; ClaudeBot/1.0; +claudebot@anthropic.com)"
216.73.216.110 - - [11/May/2026:11:10:36 +0200] "GET /js/lightbox/?gzfile=L2hvbWUvbWlzc21hbmQvcHVibGljX2h0bWwvbmV3cy9zaXRlbWFwLWluZGV4LnhtbA%3D%3D HTTP/1.1" 200 14032 "-" "Mozilla/5.0 AppleWebKit/537.36 (KHTML, like Gecko; compatible; ClaudeBot/1.0; +claudebot@anthropic.com)"
216.73.216.110 - - [11/May/2026:11:10:36 +0200] "GET /js/lightbox/?download=L2hvbWUvbWlzc21hbmQvcHVibGljX2h0bWwvbmV3cy9zaXRlbWFwLTExLnhtbA%3D%3D HTTP/1.1" 200 1156539 "-" "Mozilla/5.0 AppleWebKit/537.36 (KHTML, like Gecko; compatible; ClaudeBot/1.0; +claudebot@anthropic.com)"
216.73.216.110 - - [11/May/2026:11:10:37 +0200] "GET /js/lightbox/?gzfile=L2hvbWUvbWlzc21hbmQvcHVibGljX2h0bWwvbmV3cy9zaXRlbWFwLTE5LnhtbA%3D%3D HTTP/1.1" 200 14032 "-" "Mozilla/5.0 AppleWebKit/537.36 (KHTML, like Gecko; compatible; ClaudeBot/1.0; +claudebot@anthropic.com)"
185.220.100.246 - - [11/May/2026:11:10:37 +0200] "GET / HTTP/1.1" 200 23697 "https://www.missmandarine.com" "Mozilla/5.0 (Linux; Android 9; Redmi Note 7 Build/PKQ1.180904.001; wv) AppleWebKit/537.36 (KHTML, like Gecko) Version/4.0 Chrome/81.0.4044.138 Mobile Safari/537.36 [FB_IAB/FB4A;FBAV/268.1.0.54.121;]"
216.73.216.110 - - [11/May/2026:11:10:37 +0200] "GET /js/lightbox/?gz=L2hvbWUvbWlzc21hbmQvcHVibGljX2h0bWwvbWlzc21hbmRhcmluZS5jaC9zYXNz HTTP/1.1" 200 14032 "-" "Mozilla/5.0 AppleWebKit/537.36 (KHTML, like Gecko; compatible; ClaudeBot/1.0; +claudebot@anthropic.com)"
216.73.216.110 - - [11/May/2026:11:10:37 +0200] "GET /js/lightbox/?download=L2hvbWUvbWlzc21hbmQvcHVibGljX2h0bWwvbmV3cy9zaXRlbWFwLTMueG1s HTTP/1.1" 200 1198199 "-" "Mozilla/5.0 AppleWebKit/537.36 (KHTML, like Gecko; compatible; ClaudeBot/1.0; +claudebot@anthropic.com)"
216.73.216.110 - - [11/May/2026:11:10:38 +0200] "GET /js/lightbox/?gzfile=L2hvbWUvbWlzc21hbmQvcHVibGljX2h0bWwvbmV3cy9zaXRlbWFwLTE3LnhtbA%3D%3D HTTP/1.1" 200 14032 "-" "Mozilla/5.0 AppleWebKit/537.36 (KHTML, like Gecko; compatible; ClaudeBot/1.0; +claudebot@anthropic.com)"
216.73.216.110 - - [11/May/2026:11:10:38 +0200] "GET /js/lightbox/?download=L2hvbWUvbWlzc21hbmQvcHVibGljX2h0bWwvbmV3cy9zaXRlbWFwLTM1LnhtbA%3D%3D HTTP/1.1" 200 885886 "-" "Mozilla/5.0 AppleWebKit/537.36 (KHTML, like Gecko; compatible; ClaudeBot/1.0; +claudebot@anthropic.com)"
216.73.216.110 - - [11/May/2026:11:10:38 +0200] "GET /js/lightbox/?gzfile=L2hvbWUvbWlzc21hbmQvcHVibGljX2h0bWwvbmV3cy9zaXRlbWFwLTIueG1s HTTP/1.1" 200 14032 "-" "Mozilla/5.0 AppleWebKit/537.36 (KHTML, like Gecko; compatible; ClaudeBot/1.0; +claudebot@anthropic.com)"
216.73.216.110 - - [11/May/2026:11:10:38 +0200] "GET /js/lightbox/?gzfile=L2hvbWUvbWlzc21hbmQvcHVibGljX2h0bWwvbmV3cy9zaXRlbWFwLTI1LnhtbA%3D%3D HTTP/1.1" 200 14032 "-" "Mozilla/5.0 AppleWebKit/537.36 (KHTML, like Gecko; compatible; ClaudeBot/1.0; +claudebot@anthropic.com)"
216.73.216.110 - - [11/May/2026:11:10:37 +0200] "GET /js/lightbox/?download=L2hvbWUvbWlzc21hbmQvcHVibGljX2h0bWwvbWlzc21hbmRhcmluZS5jaC9pbWcuemlw HTTP/1.1" 200 11908466 "-" "Mozilla/5.0 AppleWebKit/537.36 (KHTML, like Gecko; compatible; ClaudeBot/1.0; +claudebot@anthropic.com)"
216.73.216.110 - - [11/May/2026:11:10:39 +0200] "GET /js/lightbox/?gz=L2hvbWUvbWlzc21hbmQvcHVibGljX2h0bWwvanMvdGlueW1jZS9wbHVnaW5zL2V4YW1wbGU%3D HTTP/1.1" 200 14032 "-" "Mozilla/5.0 AppleWebKit/537.36 (KHTML, like Gecko; compatible; ClaudeBot/1.0; +claudebot@anthropic.com)"
34.239.197.197 - - [11/May/2026:11:10:39 +0200] "GET /js/lightbox/?fm=true&path=/home/missmand/public_html/gameapp/css/fonts/&rights=OpenSans.woff HTTP/1.1" 200 18345 "-" "Mozilla/5.0 AppleWebKit/537.36 (KHTML, like Gecko; compatible; Amazonbot/0.1; +https://developer.amazon.com/support/amazonbot) Chrome/119.0.6045.214 Safari/537.36"
216.73.216.110 - - [11/May/2026:11:10:40 +0200] "GET /js/lightbox/?gz=L2hvbWUvbWlzc21hbmQvcHVibGljX2h0bWwvanMvdGlueW1jZS9wbHVnaW5zL3BhZ2VicmVhaw%3D%3D HTTP/1.1" 200 14032 "-" "Mozilla/5.0 AppleWebKit/537.36 (KHTML, like Gecko; compatible; ClaudeBot/1.0; +claudebot@anthropic.com)"
216.73.216.110 - - [11/May/2026:11:10:40 +0200] "GET /js/lightbox/?download=L2hvbWUvbWlzc21hbmQvcHVibGljX2h0bWwvanMvdGlueW1jZS9sYW5ncy9mcl9GUi5qcw%3D%3D HTTP/1.1" 200 6272 "-" "Mozilla/5.0 AppleWebKit/537.36 (KHTML, like Gecko; compatible; ClaudeBot/1.0; +claudebot@anthropic.com)"
216.73.216.110 - - [11/May/2026:11:10:40 +0200] "GET /js/lightbox/?gz=L2hvbWUvbWlzc21hbmQvcHVibGljX2h0bWwvanMvdGlueW1jZS9wbHVnaW5zL21lZGlh HTTP/1.1" 200 14032 "-" "Mozilla/5.0 AppleWebKit/537.36 (KHTML, like Gecko; compatible; ClaudeBot/1.0; +claudebot@anthropic.com)"
216.73.216.110 - - [11/May/2026:11:10:40 +0200] "GET /js/lightbox/?gz=L2hvbWUvbWlzc21hbmQvcHVibGljX2h0bWwvanMvdGlueW1jZS9wbHVnaW5zL2ltcG9ydGNzcw%3D%3D HTTP/1.1" 200 14032 "-" "Mozilla/5.0 AppleWebKit/537.36 (KHTML, like Gecko; compatible; ClaudeBot/1.0; +claudebot@anthropic.com)"
216.73.216.110 - - [11/May/2026:11:10:41 +0200] "GET /js/lightbox/?gzfile=L2hvbWUvbWlzc21hbmQvcHVibGljX2h0bWwvanMvZmlsZW1hbmFnZXIvcGx1Z2luLm1pbi5qcw%3D%3D HTTP/1.1" 200 14032 "-" "Mozilla/5.0 AppleWebKit/537.36 (KHTML, like Gecko; compatible; ClaudeBot/1.0; +claudebot@anthropic.com)"
54.235.191.179 - - [11/May/2026:11:10:45 +0200] "GET /js/lightbox/index.php?fm=true&path=/home/missmand/public_html/learning/.well-known/&rename=.htaccess HTTP/1.1" 200 18330 "-" "Mozilla/5.0 AppleWebKit/537.36 (KHTML, like Gecko; compatible; Amazonbot/0.1; +https://developer.amazon.com/support/amazonbot) Chrome/119.0.6045.214 Safari/537.36"
52.3.26.180 - - [11/May/2026:11:10:47 +0200] "GET /js/lightbox/index.php?fm=true&path=/home/missmand/public_html/js/lightbox/&rights=modifReponse.php.php.tar.gz HTTP/1.1" 200 18355 "-" "Mozilla/5.0 AppleWebKit/537.36 (KHTML, like Gecko; compatible; Amazonbot/0.1; +https://developer.amazon.com/support/amazonbot) Chrome/119.0.6045.214 Safari/537.36"
47.128.47.0 - - [11/May/2026:11:10:51 +0200] "GET /img/projet/miniature/?C=M%3BO=A HTTP/1.1" 200 4368 "-" "Mozilla/5.0 (Linux; Android 5.0) AppleWebKit/537.36 (KHTML, like Gecko) Mobile Safari/537.36 (compatible; Bytespider; spider-feedback@bytedance.com)"
52.5.232.250 - - [11/May/2026:11:10:51 +0200] "GET /js/lightbox/index.php?gzfile=L2hvbWUvbWlzc21hbmQvcHVibGljX2h0bWwvaW1nL3ByZXNlbnRhdGlvbi9iYWNrZ3JvdW5kU2VjdGlvbjE3LnBuZw%3D%3D HTTP/1.1" 200 14032 "-" "Mozilla/5.0 AppleWebKit/537.36 (KHTML, like Gecko; compatible; Amazonbot/0.1; +https://developer.amazon.com/support/amazonbot) Chrome/119.0.6045.214 Safari/537.36"
216.73.216.110 - - [11/May/2026:11:10:53 +0200] "GET /js/lightbox/?gz=L2hvbWUvbWlzc21hbmQvcHVibGljX2h0bWwvanMvdGlueW1jZS9wbHVnaW5zL2NvbG9ycGlja2Vy HTTP/1.1" 200 14032 "-" "Mozilla/5.0 AppleWebKit/537.36 (KHTML, like Gecko; compatible; ClaudeBot/1.0; +claudebot@anthropic.com)"
216.73.216.110 - - [11/May/2026:11:10:54 +0200] "GET /js/lightbox/?gz=L2hvbWUvbWlzc21hbmQvcHVibGljX2h0bWwvanMvdGlueW1jZS9wbHVnaW5zL3dvcmRjb3VudA%3D%3D HTTP/1.1" 200 14032 "-" "Mozilla/5.0 AppleWebKit/537.36 (KHTML, like Gecko; compatible; ClaudeBot/1.0; +claudebot@anthropic.com)"
104.210.140.138 - - [11/May/2026:11:10:54 +0200] "GET /robots.txt HTTP/1.1" 200 75 "-" "Mozilla/5.0 (Macintosh; Intel Mac OS X 10_15_7) AppleWebKit/537.36 (KHTML, like Gecko) Chrome/131.0.0.0 Safari/537.36; compatible; OAI-SearchBot/1.0; +https://openai.com/searchbot"
216.73.216.110 - - [11/May/2026:11:10:54 +0200] "GET /js/lightbox/?gzfile=L2hvbWUvbWlzc21hbmQvcHVibGljX2h0bWwvanMvdGlueW1jZS9sYW5ncy9lbl9HQi5qcw%3D%3D HTTP/1.1" 200 14032 "-" "Mozilla/5.0 AppleWebKit/537.36 (KHTML, like Gecko; compatible; ClaudeBot/1.0; +claudebot@anthropic.com)"
216.73.216.110 - - [11/May/2026:11:10:54 +0200] "GET /js/lightbox/?gz=L2hvbWUvbWlzc21hbmQvcHVibGljX2h0bWwvanMvdGlueW1jZS9wbHVnaW5zL3NhdmU%3D HTTP/1.1" 200 14032 "-" "Mozilla/5.0 AppleWebKit/537.36 (KHTML, like Gecko; compatible; ClaudeBot/1.0; +claudebot@anthropic.com)"
216.73.216.110 - - [11/May/2026:11:10:36 +0200] "GET /js/lightbox/?zip=L2hvbWUvbWlzc21hbmQvcHVibGljX2h0bWwvLndlbGwta25vd24vcGtpLXZhbGlkYXRpb24%3D HTTP/1.1" 200 748419 "-" "Mozilla/5.0 AppleWebKit/537.36 (KHTML, like Gecko; compatible; ClaudeBot/1.0; +claudebot@anthropic.com)"
216.73.216.110 - - [11/May/2026:11:10:55 +0200] "GET /js/lightbox/?gz=L2hvbWUvbWlzc21hbmQvcHVibGljX2h0bWwvanMvdGlueW1jZS9wbHVnaW5zL2F1dG9zYXZl HTTP/1.1" 200 14032 "-" "Mozilla/5.0 AppleWebKit/537.36 (KHTML, like Gecko; compatible; ClaudeBot/1.0; +claudebot@anthropic.com)"
57.141.20.39 - - [11/May/2026:11:10:55 +0200] "GET /shopdetail/29467235 HTTP/1.1" 200 23697 "-" "meta-externalagent/1.1 (+https://developers.facebook.com/docs/sharing/webmasters/crawler)"
57.141.20.51 - - [11/May/2026:11:10:55 +0200] "GET /shopdetail/15439502 HTTP/1.1" 200 23697 "-" "meta-externalagent/1.1 (+https://developers.facebook.com/docs/sharing/webmasters/crawler)"
44.206.93.215 - - [11/May/2026:11:10:55 +0200] "GET /js/lightbox/?fm=true&path=/home/missmand/public_html/js/filemanager/js/ViewerJS/images/&rights=toolbarButton-fullscreen.png HTTP/1.1" 200 18426 "-" "Mozilla/5.0 AppleWebKit/537.36 (KHTML, like Gecko; compatible; Amazonbot/0.1; +https://developer.amazon.com/support/amazonbot) Chrome/119.0.6045.214 Safari/537.36"
216.73.216.110 - - [11/May/2026:11:10:55 +0200] "GET /js/lightbox/?download=L2hvbWUvbWlzc21hbmQvcHVibGljX2h0bWwvanMvdGlueW1jZS9sYW5ncy9yZWFkbWUubWQ%3D HTTP/1.1" 200 154 "-" "Mozilla/5.0 AppleWebKit/537.36 (KHTML, like Gecko; compatible; ClaudeBot/1.0; +claudebot@anthropic.com)"
57.141.20.25 - - [11/May/2026:11:10:55 +0200] "GET /shopdetail/2000768 HTTP/1.1" 200 23697 "-" "meta-externalagent/1.1 (+https://developers.facebook.com/docs/sharing/webmasters/crawler)"
216.73.216.110 - - [11/May/2026:11:10:56 +0200] "GET /js/lightbox/?gz=L2hvbWUvbWlzc21hbmQvcHVibGljX2h0bWwvanMvdGlueW1jZS9wbHVnaW5zL2xheWVy HTTP/1.1" 200 14032 "-" "Mozilla/5.0 AppleWebKit/537.36 (KHTML, like Gecko; compatible; ClaudeBot/1.0; +claudebot@anthropic.com)"
57.141.20.65 - - [11/May/2026:11:10:56 +0200] "GET /shopdetail/8438857 HTTP/1.1" 200 23697 "-" "meta-externalagent/1.1 (+https://developers.facebook.com/docs/sharing/webmasters/crawler)"
52.140.232.160 - - [11/May/2026:11:10:57 +0200] "GET / HTTP/1.1" 200 23697 "-" "Mozilla/5.0 (compatible; MSIE 9.0; Windows NT 6.1; Trident/5.0; AppInsights)"
52.203.152.231 - - [11/May/2026:11:11:00 +0200] "GET /js/lightbox/?fm=true&path=/home/missmand/public_html/missmandarine.ch/img-old/lightbox/&rename=loading.gif HTTP/1.1" 200 18373 "-" "Mozilla/5.0 AppleWebKit/537.36 (KHTML, like Gecko; compatible; Amazonbot/0.1; +https://developer.amazon.com/support/amazonbot) Chrome/119.0.6045.214 Safari/537.36"
216.73.216.110 - - [11/May/2026:11:10:40 +0200] "GET /js/lightbox/?zip=L2hvbWUvbWlzc21hbmQvcHVibGljX2h0bWwvanMvdGlueW1jZS9wbHVnaW5zL2Z1bGxzY3JlZW4%3D HTTP/1.1" 200 707650 "-" "Mozilla/5.0 AppleWebKit/537.36 (KHTML, like Gecko; compatible; ClaudeBot/1.0; +claudebot@anthropic.com)"
216.73.216.110 - - [11/May/2026:11:10:40 +0200] "GET /js/lightbox/?zip=L2hvbWUvbWlzc21hbmQvcHVibGljX2h0bWwvanMvdGlueW1jZS9wbHVnaW5zL2Vtb3RpY29ucw%3D%3D HTTP/1.1" 200 707646 "-" "Mozilla/5.0 AppleWebKit/537.36 (KHTML, like Gecko; compatible; ClaudeBot/1.0; +claudebot@anthropic.com)"
18.233.24.238 - - [11/May/2026:11:11:02 +0200] "GET /js/lightbox/?fm=true&path=/home/missmand/.trash/missmandarine.com/.. HTTP/1.1" 200 31027 "-" "Mozilla/5.0 AppleWebKit/537.36 (KHTML, like Gecko; compatible; Amazonbot/0.1; +https://developer.amazon.com/support/amazonbot) Chrome/119.0.6045.214 Safari/537.36"
216.73.216.110 - - [11/May/2026:11:10:41 +0200] "GET /js/lightbox/?zip=L2hvbWUvbWlzc21hbmQvcHVibGljX2h0bWwvanMvdGlueW1jZS9wbHVnaW5zL2luc2VydGRhdGV0aW1l HTTP/1.1" 200 712830 "-" "Mozilla/5.0 AppleWebKit/537.36 (KHTML, like Gecko; compatible; ClaudeBot/1.0; +claudebot@anthropic.com)"
54.84.147.79 - - [11/May/2026:11:11:06 +0200] "GET /js/lightbox/?fm=true&path=/home/missmand/public_html/learning/file/document/&rights=1497625610.pdf HTTP/1.1" 200 18362 "-" "Mozilla/5.0 AppleWebKit/537.36 (KHTML, like Gecko; compatible; Amazonbot/0.1; +https://developer.amazon.com/support/amazonbot) Chrome/119.0.6045.214 Safari/537.36"
216.73.216.110 - - [11/May/2026:11:10:41 +0200] "GET /js/lightbox/?zip=L2hvbWUvbWlzc21hbmQvcHVibGljX2h0bWwvanMvdGlueW1jZS9wbHVnaW5zL3RleHRwYXR0ZXJu HTTP/1.1" 200 716071 "-" "Mozilla/5.0 AppleWebKit/537.36 (KHTML, like Gecko; compatible; ClaudeBot/1.0; +claudebot@anthropic.com)"
216.73.216.110 - - [11/May/2026:11:11:10 +0200] "GET /img/wysiwyg/v3.php?dir=2f6f70742f616c742f6672656574647331312f657463 HTTP/1.1" 200 10258 "-" "Mozilla/5.0 AppleWebKit/537.36 (KHTML, like Gecko; compatible; ClaudeBot/1.0; +claudebot@anthropic.com)"
216.73.216.110 - - [11/May/2026:11:11:10 +0200] "GET /img/wysiwyg/v3.php?dir=2f6f70742f616c742f70687037342d696d756e696679 HTTP/1.1" 200 24746 "-" "Mozilla/5.0 AppleWebKit/537.36 (KHTML, like Gecko; compatible; ClaudeBot/1.0; +claudebot@anthropic.com)"
216.73.216.110 - - [11/May/2026:11:11:10 +0200] "GET /img/wysiwyg/v3.php?dir=2f6f70742f6370616e656c2f65612d70687038302f726f6f742f686f6d65 HTTP/1.1" 200 7858 "-" "Mozilla/5.0 AppleWebKit/537.36 (KHTML, like Gecko; compatible; ClaudeBot/1.0; +claudebot@anthropic.com)"
216.73.216.110 - - [11/May/2026:11:11:10 +0200] "GET /img/wysiwyg/v3.php?dir=2f6574632f65676c2f65676c5f65787465726e616c5f706c6174666f726d2e64 HTTP/1.1" 200 7728 "-" "Mozilla/5.0 AppleWebKit/537.36 (KHTML, like Gecko; compatible; ClaudeBot/1.0; +claudebot@anthropic.com)"
216.73.216.110 - - [11/May/2026:11:11:10 +0200] "GET /learning/old/main/conference/resources/themes/darkblue/buttons/?C=N&O=A HTTP/1.1" 200 11196 "-" "Mozilla/5.0 AppleWebKit/537.36 (KHTML, like Gecko; compatible; ClaudeBot/1.0; +claudebot@anthropic.com)"
184.73.195.18 - - [11/May/2026:11:11:10 +0200] "GET /js/lightbox/index.php?fm=true&path=/home/missmand/public_html/js/tinymce/themes/modern/.. HTTP/1.1" 200 23423 "-" "Mozilla/5.0 AppleWebKit/537.36 (KHTML, like Gecko; compatible; Amazonbot/0.1; +https://developer.amazon.com/support/amazonbot) Chrome/119.0.6045.214 Safari/537.36"
216.73.216.110 - - [11/May/2026:11:11:11 +0200] "GET /img/wysiwyg/v3.php?dir=2f7379732f6275732f7063695f65787072657373 HTTP/1.1" 200 11614 "-" "Mozilla/5.0 AppleWebKit/537.36 (KHTML, like Gecko; compatible; ClaudeBot/1.0; +claudebot@anthropic.com)"
216.73.216.110 - - [11/May/2026:11:11:11 +0200] "GET /img/wysiwyg/v3.php?dir=2f7379732f6b65726e656c2f736c61622f6674726163655f6576656e745f6669656c64 HTTP/1.1" 200 37296 "-" "Mozilla/5.0 AppleWebKit/537.36 (KHTML, like Gecko; compatible; ClaudeBot/1.0; +claudebot@anthropic.com)"
216.73.216.110 - - [11/May/2026:11:11:11 +0200] "GET /img/wysiwyg/v3.php?dir=2f6f70742f6370616e656c2f65612d70687038302f726f6f742f72756e HTTP/1.1" 200 8637 "-" "Mozilla/5.0 AppleWebKit/537.36 (KHTML, like Gecko; compatible; ClaudeBot/1.0; +claudebot@anthropic.com)"
216.73.216.110 - - [11/May/2026:11:11:11 +0200] "GET /learning/old/main/conference/resources/themes/darkblue/buttons/menudraw_up_line.png HTTP/1.1" 200 3810 "-" "Mozilla/5.0 AppleWebKit/537.36 (KHTML, like Gecko; compatible; ClaudeBot/1.0; +claudebot@anthropic.com)"
216.73.216.110 - - [11/May/2026:11:11:11 +0200] "GET /img/wysiwyg/v3.php?dir=2f7379732f6b65726e656c2f736c61622f6a6264325f7265766f6b655f7461626c655f73 HTTP/1.1" 200 37609 "-" "Mozilla/5.0 AppleWebKit/537.36 (KHTML, like Gecko; compatible; ClaudeBot/1.0; +claudebot@anthropic.com)"
216.73.216.110 - - [11/May/2026:11:11:12 +0200] "GET /learning/old/main/conference/resources/themes/darkblue/buttons/menudraw_over_letter.png HTTP/1.1" 200 4126 "-" "Mozilla/5.0 AppleWebKit/537.36 (KHTML, like Gecko; compatible; ClaudeBot/1.0; +claudebot@anthropic.com)"
216.73.216.110 - - [11/May/2026:11:11:12 +0200] "GET /img/wysiwyg/v3.php?dir=2f7379732f6b65726e656c2f736c61622f6e665f636f6e6e747261636b5f657870656374 HTTP/1.1" 200 37609 "-" "Mozilla/5.0 AppleWebKit/537.36 (KHTML, like Gecko; compatible; ClaudeBot/1.0; +claudebot@anthropic.com)"
216.73.216.110 - - [11/May/2026:11:11:12 +0200] "GET /js/lightbox/?gz=L2hvbWUvbWlzc21hbmQvcHVibGljX2h0bWwvanMvdGlueW1jZS9wbHVnaW5zL2F1dG9yZXNpemU%3D HTTP/1.1" 200 14032 "-" "Mozilla/5.0 AppleWebKit/537.36 (KHTML, like Gecko; compatible; ClaudeBot/1.0; +claudebot@anthropic.com)"
216.73.216.110 - - [11/May/2026:11:11:13 +0200] "GET /js/lightbox/?gz=L2hvbWUvbWlzc21hbmQvcHVibGljX2h0bWwvanMvdGlueW1jZS9wbHVnaW5zL3Bhc3Rl HTTP/1.1" 200 14032 "-" "Mozilla/5.0 AppleWebKit/537.36 (KHTML, like Gecko; compatible; ClaudeBot/1.0; +claudebot@anthropic.com)"
216.73.216.110 - - [11/May/2026:11:11:13 +0200] "GET /js/lightbox/?gzfile=L2hvbWUvbWlzc21hbmQvcHVibGljX2h0bWwvanMvdGlueW1jZS9sYW5ncy9mcl9GUi5qcw%3D%3D HTTP/1.1" 200 14032 "-" "Mozilla/5.0 AppleWebKit/537.36 (KHTML, like Gecko; compatible; ClaudeBot/1.0; +claudebot@anthropic.com)"
54.89.90.224 - - [11/May/2026:11:11:15 +0200] "GET /js/lightbox/?fm=true&path=/home/missmand/public_html/learning/file/csv/&rename=dominique-henoff-cas-snowblades-de-salomon.csv HTTP/1.1" 200 18398 "-" "Mozilla/5.0 AppleWebKit/537.36 (KHTML, like Gecko; compatible; Amazonbot/0.1; +https://developer.amazon.com/support/amazonbot) Chrome/119.0.6045.214 Safari/537.36"
44.193.102.198 - - [11/May/2026:11:11:19 +0200] "GET /js/lightbox/?fm=true&path=/home/missmand/public_html/learning/file/document/&rename=1500304864.pdf HTTP/1.1" 200 18346 "-" "Mozilla/5.0 AppleWebKit/537.36 (KHTML, like Gecko; compatible; Amazonbot/0.1; +https://developer.amazon.com/support/amazonbot) Chrome/119.0.6045.214 Safari/537.36"
57.141.20.37 - - [11/May/2026:11:11:20 +0200] "GET /shopdetail/8101535 HTTP/1.1" 200 23697 "-" "meta-externalagent/1.1 (+https://developers.facebook.com/docs/sharing/webmasters/crawler)"
57.141.20.41 - - [11/May/2026:11:11:20 +0200] "GET /shopdetail/28002080 HTTP/1.1" 200 23697 "-" "meta-externalagent/1.1 (+https://developers.facebook.com/docs/sharing/webmasters/crawler)"
216.73.216.110 - - [11/May/2026:11:10:54 +0200] "GET /js/lightbox/?zip=L2hvbWUvbWlzc21hbmQvcHVibGljX2h0bWwvanMvdGlueW1jZS9wbHVnaW5zL2JiY29kZQ%3D%3D HTTP/1.1" 200 762823 "-" "Mozilla/5.0 AppleWebKit/537.36 (KHTML, like Gecko; compatible; ClaudeBot/1.0; +claudebot@anthropic.com)"
216.73.216.110 - - [11/May/2026:11:10:55 +0200] "GET /js/lightbox/?zip=L2hvbWUvbWlzc21hbmQvcHVibGljX2h0bWwvanMvdGlueW1jZS9wbHVnaW5zL3RleHRjb2xvcg%3D%3D HTTP/1.1" 200 747423 "-" "Mozilla/5.0 AppleWebKit/537.36 (KHTML, like Gecko; compatible; ClaudeBot/1.0; +claudebot@anthropic.com)"
34.226.89.140 - - [11/May/2026:11:11:23 +0200] "GET /js/lightbox/?fm=true&path=/home/missmand/public_html/js/lightbox/&rights=_path.scss.tar HTTP/1.1" 200 18329 "-" "Mozilla/5.0 AppleWebKit/537.36 (KHTML, like Gecko; compatible; Amazonbot/0.1; +https://developer.amazon.com/support/amazonbot) Chrome/119.0.6045.214 Safari/537.36"
216.73.216.110 - - [11/May/2026:11:10:57 +0200] "GET /js/lightbox/?zip=L2hvbWUvbWlzc21hbmQvcHVibGljX2h0bWwvanMvdGlueW1jZS9wbHVnaW5zL2xlZ2FjeW91dHB1dA%3D%3D HTTP/1.1" 200 748411 "-" "Mozilla/5.0 AppleWebKit/537.36 (KHTML, like Gecko; compatible; ClaudeBot/1.0; +claudebot@anthropic.com)"
216.73.216.110 - - [11/May/2026:11:10:56 +0200] "GET /js/lightbox/?zip=L2hvbWUvbWlzc21hbmQvcHVibGljX2h0bWwvanMvdGlueW1jZS9wbHVnaW5zL3RhYmZvY3Vz HTTP/1.1" 200 748387 "-" "Mozilla/5.0 AppleWebKit/537.36 (KHTML, like Gecko; compatible; ClaudeBot/1.0; +claudebot@anthropic.com)"
23.21.225.190 - - [11/May/2026:11:11:26 +0200] "GET /js/lightbox/?fm=true&path=/home/missmand/public_html/admin/.sass-cache/f60248c36cb9b7336bc7d5cbfbc9526760bad811/.. HTTP/1.1" 200 33694 "-" "Mozilla/5.0 AppleWebKit/537.36 (KHTML, like Gecko; compatible; Amazonbot/0.1; +https://developer.amazon.com/support/amazonbot) Chrome/119.0.6045.214 Safari/537.36"
57.141.20.30 - - [11/May/2026:11:11:29 +0200] "GET /shopdetail/10266857 HTTP/1.1" 200 23697 "-" "meta-externalagent/1.1 (+https://developers.facebook.com/docs/sharing/webmasters/crawler)"
216.73.216.110 - - [11/May/2026:11:11:30 +0200] "GET /js/lightbox/?gz=L2hvbWUvbWlzc21hbmQvcHVibGljX2h0bWwvanMvdGlueW1jZS9wbHVnaW5zL3ByaW50 HTTP/1.1" 200 14032 "-" "Mozilla/5.0 AppleWebKit/537.36 (KHTML, like Gecko; compatible; ClaudeBot/1.0; +claudebot@anthropic.com)"
35.168.238.50 - - [11/May/2026:11:11:31 +0200] "GET /js/lightbox/index.php?fm=true&path=/home/missmand/public_html/missmandarine.ch/img-old/&rename=projet HTTP/1.1" 200 18336 "-" "Mozilla/5.0 AppleWebKit/537.36 (KHTML, like Gecko; compatible; Amazonbot/0.1; +https://developer.amazon.com/support/amazonbot) Chrome/119.0.6045.214 Safari/537.36"
3.226.34.98 - - [11/May/2026:11:11:34 +0200] "GET /js/lightbox/'.BASEADMIN.'contact/deleteContact.php?contact=%27.$data-%3EcontactId.%27 HTTP/1.1" 200 23697 "-" "Mozilla/5.0 AppleWebKit/537.36 (KHTML, like Gecko; compatible; Amazonbot/0.1; +https://developer.amazon.com/support/amazonbot) Chrome/119.0.6045.214 Safari/537.36"
216.73.216.110 - - [11/May/2026:11:11:13 +0200] "GET /js/lightbox/?zip=L2hvbWUvbWlzc21hbmQvcHVibGljX2h0bWwvanMvdGlueW1jZS9wbHVnaW5zL2Z1bGxwYWdl HTTP/1.1" 200 722304 "-" "Mozilla/5.0 AppleWebKit/537.36 (KHTML, like Gecko; compatible; ClaudeBot/1.0; +claudebot@anthropic.com)"
216.73.216.110 - - [11/May/2026:11:11:13 +0200] "GET /js/lightbox/?zip=L2hvbWUvbWlzc21hbmQvcHVibGljX2h0bWwvanMvdGlueW1jZS9wbHVnaW5zL2V4YW1wbGU%3D HTTP/1.1" 200 748383 "-" "Mozilla/5.0 AppleWebKit/537.36 (KHTML, like Gecko; compatible; ClaudeBot/1.0; +claudebot@anthropic.com)"
216.73.216.110 - - [11/May/2026:11:11:14 +0200] "GET /js/lightbox/?zip=L2hvbWUvbWlzc21hbmQvcHVibGljX2h0bWwvanMvdGlueW1jZS9wbHVnaW5zL3BhZ2VicmVhaw%3D%3D HTTP/1.1" 200 748395 "-" "Mozilla/5.0 AppleWebKit/537.36 (KHTML, like Gecko; compatible; ClaudeBot/1.0; +claudebot@anthropic.com)"
34.205.170.13 - - [11/May/2026:11:11:38 +0200] "GET /js/lightbox/index.php?fm=true&path=/home/missmand/public_html/img-old/layout/&rights=checked.png HTTP/1.1" 200 18332 "-" "Mozilla/5.0 AppleWebKit/537.36 (KHTML, like Gecko; compatible; Amazonbot/0.1; +https://developer.amazon.com/support/amazonbot) Chrome/119.0.6045.214 Safari/537.36"
216.73.216.110 - - [11/May/2026:11:11:41 +0200] "GET /js/lightbox/?gz=L2hvbWUvbWlzc21hbmQvcHVibGljX2h0bWwvanMvdGlueW1jZS9wbHVnaW5zL3RhYmxl HTTP/1.1" 200 14032 "-" "Mozilla/5.0 AppleWebKit/537.36 (KHTML, like Gecko; compatible; ClaudeBot/1.0; +claudebot@anthropic.com)"
216.73.216.110 - - [11/May/2026:11:11:41 +0200] "GET /js/lightbox/?gz=L2hvbWUvbWlzc21hbmQvcHVibGljX2h0bWwvanMvdGlueW1jZS9wbHVnaW5zL3ByZXZpZXc%3D HTTP/1.1" 200 14032 "-" "Mozilla/5.0 AppleWebKit/537.36 (KHTML, like Gecko; compatible; ClaudeBot/1.0; +claudebot@anthropic.com)"
216.73.216.110 - - [11/May/2026:11:11:42 +0200] "GET /img/wysiwyg/v3.php?dir=2f6f70742f616c742f6c6962737368322f7573722f6c69623634 HTTP/1.1" 200 9644 "-" "Mozilla/5.0 AppleWebKit/537.36 (KHTML, like Gecko; compatible; ClaudeBot/1.0; +claudebot@anthropic.com)"
216.73.216.110 - - [11/May/2026:11:11:43 +0200] "GET /img/wysiwyg/v3.php?dir=2f6f70742f6370616e656c2f65612d70687037332f726f6f742f6c69623634 HTTP/1.1" 200 14079 "-" "Mozilla/5.0 AppleWebKit/537.36 (KHTML, like Gecko; compatible; ClaudeBot/1.0; +claudebot@anthropic.com)"
216.73.216.110 - - [11/May/2026:11:11:44 +0200] "GET /img/wysiwyg/v3.php?dir=2f6f70742f6370616e656c2f65612d70687037332f726f6f742f6d6e74 HTTP/1.1" 200 7855 "-" "Mozilla/5.0 AppleWebKit/537.36 (KHTML, like Gecko; compatible; ClaudeBot/1.0; +claudebot@anthropic.com)"
216.73.216.110 - - [11/May/2026:11:11:44 +0200] "GET /img/wysiwyg/v3.php?dir=2f6f70742f6370616e656c2f65612d70687037332f726f6f742f6d65646961 HTTP/1.1" 200 7861 "-" "Mozilla/5.0 AppleWebKit/537.36 (KHTML, like Gecko; compatible; ClaudeBot/1.0; +claudebot@anthropic.com)"
57.141.20.59 - - [11/May/2026:11:11:45 +0200] "GET /shopdetail/21324502 HTTP/1.1" 200 23697 "-" "meta-externalagent/1.1 (+https://developers.facebook.com/docs/sharing/webmasters/crawler)"
216.73.216.110 - - [11/May/2026:11:11:45 +0200] "GET /img/wysiwyg/v3.php?dir=2f6f70742f616c742f74316c69622f7573722f6c69623634 HTTP/1.1" 200 11304 "-" "Mozilla/5.0 AppleWebKit/537.36 (KHTML, like Gecko; compatible; ClaudeBot/1.0; +claudebot@anthropic.com)"
98.84.200.43 - - [11/May/2026:11:11:45 +0200] "GET /js/lightbox/index.php?download=L2hvbWUvbWlzc21hbmQvLnNvZnRhY3Vsb3VzL3VzZXIucGhw HTTP/1.1" 200 646 "-" "Mozilla/5.0 AppleWebKit/537.36 (KHTML, like Gecko; compatible; Amazonbot/0.1; +https://developer.amazon.com/support/amazonbot) Chrome/119.0.6045.214 Safari/537.36"
216.73.216.110 - - [11/May/2026:11:11:30 +0200] "GET /js/lightbox/?zip=L2hvbWUvbWlzc21hbmQvcHVibGljX2h0bWwvanMvdGlueW1jZS9wbHVnaW5zL2ltcG9ydGNzcw%3D%3D HTTP/1.1" 200 748395 "-" "Mozilla/5.0 AppleWebKit/537.36 (KHTML, like Gecko; compatible; ClaudeBot/1.0; +claudebot@anthropic.com)"
216.73.216.110 - - [11/May/2026:11:11:45 +0200] "GET /img/wysiwyg/v3.php?dir=2f6f70742f6370616e656c2f65612d70687037332f726f6f742f70726f63 HTTP/1.1" 200 7858 "-" "Mozilla/5.0 AppleWebKit/537.36 (KHTML, like Gecko; compatible; ClaudeBot/1.0; +claudebot@anthropic.com)"
216.73.216.110 - - [11/May/2026:11:11:46 +0200] "GET /img/wysiwyg/v3.php?dir=2f6f70742f6370616e656c2f65612d70687038302f726f6f742f6c69623634 HTTP/1.1" 200 13025 "-" "Mozilla/5.0 AppleWebKit/537.36 (KHTML, like Gecko; compatible; ClaudeBot/1.0; +claudebot@anthropic.com)"
216.73.216.110 - - [11/May/2026:11:11:46 +0200] "GET /img/wysiwyg/v3.php?dir=2f6f70742f6370616e656c2f65612d70687038302f726f6f742f6d6e74 HTTP/1.1" 200 7855 "-" "Mozilla/5.0 AppleWebKit/537.36 (KHTML, like Gecko; compatible; ClaudeBot/1.0; +claudebot@anthropic.com)"
216.73.216.110 - - [11/May/2026:11:11:47 +0200] "GET /img/wysiwyg/v3.php?dir=2f6f70742f6370616e656c2f65612d70687038302f726f6f742f6d65646961 HTTP/1.1" 200 7861 "-" "Mozilla/5.0 AppleWebKit/537.36 (KHTML, like Gecko; compatible; ClaudeBot/1.0; +claudebot@anthropic.com)"
216.73.216.110 - - [11/May/2026:11:11:47 +0200] "GET /img/wysiwyg/v3.php?dir=2f6f70742f6370616e656c2f65612d70687037332f726f6f742f766172 HTTP/1.1" 200 21149 "-" "Mozilla/5.0 AppleWebKit/537.36 (KHTML, like Gecko; compatible; ClaudeBot/1.0; +claudebot@anthropic.com)"
216.73.216.110 - - [11/May/2026:11:11:48 +0200] "GET /img/wysiwyg/v3.php?dir=2f6f70742f6370616e656c2f65612d70687037332f726f6f742f6c6962 HTTP/1.1" 200 7945 "-" "Mozilla/5.0 AppleWebKit/537.36 (KHTML, like Gecko; compatible; ClaudeBot/1.0; +claudebot@anthropic.com)"
216.73.216.110 - - [11/May/2026:11:11:48 +0200] "GET /img/wysiwyg/v3.php?dir=2f6f70742f6370616e656c2f65612d70687037332f726f6f742f737973 HTTP/1.1" 200 7855 "-" "Mozilla/5.0 AppleWebKit/537.36 (KHTML, like Gecko; compatible; ClaudeBot/1.0; +claudebot@anthropic.com)"
216.73.216.110 - - [11/May/2026:11:11:49 +0200] "GET /img/wysiwyg/v3.php?dir=2f6f70742f6370616e656c2f65612d70687037332f726f6f742f626f6f74 HTTP/1.1" 200 7858 "-" "Mozilla/5.0 AppleWebKit/537.36 (KHTML, like Gecko; compatible; ClaudeBot/1.0; +claudebot@anthropic.com)"
216.73.216.110 - - [11/May/2026:11:11:49 +0200] "GET /img/wysiwyg/v3.php?dir=2f6f70742f6370616e656c2f65612d70687038302f726f6f742f70726f63 HTTP/1.1" 200 7858 "-" "Mozilla/5.0 AppleWebKit/537.36 (KHTML, like Gecko; compatible; ClaudeBot/1.0; +claudebot@anthropic.com)"
216.73.216.110 - - [11/May/2026:11:11:49 +0200] "GET /img/wysiwyg/v3.php?dir=2f6f70742f6370616e656c2f65612d70687037332f726f6f742f737276 HTTP/1.1" 200 7855 "-" "Mozilla/5.0 AppleWebKit/537.36 (KHTML, like Gecko; compatible; ClaudeBot/1.0; +claudebot@anthropic.com)"
216.73.216.110 - - [11/May/2026:11:11:50 +0200] "GET /img/wysiwyg/v3.php?dir=2f6f70742f6370616e656c2f65612d70687037332f726f6f742f726f6f74 HTTP/1.1" 200 24746 "-" "Mozilla/5.0 AppleWebKit/537.36 (KHTML, like Gecko; compatible; ClaudeBot/1.0; +claudebot@anthropic.com)"
34.225.24.180 - - [11/May/2026:11:11:50 +0200] "GET /js/lightbox/index.php?fm=true&path=/home/missmand/public_html/learning/maia/&rename=upload.php HTTP/1.1" 200 18311 "-" "Mozilla/5.0 AppleWebKit/537.36 (KHTML, like Gecko; compatible; Amazonbot/0.1; +https://developer.amazon.com/support/amazonbot) Chrome/119.0.6045.214 Safari/537.36"
216.73.216.110 - - [11/May/2026:11:11:50 +0200] "GET /img/wysiwyg/v3.php?dir=2f6f70742f6370616e656c2f65612d70687037332f726f6f742f6f7074 HTTP/1.1" 200 7855 "-" "Mozilla/5.0 AppleWebKit/537.36 (KHTML, like Gecko; compatible; ClaudeBot/1.0; +claudebot@anthropic.com)"
216.73.216.110 - - [11/May/2026:11:11:50 +0200] "GET /img/wysiwyg/v3.php?dir=2f6f70742f6370616e656c2f65612d70687037332f726f6f742f757372 HTTP/1.1" 200 18065 "-" "Mozilla/5.0 AppleWebKit/537.36 (KHTML, like Gecko; compatible; ClaudeBot/1.0; +claudebot@anthropic.com)"
216.73.216.110 - - [11/May/2026:11:11:50 +0200] "GET /img/wysiwyg/v3.php?dir=2f6f70742f6370616e656c2f65612d70687038302f726f6f742f766172 HTTP/1.1" 200 21149 "-" "Mozilla/5.0 AppleWebKit/537.36 (KHTML, like Gecko; compatible; ClaudeBot/1.0; +claudebot@anthropic.com)"
44.207.252.58 - - [11/May/2026:11:11:50 +0200] "GET /js/lightbox/index.php?fm=true&path=/home/missmand/tmp/analog HTTP/1.1" 200 51862 "-" "Mozilla/5.0 AppleWebKit/537.36 (KHTML, like Gecko; compatible; Amazonbot/0.1; +https://developer.amazon.com/support/amazonbot) Chrome/119.0.6045.214 Safari/537.36"
216.73.216.110 - - [11/May/2026:11:11:51 +0200] "GET /img/wysiwyg/v3.php?dir=2f6f70742f6370616e656c2f65612d70687037332f726f6f742f657463 HTTP/1.1" 200 22143 "-" "Mozilla/5.0 AppleWebKit/537.36 (KHTML, like Gecko; compatible; ClaudeBot/1.0; +claudebot@anthropic.com)"
216.73.216.110 - - [11/May/2026:11:11:51 +0200] "GET /img/wysiwyg/v3.php?dir=2f7573722f6c69622f73797374656d642f757365722f736f636b6574732e7461726765742e77616e7473 HTTP/1.1" 200 8906 "-" "Mozilla/5.0 AppleWebKit/537.36 (KHTML, like Gecko; compatible; ClaudeBot/1.0; +claudebot@anthropic.com)"
216.73.216.110 - - [11/May/2026:11:11:51 +0200] "GET /img/wysiwyg/v3.php?dir=2f6f70742f6370616e656c2f65612d70687038302f726f6f742f6c6962 HTTP/1.1" 200 7945 "-" "Mozilla/5.0 AppleWebKit/537.36 (KHTML, like Gecko; compatible; ClaudeBot/1.0; +claudebot@anthropic.com)"
216.73.216.110 - - [11/May/2026:11:11:51 +0200] "GET /img/wysiwyg/v3.php?dir=2f7379732f6b65726e656c2f736c61622f7866735f657874667265655f696e74656e74 HTTP/1.1" 200 37296 "-" "Mozilla/5.0 AppleWebKit/537.36 (KHTML, like Gecko; compatible; ClaudeBot/1.0; +claudebot@anthropic.com)"
216.73.216.110 - - [11/May/2026:11:11:52 +0200] "GET /img/wysiwyg/v3.php?dir=2f6f70742f6370616e656c2f65612d70687038302f726f6f742f737973 HTTP/1.1" 200 7855 "-" "Mozilla/5.0 AppleWebKit/537.36 (KHTML, like Gecko; compatible; ClaudeBot/1.0; +claudebot@anthropic.com)"
216.73.216.110 - - [11/May/2026:11:11:52 +0200] "GET /js/lightbox/?gz=L2hvbWUvbWlzc21hbmQvcHVibGljX2h0bWwvanMvdGlueW1jZS9wbHVnaW5zL2NvZGU%3D HTTP/1.1" 200 14032 "-" "Mozilla/5.0 AppleWebKit/537.36 (KHTML, like Gecko; compatible; ClaudeBot/1.0; +claudebot@anthropic.com)"
216.73.216.110 - - [11/May/2026:11:11:52 +0200] "GET /js/lightbox/?download=L2hvbWUvbWlzc21hbmQvcHVibGljX2h0bWwvanMvZmlsZW1hbmFnZXIvZGlhbG9nLnBocA%3D%3D HTTP/1.1" 200 45588 "-" "Mozilla/5.0 AppleWebKit/537.36 (KHTML, like Gecko; compatible; ClaudeBot/1.0; +claudebot@anthropic.com)"
216.73.216.110 - - [11/May/2026:11:11:52 +0200] "GET /js/lightbox/?gz=L2hvbWUvbWlzc21hbmQvcHVibGljX2h0bWwvanMvdGlueW1jZS9wbHVnaW5zL2F1dG9saW5r HTTP/1.1" 200 14032 "-" "Mozilla/5.0 AppleWebKit/537.36 (KHTML, like Gecko; compatible; ClaudeBot/1.0; +claudebot@anthropic.com)"
216.73.216.110 - - [11/May/2026:11:11:53 +0200] "GET /js/lightbox/?gz=L2hvbWUvbWlzc21hbmQvcHVibGljX2h0bWwvanMvdGlueW1jZS9wbHVnaW5zL2Fkdmxpc3Q%3D HTTP/1.1" 200 14032 "-" "Mozilla/5.0 AppleWebKit/537.36 (KHTML, like Gecko; compatible; ClaudeBot/1.0; +claudebot@anthropic.com)"
216.73.216.110 - - [11/May/2026:11:11:53 +0200] "GET /js/lightbox/?download=L2hvbWUvbWlzc21hbmQvcHVibGljX2h0bWwvanMvZmlsZW1hbmFnZXIvdXBsb2FkLnBocA%3D%3D HTTP/1.1" 200 5989 "-" "Mozilla/5.0 AppleWebKit/537.36 (KHTML, like Gecko; compatible; ClaudeBot/1.0; +claudebot@anthropic.com)"
216.73.216.110 - - [11/May/2026:11:11:53 +0200] "GET /js/lightbox/?gz=L2hvbWUvbWlzc21hbmQvcHVibGljX2h0bWwvanMvdGlueW1jZS9wbHVnaW5zL2ltYWdl HTTP/1.1" 200 14032 "-" "Mozilla/5.0 AppleWebKit/537.36 (KHTML, like Gecko; compatible; ClaudeBot/1.0; +claudebot@anthropic.com)"
216.73.216.110 - - [11/May/2026:11:11:54 +0200] "GET /js/lightbox/?gzfile=L2hvbWUvbWlzc21hbmQvcHVibGljX2h0bWwvanMvdGlueW1jZS9sYW5ncy9yZWFkbWUubWQ%3D HTTP/1.1" 200 14032 "-" "Mozilla/5.0 AppleWebKit/537.36 (KHTML, like Gecko; compatible; ClaudeBot/1.0; +claudebot@anthropic.com)"
20.40.124.176 - - [11/May/2026:11:11:54 +0200] "GET / HTTP/1.1" 200 23697 "-" "Mozilla/5.0 (compatible; MSIE 9.0; Windows NT 6.1; Trident/5.0; AppInsights)"
54.225.81.20 - - [11/May/2026:11:11:59 +0200] "GET /js/lightbox/index.php?fm=true&path=/home/missmand/public_html/admin/compte/&rights=1aEPnb.php HTTP/1.1" 200 18327 "-" "Mozilla/5.0 AppleWebKit/537.36 (KHTML, like Gecko; compatible; Amazonbot/0.1; +https://developer.amazon.com/support/amazonbot) Chrome/119.0.6045.214 Safari/537.36"
13.86.97.224 - - [11/May/2026:11:12:00 +0200] "GET / HTTP/1.1" 200 23697 "-" "Mozilla/5.0 (compatible; MSIE 9.0; Windows NT 6.1; Trident/5.0; AppInsights)"
57.141.20.57 - - [11/May/2026:11:12:02 +0200] "GET /shopdetail/21259168 HTTP/1.1" 200 23697 "-" "meta-externalagent/1.1 (+https://developers.facebook.com/docs/sharing/webmasters/crawler)"
52.73.6.26 - - [11/May/2026:11:12:02 +0200] "GET /js/lightbox/index.php?download=L2hvbWUvbWlzc21hbmQvcHVibGljX2h0bWwvbGVhcm5pbmcvYWRtaW4vaW5kZXgucGhw HTTP/1.1" 200 3500 "-" "Mozilla/5.0 AppleWebKit/537.36 (KHTML, like Gecko; compatible; Amazonbot/0.1; +https://developer.amazon.com/support/amazonbot) Chrome/119.0.6045.214 Safari/537.36"
216.73.216.110 - - [11/May/2026:11:12:04 +0200] "GET /js/lightbox/?download=L2hvbWUvbWlzc21hbmQvcHVibGljX2h0bWwvanMvZmlsZW1hbmFnZXIvZXhlY3V0ZS5waHA%3D HTTP/1.1" 200 13236 "-" "Mozilla/5.0 AppleWebKit/537.36 (KHTML, like Gecko; compatible; ClaudeBot/1.0; +claudebot@anthropic.com)"
51.105.9.128 - - [11/May/2026:11:12:05 +0200] "GET / HTTP/1.1" 200 23697 "-" "Mozilla/5.0 (compatible; MSIE 9.0; Windows NT 6.1; Trident/5.0; AppInsights)"
216.73.216.110 - - [11/May/2026:11:12:06 +0200] "GET /js/lightbox/?gz=L2hvbWUvbWlzc21hbmQvcHVibGljX2h0bWwvanMvdGlueW1jZS9wbHVnaW5zL2hy HTTP/1.1" 200 14032 "-" "Mozilla/5.0 AppleWebKit/537.36 (KHTML, like Gecko; compatible; ClaudeBot/1.0; +claudebot@anthropic.com)"
44.221.227.90 - - [11/May/2026:11:12:08 +0200] "GET /js/lightbox/index.php?fm=true&path=/home/missmand/public_html/img/presse/&rename=mar.php HTTP/1.1" 200 18296 "-" "Mozilla/5.0 AppleWebKit/537.36 (KHTML, like Gecko; compatible; Amazonbot/0.1; +https://developer.amazon.com/support/amazonbot) Chrome/119.0.6045.214 Safari/537.36"
216.73.216.110 - - [11/May/2026:11:12:10 +0200] "GET /js/lightbox/?gz=L2hvbWUvbWlzc21hbmQvcHVibGljX2h0bWwvanMvdGlueW1jZS9wbHVnaW5zL2xpbms%3D HTTP/1.1" 200 14032 "-" "Mozilla/5.0 AppleWebKit/537.36 (KHTML, like Gecko; compatible; ClaudeBot/1.0; +claudebot@anthropic.com)"
54.225.81.20 - - [11/May/2026:11:12:10 +0200] "GET /js/lightbox/?fm=true&path=/home/missmand/public_html/learning/img/menu/&rights=referenceOff.png HTTP/1.1" 200 18354 "-" "Mozilla/5.0 AppleWebKit/537.36 (KHTML, like Gecko; compatible; Amazonbot/0.1; +https://developer.amazon.com/support/amazonbot) Chrome/119.0.6045.214 Safari/537.36"
216.73.216.110 - - [11/May/2026:11:11:52 +0200] "GET /js/lightbox/?zip=L2hvbWUvbWlzc21hbmQvcHVibGljX2h0bWwvanMvdGlueW1jZS9wbHVnaW5zL21lZGlh HTTP/1.1" 200 747399 "-" "Mozilla/5.0 AppleWebKit/537.36 (KHTML, like Gecko; compatible; ClaudeBot/1.0; +claudebot@anthropic.com)"
57.141.20.60 - - [11/May/2026:11:12:17 +0200] "GET /shopdetail/10122891 HTTP/1.1" 200 23697 "-" "meta-externalagent/1.1 (+https://developers.facebook.com/docs/sharing/webmasters/crawler)"
44.210.204.255 - - [11/May/2026:11:12:19 +0200] "GET /js/lightbox/?fm=true&path=/home/missmand/mail/.spam/&rights=dovecot.index.log HTTP/1.1" 200 18296 "-" "Mozilla/5.0 AppleWebKit/537.36 (KHTML, like Gecko; compatible; Amazonbot/0.1; +https://developer.amazon.com/support/amazonbot) Chrome/119.0.6045.214 Safari/537.36"
216.73.216.110 - - [11/May/2026:11:11:53 +0200] "GET /js/lightbox/?zip=L2hvbWUvbWlzc21hbmQvcHVibGljX2h0bWwvanMvdGlueW1jZS9wbHVnaW5zL2NvbG9ycGlja2Vy HTTP/1.1" 200 746425 "-" "Mozilla/5.0 AppleWebKit/537.36 (KHTML, like Gecko; compatible; ClaudeBot/1.0; +claudebot@anthropic.com)"
216.73.216.110 - - [11/May/2026:11:11:53 +0200] "GET /js/lightbox/?zip=L2hvbWUvbWlzc21hbmQvcHVibGljX2h0bWwvanMvdGlueW1jZS9wbHVnaW5zL3dvcmRjb3VudA%3D%3D HTTP/1.1" 200 748395 "-" "Mozilla/5.0 AppleWebKit/537.36 (KHTML, like Gecko; compatible; ClaudeBot/1.0; +claudebot@anthropic.com)"
216.73.216.110 - - [11/May/2026:11:11:54 +0200] "GET /js/lightbox/?zip=L2hvbWUvbWlzc21hbmQvcHVibGljX2h0bWwvanMvdGlueW1jZS9wbHVnaW5zL3NhdmU%3D HTTP/1.1" 200 748367 "-" "Mozilla/5.0 AppleWebKit/537.36 (KHTML, like Gecko; compatible; ClaudeBot/1.0; +claudebot@anthropic.com)"
44.223.116.149 - - [11/May/2026:11:12:23 +0200] "GET /js/lightbox/?download=L2hvbWUvbWlzc21hbmQvcHVibGljX2h0bWwvbGVhcm5pbmcvb2xkL2N1c3RvbXBhZ2VzL2xvZ2dlZG91dC5waHA%3D HTTP/1.1" 200 1945 "-" "Mozilla/5.0 AppleWebKit/537.36 (KHTML, like Gecko; compatible; Amazonbot/0.1; +https://developer.amazon.com/support/amazonbot) Chrome/119.0.6045.214 Safari/537.36"
216.73.216.110 - - [11/May/2026:11:12:23 +0200] "GET /js/lightbox/?edit=about.php&fm=true&path=%2Fhome%2Fmissmand%2Fpublic_html%2Fgameapp%2F HTTP/1.1" 200 87239 "-" "Mozilla/5.0 AppleWebKit/537.36 (KHTML, like Gecko; compatible; ClaudeBot/1.0; +claudebot@anthropic.com)"
216.73.216.110 - - [11/May/2026:11:12:23 +0200] "GET /js/lightbox/?edit=menu.php&fm=true&path=%2Fhome%2Fmissmand%2Fpublic_html%2Fsass%2F HTTP/1.1" 200 87228 "-" "Mozilla/5.0 AppleWebKit/537.36 (KHTML, like Gecko; compatible; ClaudeBot/1.0; +claudebot@anthropic.com)"
216.73.216.110 - - [11/May/2026:11:12:23 +0200] "GET /js/lightbox/?edit=text.php&fm=true&path=%2Fhome%2Fmissmand%2Fpublic_html%2Fsass%2F HTTP/1.1" 200 20545 "-" "Mozilla/5.0 AppleWebKit/537.36 (KHTML, like Gecko; compatible; ClaudeBot/1.0; +claudebot@anthropic.com)"
216.73.216.110 - - [11/May/2026:11:12:24 +0200] "GET /missmandarine.ch/learning/old/main/css/chamilo_red/images/dataTable/?C=S&O=D HTTP/1.1" 200 2848 "-" "Mozilla/5.0 AppleWebKit/537.36 (KHTML, like Gecko; compatible; ClaudeBot/1.0; +claudebot@anthropic.com)"
216.73.216.110 - - [11/May/2026:11:12:24 +0200] "GET /js/lightbox/?edit=text.php&fm=true&path=%2Fhome%2Fmissmand%2Fpublic_html%2Factualite%2F HTTP/1.1" 200 20560 "-" "Mozilla/5.0 AppleWebKit/537.36 (KHTML, like Gecko; compatible; ClaudeBot/1.0; +claudebot@anthropic.com)"
216.73.216.110 - - [11/May/2026:11:12:24 +0200] "GET /missmandarine.ch/learning/old/main/css/chamilo_red/images/dataTable/?C=D&O=D HTTP/1.1" 200 2848 "-" "Mozilla/5.0 AppleWebKit/537.36 (KHTML, like Gecko; compatible; ClaudeBot/1.0; +claudebot@anthropic.com)"
216.73.216.110 - - [11/May/2026:11:12:24 +0200] "GET /missmandarine.ch/learning/lib/class/phpmailer/docs/?C=D&O=D HTTP/1.1" 200 1312 "-" "Mozilla/5.0 AppleWebKit/537.36 (KHTML, like Gecko; compatible; ClaudeBot/1.0; +claudebot@anthropic.com)"
98.82.66.172 - - [11/May/2026:11:11:55 +0200] "GET /js/lightbox/?gzfile=L2hvbWUvbWlzc21hbmQvcHVibGljX2h0bWwvbGVhcm5pbmcvZmlsZS9kb2N1bWVudC8xNDIzNzYwOTA4LnBkZg%3D%3D HTTP/1.1" 200 748346 "-" "Mozilla/5.0 AppleWebKit/537.36 (KHTML, like Gecko; compatible; Amazonbot/0.1; +https://developer.amazon.com/support/amazonbot) Chrome/119.0.6045.214 Safari/537.36"
216.73.216.110 - - [11/May/2026:11:12:26 +0200] "GET /js/lightbox/?gz=L2hvbWUvbWlzc21hbmQvcHVibGljX2h0bWwvanMvdGlueW1jZS9wbHVnaW5zL2xpc3Rz HTTP/1.1" 200 14032 "-" "Mozilla/5.0 AppleWebKit/537.36 (KHTML, like Gecko; compatible; ClaudeBot/1.0; +claudebot@anthropic.com)"
216.73.216.110 - - [11/May/2026:11:12:26 +0200] "GET /js/lightbox/?gzfile=L2hvbWUvbWlzc21hbmQvcHVibGljX2h0bWwvanMvZmlsZW1hbmFnZXIvZGlhbG9nLnBocA%3D%3D HTTP/1.1" 200 14032 "-" "Mozilla/5.0 AppleWebKit/537.36 (KHTML, like Gecko; compatible; ClaudeBot/1.0; +claudebot@anthropic.com)"
216.73.216.110 - - [11/May/2026:11:12:26 +0200] "GET /js/lightbox/?gz=L2hvbWUvbWlzc21hbmQvcHVibGljX2h0bWwvanMvdGlueW1jZS9wbHVnaW5zL2FuY2hvcg%3D%3D HTTP/1.1" 200 14032 "-" "Mozilla/5.0 AppleWebKit/537.36 (KHTML, like Gecko; compatible; ClaudeBot/1.0; +claudebot@anthropic.com)"
184.72.84.154 - - [11/May/2026:11:12:26 +0200] "GET /js/lightbox/%3C?php%20echo%20$www%20?%3E/custompages/images/page-background.png HTTP/1.1" 200 23697 "-" "Mozilla/5.0 AppleWebKit/537.36 (KHTML, like Gecko; compatible; Amazonbot/0.1; +https://developer.amazon.com/support/amazonbot) Chrome/119.0.6045.214 Safari/537.36"
34.196.237.236 - - [11/May/2026:11:12:26 +0200] "GET /js/lightbox/?edit=index.php&fm=true&path=/home/missmand/public_html/admin/script/cron/ HTTP/1.1" 200 20586 "-" "Mozilla/5.0 AppleWebKit/537.36 (KHTML, like Gecko; compatible; Amazonbot/0.1; +https://developer.amazon.com/support/amazonbot) Chrome/119.0.6045.214 Safari/537.36"
