44.218.6.93 - - [11/May/2026:10:24:34 +0200] "GET /js/lightbox/?edit=1551360731-Pierre-Jankowiez.mp3&fm=true&path=/home/missmand/public_html/learning/file/audio/ HTTP/1.1" 200 19086 "-" "Mozilla/5.0 AppleWebKit/537.36 (KHTML, like Gecko; compatible; Amazonbot/0.1; +https://developer.amazon.com/support/amazonbot) Chrome/119.0.6045.214 Safari/537.36"
216.73.216.110 - - [11/May/2026:10:24:39 +0200] "GET /img/wysiwyg/v3.php?dir=2f7573722f73686172652f61636c6f63616c2d312e31362f696e7465726e616c HTTP/1.1" 200 8864 "-" "Mozilla/5.0 AppleWebKit/537.36 (KHTML, like Gecko; compatible; ClaudeBot/1.0; +claudebot@anthropic.com)"
54.156.124.2 - - [11/May/2026:10:24:39 +0200] "GET /js/lightbox/?edit=1555406141-Boris-Descombes.mp3&fm=true&path=/home/missmand/public_html/learning/file/audio/ HTTP/1.1" 200 19084 "-" "Mozilla/5.0 AppleWebKit/537.36 (KHTML, like Gecko; compatible; Amazonbot/0.1; +https://developer.amazon.com/support/amazonbot) Chrome/119.0.6045.214 Safari/537.36"
216.73.216.110 - - [11/May/2026:10:24:44 +0200] "GET /img/wysiwyg/v3.php?dir=2f7573722f73686172652f67726f66662f63757272656e74 HTTP/1.1" 200 9968 "-" "Mozilla/5.0 AppleWebKit/537.36 (KHTML, like Gecko; compatible; ClaudeBot/1.0; +claudebot@anthropic.com)"
57.141.20.1 - - [11/May/2026:10:24:45 +0200] "GET /shopdetail/1220224 HTTP/1.1" 200 23697 "-" "meta-externalagent/1.1 (+https://developers.facebook.com/docs/sharing/webmasters/crawler)"
57.141.20.60 - - [11/May/2026:10:24:46 +0200] "GET /shopdetail/24805980 HTTP/1.1" 200 23697 "-" "meta-externalagent/1.1 (+https://developers.facebook.com/docs/sharing/webmasters/crawler)"
57.141.20.35 - - [11/May/2026:10:24:46 +0200] "GET /shopdetail/22134368 HTTP/1.1" 200 23697 "-" "meta-externalagent/1.1 (+https://developers.facebook.com/docs/sharing/webmasters/crawler)"
216.73.216.110 - - [11/May/2026:10:24:49 +0200] "GET /img/wysiwyg/v3.php?dir=2f7573722f73686172652f646f632f6370616e656c2d70687038342d6e65742d736d7470 HTTP/1.1" 200 10586 "-" "Mozilla/5.0 AppleWebKit/537.36 (KHTML, like Gecko; compatible; ClaudeBot/1.0; +claudebot@anthropic.com)"
35.174.141.243 - - [11/May/2026:10:24:51 +0200] "GET /js/lightbox/?fm=true&path=/home/missmand/public_html/img/comite/tmp/&rights=5937be17925cc.jpg HTTP/1.1" 200 18344 "-" "Mozilla/5.0 AppleWebKit/537.36 (KHTML, like Gecko; compatible; Amazonbot/0.1; +https://developer.amazon.com/support/amazonbot) Chrome/119.0.6045.214 Safari/537.36"
216.73.216.110 - - [11/May/2026:10:24:54 +0200] "GET /img/wysiwyg/v3.php?dir=2f7573722f73686172652f646f632f707974686f6e332d707970617273696e67 HTTP/1.1" 200 10445 "-" "Mozilla/5.0 AppleWebKit/537.36 (KHTML, like Gecko; compatible; ClaudeBot/1.0; +claudebot@anthropic.com)"
3.232.39.98 - - [11/May/2026:10:24:55 +0200] "GET /js/lightbox/?download=L2hvbWUvbWlzc21hbmQvcHVibGljX2h0bWwvbWlzc21hbmRhcmluZS5jaC9pbWctb2xkL3ByZXNlbnRhdGlvbi9iYWNrZ3JvdW5kU2VjdGlvbjE3LnBuZw%3D%3D HTTP/1.1" 200 36414 "-" "Mozilla/5.0 AppleWebKit/537.36 (KHTML, like Gecko; compatible; Amazonbot/0.1; +https://developer.amazon.com/support/amazonbot) Chrome/119.0.6045.214 Safari/537.36"
54.197.82.195 - - [11/May/2026:10:24:20 +0200] "GET /js/lightbox/index.php?zip=L2hvbWUvbWlzc21hbmQvcHVibGljX2h0bWwvcGljcy9pbWFnZXMvYw%3D%3D HTTP/1.1" 200 1741997 "-" "Mozilla/5.0 AppleWebKit/537.36 (KHTML, like Gecko; compatible; Amazonbot/0.1; +https://developer.amazon.com/support/amazonbot) Chrome/119.0.6045.214 Safari/537.36"
216.73.216.110 - - [11/May/2026:10:24:59 +0200] "GET /img/wysiwyg/v3.php?dir=2f7379732f66732f73656c696e75782f636c6173732f6e6f64652f7065726d73 HTTP/1.1" 200 17887 "-" "Mozilla/5.0 AppleWebKit/537.36 (KHTML, like Gecko; compatible; ClaudeBot/1.0; +claudebot@anthropic.com)"
57.141.20.29 - - [11/May/2026:10:25:00 +0200] "GET /shopdetail/1181702 HTTP/1.1" 200 23697 "-" "meta-externalagent/1.1 (+https://developers.facebook.com/docs/sharing/webmasters/crawler)"
57.141.20.65 - - [11/May/2026:10:25:01 +0200] "GET /shopdetail/29355324 HTTP/1.1" 200 23697 "-" "meta-externalagent/1.1 (+https://developers.facebook.com/docs/sharing/webmasters/crawler)"
34.236.185.101 - - [11/May/2026:10:25:03 +0200] "GET /js/lightbox/?download=L2hvbWUvbWlzc21hbmQvcHVibGljX2h0bWwvbGVhcm5pbmcvbGliL2NsYXNzL1Rvb2wuY2xhc3MucGhw HTTP/1.1" 200 4623 "-" "Mozilla/5.0 AppleWebKit/537.36 (KHTML, like Gecko; compatible; Amazonbot/0.1; +https://developer.amazon.com/support/amazonbot) Chrome/119.0.6045.214 Safari/537.36"
216.73.216.110 - - [11/May/2026:10:25:05 +0200] "GET /img/wysiwyg/v3.php?dir=2f6574632f6d756e696e2f706c7567696e73 HTTP/1.1" 200 44812 "-" "Mozilla/5.0 AppleWebKit/537.36 (KHTML, like Gecko; compatible; ClaudeBot/1.0; +claudebot@anthropic.com)"
3.219.80.71 - - [11/May/2026:10:25:07 +0200] "GET /js/lightbox/?edit=awstats072019.missmandarine.missmandarine.com.txt&fm=true&path=/home/missmand/tmp/awstats/ HTTP/1.1" 200 30250 "-" "Mozilla/5.0 AppleWebKit/537.36 (KHTML, like Gecko; compatible; Amazonbot/0.1; +https://developer.amazon.com/support/amazonbot) Chrome/119.0.6045.214 Safari/537.36"
216.73.216.110 - - [11/May/2026:10:25:09 +0200] "GET /img/wysiwyg/v3.php?dir=2f6574632f6b65726e656c2f696e7374616c6c2e64 HTTP/1.1" 200 9532 "-" "Mozilla/5.0 AppleWebKit/537.36 (KHTML, like Gecko; compatible; ClaudeBot/1.0; +claudebot@anthropic.com)"
54.91.122.193 - - [11/May/2026:10:25:11 +0200] "GET /img/wysiwyg/v3.php?dir=2f686f6d652f6d6973736d616e642f7075626c69635f68746d6c2f6a732f74696e796d63652f736b696e732f6c6967687467726179 HTTP/1.1" 200 15013 "-" "Mozilla/5.0 AppleWebKit/537.36 (KHTML, like Gecko; compatible; Amazonbot/0.1; +https://developer.amazon.com/support/amazonbot) Chrome/119.0.6045.214 Safari/537.36"
216.73.216.110 - - [11/May/2026:10:25:14 +0200] "GET /img/wysiwyg/v3.php?dir=2f70726f632f36372f6664696e666f HTTP/1.1" 200 24746 "-" "Mozilla/5.0 AppleWebKit/537.36 (KHTML, like Gecko; compatible; ClaudeBot/1.0; +claudebot@anthropic.com)"
57.141.20.39 - - [11/May/2026:10:25:14 +0200] "GET /shopdetail/13501713 HTTP/1.1" 200 23697 "-" "meta-externalagent/1.1 (+https://developers.facebook.com/docs/sharing/webmasters/crawler)"
34.234.197.175 - - [11/May/2026:10:25:15 +0200] "GET /img/wysiwyg/v3.php?dir=2f7573722f73686172652f67726f66662f63757272656e74 HTTP/1.1" 200 9968 "-" "Mozilla/5.0 AppleWebKit/537.36 (KHTML, like Gecko; compatible; Amazonbot/0.1; +https://developer.amazon.com/support/amazonbot) Chrome/119.0.6045.214 Safari/537.36"
54.87.95.7 - - [11/May/2026:10:25:19 +0200] "GET /js/lightbox/?edit=admin.php&fm=true&path=/home/missmand/public_html/missmandarine.ch/learning/admin/ HTTP/1.1" 200 20863 "-" "Mozilla/5.0 AppleWebKit/537.36 (KHTML, like Gecko; compatible; Amazonbot/0.1; +https://developer.amazon.com/support/amazonbot) Chrome/119.0.6045.214 Safari/537.36"
216.73.216.110 - - [11/May/2026:10:25:19 +0200] "GET /img/wysiwyg/v3.php?dir=2f70726f632f323236333934 HTTP/1.1" 200 24746 "-" "Mozilla/5.0 AppleWebKit/537.36 (KHTML, like Gecko; compatible; ClaudeBot/1.0; +claudebot@anthropic.com)"
44.221.37.41 - - [11/May/2026:10:25:23 +0200] "GET /img/wysiwyg/v3.php?dir=2f7379732f6d6f64756c652f736572696f5f7261772f6e6f746573 HTTP/1.1" 200 8741 "-" "Mozilla/5.0 AppleWebKit/537.36 (KHTML, like Gecko; compatible; Amazonbot/0.1; +https://developer.amazon.com/support/amazonbot) Chrome/119.0.6045.214 Safari/537.36"
52.71.216.196 - - [11/May/2026:10:24:43 +0200] "GET /js/lightbox/?gzfile=L2hvbWUvbWlzc21hbmQvcHVibGljX2h0bWwvbGVhcm5pbmcvbGliL2NsYXNzL0Nzdi5jbGFzcy5waHA%3D HTTP/1.1" 200 1744009 "-" "Mozilla/5.0 AppleWebKit/537.36 (KHTML, like Gecko; compatible; Amazonbot/0.1; +https://developer.amazon.com/support/amazonbot) Chrome/119.0.6045.214 Safari/537.36"
216.73.216.110 - - [11/May/2026:10:25:25 +0200] "GET /missmandarine.ch/js/tinymce/plugins/wordcount/?C=N&O=D HTTP/1.1" 200 932 "-" "Mozilla/5.0 AppleWebKit/537.36 (KHTML, like Gecko; compatible; ClaudeBot/1.0; +claudebot@anthropic.com)"
57.141.20.55 - - [11/May/2026:10:25:25 +0200] "GET /shopdetail/27569279 HTTP/1.1" 200 23697 "-" "meta-externalagent/1.1 (+https://developers.facebook.com/docs/sharing/webmasters/crawler)"
57.141.20.67 - - [11/May/2026:10:25:25 +0200] "GET /shopdetail/28641935 HTTP/1.1" 200 23697 "-" "meta-externalagent/1.1 (+https://developers.facebook.com/docs/sharing/webmasters/crawler)"
57.141.20.45 - - [11/May/2026:10:25:26 +0200] "GET /shopdetail/30498557 HTTP/1.1" 200 23697 "-" "meta-externalagent/1.1 (+https://developers.facebook.com/docs/sharing/webmasters/crawler)"
216.73.216.110 - - [11/May/2026:10:25:30 +0200] "GET /js/lightbox/index.php?fm=true&path=%2Fhome%2Fmissmand%2Fpublic_html%2Fjs%2F&rights=sortable.js HTTP/1.1" 200 18296 "-" "Mozilla/5.0 AppleWebKit/537.36 (KHTML, like Gecko; compatible; ClaudeBot/1.0; +claudebot@anthropic.com)"
34.226.89.140 - - [11/May/2026:10:25:31 +0200] "GET /js/lightbox/?fm=true&path=/home/missmand/public_html/img/projet/miniature/&rename=593513fe430a8.jpg HTTP/1.1" 200 18346 "-" "Mozilla/5.0 AppleWebKit/537.36 (KHTML, like Gecko; compatible; Amazonbot/0.1; +https://developer.amazon.com/support/amazonbot) Chrome/119.0.6045.214 Safari/537.36"
52.71.203.206 - - [11/May/2026:10:25:33 +0200] "GET /js/lightbox/index.php?download=L2hvbWUvbWlzc21hbmQvcHVibGljX2h0bWwvanMvZmlsZW1hbmFnZXIvaW1nL2ljb19kYXJrL2Nzdi5qcGc%3D HTTP/1.1" 200 4189 "-" "Mozilla/5.0 AppleWebKit/537.36 (KHTML, like Gecko; compatible; Amazonbot/0.1; +https://developer.amazon.com/support/amazonbot) Chrome/119.0.6045.214 Safari/537.36"
216.73.216.110 - - [11/May/2026:10:25:35 +0200] "GET /js/lightbox/index.php?fm=true&path=%2Fhome%2Fmissmand%2Fpublic_html%2Fjs%2F&rename=sortable.js HTTP/1.1" 200 18280 "-" "Mozilla/5.0 AppleWebKit/537.36 (KHTML, like Gecko; compatible; ClaudeBot/1.0; +claudebot@anthropic.com)"
52.3.102.51 - - [11/May/2026:10:25:35 +0200] "GET /js/lightbox/?edit=1621733572.M745305P801.cpanel.totalcloud.fr,S%3D8375,W%3D8600&fm=true&path=/home/missmand/mail/new/ HTTP/1.1" 200 28592 "-" "Mozilla/5.0 AppleWebKit/537.36 (KHTML, like Gecko; compatible; Amazonbot/0.1; +https://developer.amazon.com/support/amazonbot) Chrome/119.0.6045.214 Safari/537.36"
216.73.216.110 - - [11/May/2026:10:25:40 +0200] "GET /missmandarine.ch/learning/old/main/css/chamilo_sport_red/images/button_next.gif HTTP/1.1" 200 609 "-" "Mozilla/5.0 AppleWebKit/537.36 (KHTML, like Gecko; compatible; ClaudeBot/1.0; +claudebot@anthropic.com)"
34.192.125.239 - - [11/May/2026:10:25:40 +0200] "GET /img/wysiwyg/v3.php?dir=2f7379732f636c6173732f6174615f6c696e6b2f6c696e6b32 HTTP/1.1" 200 16699 "-" "Mozilla/5.0 AppleWebKit/537.36 (KHTML, like Gecko; compatible; Amazonbot/0.1; +https://developer.amazon.com/support/amazonbot) Chrome/119.0.6045.214 Safari/537.36"
57.141.20.39 - - [11/May/2026:10:25:41 +0200] "GET /shopdetail/24114946 HTTP/1.1" 200 23697 "-" "meta-externalagent/1.1 (+https://developers.facebook.com/docs/sharing/webmasters/crawler)"
57.141.20.59 - - [11/May/2026:10:25:41 +0200] "GET /shopdetail/25007157 HTTP/1.1" 200 23697 "-" "meta-externalagent/1.1 (+https://developers.facebook.com/docs/sharing/webmasters/crawler)"
57.141.20.2 - - [11/May/2026:10:25:41 +0200] "GET /shopdetail/10661635 HTTP/1.1" 200 23697 "-" "meta-externalagent/1.1 (+https://developers.facebook.com/docs/sharing/webmasters/crawler)"
23.21.225.190 - - [11/May/2026:10:25:43 +0200] "GET /js/lightbox/index.php?gzfile=L2hvbWUvbWlzc21hbmQvcHVibGljX2h0bWwvanMvZmlsZW1hbmFnZXIvaW1nL2ljb19kYXJrL21vdi5qcGc%3D HTTP/1.1" 200 14032 "-" "Mozilla/5.0 AppleWebKit/537.36 (KHTML, like Gecko; compatible; Amazonbot/0.1; +https://developer.amazon.com/support/amazonbot) Chrome/119.0.6045.214 Safari/537.36"
54.204.12.115 - - [11/May/2026:10:24:48 +0200] "GET /js/lightbox/?gzfile=L2hvbWUvbWlzc21hbmQvcHVibGljX2h0bWwvaW1nL2NvbWl0ZS90bXAvNWEwYzUzZWQ5NTIzZS5wbmc%3D HTTP/1.1" 200 2449254 "-" "Mozilla/5.0 AppleWebKit/537.36 (KHTML, like Gecko; compatible; Amazonbot/0.1; +https://developer.amazon.com/support/amazonbot) Chrome/119.0.6045.214 Safari/537.36"
216.73.216.110 - - [11/May/2026:10:25:45 +0200] "GET /js/lightbox/?fm=true&path=%2Fhome%2Fmissmand%2Fpublic_html%2Fjs%2Ffilemanager HTTP/1.1" 200 37013 "-" "Mozilla/5.0 AppleWebKit/537.36 (KHTML, like Gecko; compatible; ClaudeBot/1.0; +claudebot@anthropic.com)"
23.23.212.212 - - [11/May/2026:10:25:47 +0200] "GET /js/lightbox/?edit=awstats022026.missmandarine.com.txt&fm=true&path=/home/missmand/tmp/awstats/ HTTP/1.1" 200 58782 "-" "Mozilla/5.0 AppleWebKit/537.36 (KHTML, like Gecko; compatible; Amazonbot/0.1; +https://developer.amazon.com/support/amazonbot) Chrome/119.0.6045.214 Safari/537.36"
216.73.216.110 - - [11/May/2026:10:25:49 +0200] "GET /img/wysiwyg/v3.php?dir=2f70726f632f37352f7461736b2f3735 HTTP/1.1" 200 41744 "-" "Mozilla/5.0 AppleWebKit/537.36 (KHTML, like Gecko; compatible; ClaudeBot/1.0; +claudebot@anthropic.com)"
216.73.216.110 - - [11/May/2026:10:25:49 +0200] "GET /img/wysiwyg/v3.php?dir=2f70726f632f36322f6e65742f6465765f736e6d7036 HTTP/1.1" 200 9254 "-" "Mozilla/5.0 AppleWebKit/537.36 (KHTML, like Gecko; compatible; ClaudeBot/1.0; +claudebot@anthropic.com)"
216.73.216.110 - - [11/May/2026:10:25:50 +0200] "GET /img/wysiwyg/v3.php?dir=2f7661722f63616368652f79756d HTTP/1.1" 200 8332 "-" "Mozilla/5.0 AppleWebKit/537.36 (KHTML, like Gecko; compatible; ClaudeBot/1.0; +claudebot@anthropic.com)"
216.73.216.110 - - [11/May/2026:10:25:50 +0200] "GET /img/wysiwyg/v3.php?dir=2f70726f632f36312f6e65742f6465765f736e6d7036 HTTP/1.1" 200 9254 "-" "Mozilla/5.0 AppleWebKit/537.36 (KHTML, like Gecko; compatible; ClaudeBot/1.0; +claudebot@anthropic.com)"
216.73.216.110 - - [11/May/2026:10:25:51 +0200] "GET /img/wysiwyg/v3.php?dir=2f70726f632f32332f6e65742f6465765f736e6d7036 HTTP/1.1" 200 9254 "-" "Mozilla/5.0 AppleWebKit/537.36 (KHTML, like Gecko; compatible; ClaudeBot/1.0; +claudebot@anthropic.com)"
216.73.216.110 - - [11/May/2026:10:25:51 +0200] "GET /img/wysiwyg/v3.php?dir=2f70726f632f34312f6e65742f6465765f736e6d7036 HTTP/1.1" 200 9254 "-" "Mozilla/5.0 AppleWebKit/537.36 (KHTML, like Gecko; compatible; ClaudeBot/1.0; +claudebot@anthropic.com)"
100.24.149.244 - - [11/May/2026:10:25:52 +0200] "GET /js/lightbox/?gzfile=L2hvbWUvbWlzc21hbmQvcHVibGljX2h0bWwvbWlzc21hbmRhcmluZS5jaC9pbWctb2xkL2xpZ2h0Ym94L2xvYWRpbmcuZ2lm HTTP/1.1" 200 14032 "-" "Mozilla/5.0 AppleWebKit/537.36 (KHTML, like Gecko; compatible; Amazonbot/0.1; +https://developer.amazon.com/support/amazonbot) Chrome/119.0.6045.214 Safari/537.36"
216.73.216.110 - - [11/May/2026:10:25:52 +0200] "GET /missmandarine.ch/learning/old/main/css/chamilo_orange/images/dataTable/?C=N&O=A HTTP/1.1" 200 2857 "-" "Mozilla/5.0 AppleWebKit/537.36 (KHTML, like Gecko; compatible; ClaudeBot/1.0; +claudebot@anthropic.com)"
216.73.216.110 - - [11/May/2026:10:25:52 +0200] "GET /img/wysiwyg/v3.php?dir=2f6574632f646275732d312f73797374656d2e64 HTTP/1.1" 200 13873 "-" "Mozilla/5.0 AppleWebKit/537.36 (KHTML, like Gecko; compatible; ClaudeBot/1.0; +claudebot@anthropic.com)"
57.141.20.47 - - [11/May/2026:10:25:52 +0200] "GET /shopdetail/8100979 HTTP/1.1" 200 23697 "-" "meta-externalagent/1.1 (+https://developers.facebook.com/docs/sharing/webmasters/crawler)"
216.73.216.110 - - [11/May/2026:10:25:52 +0200] "GET /missmandarine.ch/learning/old/main/template/default/admin/?C=N&O=A HTTP/1.1" 200 977 "-" "Mozilla/5.0 AppleWebKit/537.36 (KHTML, like Gecko; compatible; ClaudeBot/1.0; +claudebot@anthropic.com)"
216.73.216.110 - - [11/May/2026:10:25:53 +0200] "GET /img/wysiwyg/v3.php?dir=2f6574632f646275732d312f73657373696f6e2e64 HTTP/1.1" 200 7701 "-" "Mozilla/5.0 AppleWebKit/537.36 (KHTML, like Gecko; compatible; ClaudeBot/1.0; +claudebot@anthropic.com)"
216.73.216.110 - - [11/May/2026:10:25:53 +0200] "GET /img/wysiwyg/v3.php?dir=2f70726f632f3130372f6664 HTTP/1.1" 200 24746 "-" "Mozilla/5.0 AppleWebKit/537.36 (KHTML, like Gecko; compatible; ClaudeBot/1.0; +claudebot@anthropic.com)"
216.73.216.110 - - [11/May/2026:10:25:53 +0200] "GET /img/wysiwyg/v3.php?dir=2f70726f632f3130372f6e6574 HTTP/1.1" 200 43266 "-" "Mozilla/5.0 AppleWebKit/537.36 (KHTML, like Gecko; compatible; ClaudeBot/1.0; +claudebot@anthropic.com)"
34.239.85.139 - - [11/May/2026:10:24:58 +0200] "GET /js/lightbox/?gzfile=L2hvbWUvbWlzc21hbmQvcHVibGljX2h0bWwvaW1nL2NvbWl0ZS90bXAvNWEwYzUzZDg1NTM3MS5wbmc%3D HTTP/1.1" 200 2451546 "-" "Mozilla/5.0 AppleWebKit/537.36 (KHTML, like Gecko; compatible; Amazonbot/0.1; +https://developer.amazon.com/support/amazonbot) Chrome/119.0.6045.214 Safari/537.36"
216.73.216.110 - - [11/May/2026:10:25:53 +0200] "GET /img/wysiwyg/v3.php?dir=2f7661722f63616368652f6d616e HTTP/1.1" 200 28406 "-" "Mozilla/5.0 AppleWebKit/537.36 (KHTML, like Gecko; compatible; ClaudeBot/1.0; +claudebot@anthropic.com)"
216.73.216.110 - - [11/May/2026:10:25:54 +0200] "GET /img/wysiwyg/v3.php?dir=2f70726f632f322f7461736b2f32 HTTP/1.1" 200 40802 "-" "Mozilla/5.0 AppleWebKit/537.36 (KHTML, like Gecko; compatible; ClaudeBot/1.0; +claudebot@anthropic.com)"
216.73.216.110 - - [11/May/2026:10:25:54 +0200] "GET /img/wysiwyg/v3.php?dir=2f70726f632f332f7461736b2f33 HTTP/1.1" 200 40802 "-" "Mozilla/5.0 AppleWebKit/537.36 (KHTML, like Gecko; compatible; ClaudeBot/1.0; +claudebot@anthropic.com)"
216.73.216.110 - - [11/May/2026:10:25:54 +0200] "GET /img/wysiwyg/v3.php?dir=2f70726f632f3130372f6e73 HTTP/1.1" 200 7672 "-" "Mozilla/5.0 AppleWebKit/537.36 (KHTML, like Gecko; compatible; ClaudeBot/1.0; +claudebot@anthropic.com)"
216.73.216.110 - - [11/May/2026:10:25:54 +0200] "GET /missmandarine.ch/learning/old/main/css/chamilo_orange/images/dataTable/?C=D&O=D HTTP/1.1" 200 2857 "-" "Mozilla/5.0 AppleWebKit/537.36 (KHTML, like Gecko; compatible; ClaudeBot/1.0; +claudebot@anthropic.com)"
216.73.216.110 - - [11/May/2026:10:25:55 +0200] "GET /missmandarine.ch/learning/old/main/css/chamilo_orange/images/dataTable/?C=M&O=D HTTP/1.1" 200 2857 "-" "Mozilla/5.0 AppleWebKit/537.36 (KHTML, like Gecko; compatible; ClaudeBot/1.0; +claudebot@anthropic.com)"
216.73.216.110 - - [11/May/2026:10:25:55 +0200] "GET /missmandarine.ch/learning/old/main/template/default/admin/?C=S&O=D HTTP/1.1" 200 977 "-" "Mozilla/5.0 AppleWebKit/537.36 (KHTML, like Gecko; compatible; ClaudeBot/1.0; +claudebot@anthropic.com)"
216.73.216.110 - - [11/May/2026:10:25:55 +0200] "GET /learning/old/main/cooperation/files/30/?C=M&O=D HTTP/1.1" 200 908 "-" "Mozilla/5.0 AppleWebKit/537.36 (KHTML, like Gecko; compatible; ClaudeBot/1.0; +claudebot@anthropic.com)"
216.73.216.110 - - [11/May/2026:10:25:55 +0200] "GET /learning/old/main/cooperation/files/421/?C=M&O=D HTTP/1.1" 200 910 "-" "Mozilla/5.0 AppleWebKit/537.36 (KHTML, like Gecko; compatible; ClaudeBot/1.0; +claudebot@anthropic.com)"
216.73.216.110 - - [11/May/2026:10:25:56 +0200] "GET /learning/old/main/cooperation/files/415/?C=D&O=D HTTP/1.1" 200 910 "-" "Mozilla/5.0 AppleWebKit/537.36 (KHTML, like Gecko; compatible; ClaudeBot/1.0; +claudebot@anthropic.com)"
216.73.216.110 - - [11/May/2026:10:25:56 +0200] "GET /learning/old/main/css/kiddy/images/?C=D&O=D HTTP/1.1" 200 10558 "-" "Mozilla/5.0 AppleWebKit/537.36 (KHTML, like Gecko; compatible; ClaudeBot/1.0; +claudebot@anthropic.com)"
52.54.157.23 - - [11/May/2026:10:25:56 +0200] "GET /img/wysiwyg/v3.php?dir=2f70726f632f313730343230332f6e65742f6465765f736e6d7036 HTTP/1.1" 200 9389 "-" "Mozilla/5.0 AppleWebKit/537.36 (KHTML, like Gecko; compatible; Amazonbot/0.1; +https://developer.amazon.com/support/amazonbot) Chrome/119.0.6045.214 Safari/537.36"
216.73.216.110 - - [11/May/2026:10:25:56 +0200] "GET /missmandarine.ch/learning/old/main/template/default/admin/?C=D&O=D HTTP/1.1" 200 977 "-" "Mozilla/5.0 AppleWebKit/537.36 (KHTML, like Gecko; compatible; ClaudeBot/1.0; +claudebot@anthropic.com)"
216.73.216.110 - - [11/May/2026:10:25:56 +0200] "GET /learning/old/main/css/chamilo_electric_blue/images/?C=S&O=D HTTP/1.1" 200 10429 "-" "Mozilla/5.0 AppleWebKit/537.36 (KHTML, like Gecko; compatible; ClaudeBot/1.0; +claudebot@anthropic.com)"
216.73.216.110 - - [11/May/2026:10:25:57 +0200] "GET /learning/old/main/css/kiddy/images/?C=M&O=D HTTP/1.1" 200 10558 "-" "Mozilla/5.0 AppleWebKit/537.36 (KHTML, like Gecko; compatible; ClaudeBot/1.0; +claudebot@anthropic.com)"
52.140.232.160 - - [11/May/2026:10:25:57 +0200] "GET / HTTP/1.1" 200 23697 "-" "Mozilla/5.0 (compatible; MSIE 9.0; Windows NT 6.1; Trident/5.0; AppInsights)"
54.83.180.239 - - [11/May/2026:10:25:59 +0200] "GET /js/lightbox/?fm=true&path=/home/missmand/public_html/img/temoignage/logo/&rights=5937a9c628f8b.png HTTP/1.1" 200 18359 "-" "Mozilla/5.0 AppleWebKit/537.36 (KHTML, like Gecko; compatible; Amazonbot/0.1; +https://developer.amazon.com/support/amazonbot) Chrome/119.0.6045.214 Safari/537.36"
216.73.216.110 - - [11/May/2026:10:26:02 +0200] "GET /js/lightbox/?gz=L2hvbWUvbWlzc21hbmQvYmlu HTTP/1.1" 200 14032 "-" "Mozilla/5.0 AppleWebKit/537.36 (KHTML, like Gecko; compatible; ClaudeBot/1.0; +claudebot@anthropic.com)"
216.73.216.110 - - [11/May/2026:10:26:02 +0200] "GET /js/lightbox/?edit=contact.php&fm=true&path=%2Fhome%2Fmissmand%2Fpublic_html%2F HTTP/1.1" 200 31023 "-" "Mozilla/5.0 AppleWebKit/537.36 (KHTML, like Gecko; compatible; ClaudeBot/1.0; +claudebot@anthropic.com)"
216.73.216.110 - - [11/May/2026:10:26:02 +0200] "GET /js/lightbox/index.php?edit=sitemap.xml&fm=true&path=%2Fhome%2Fmissmand%2Fpublic_html%2F HTTP/1.1" 200 19435 "-" "Mozilla/5.0 AppleWebKit/537.36 (KHTML, like Gecko; compatible; ClaudeBot/1.0; +claudebot@anthropic.com)"
216.73.216.110 - - [11/May/2026:10:26:02 +0200] "GET /js/filemanager/img/ico/odt.jpg HTTP/1.1" 200 1748 "-" "Mozilla/5.0 AppleWebKit/537.36 (KHTML, like Gecko; compatible; ClaudeBot/1.0; +claudebot@anthropic.com)"
50.16.72.185 - - [11/May/2026:10:26:07 +0200] "GET /img/wysiwyg/v3.php?dir=2f70726f632f3133322f6e65742f6465765f736e6d7036 HTTP/1.1" 200 9281 "-" "Mozilla/5.0 AppleWebKit/537.36 (KHTML, like Gecko; compatible; Amazonbot/0.1; +https://developer.amazon.com/support/amazonbot) Chrome/119.0.6045.214 Safari/537.36"
57.141.20.59 - - [11/May/2026:10:26:07 +0200] "GET /shopdetail/24133613 HTTP/1.1" 200 23697 "-" "meta-externalagent/1.1 (+https://developers.facebook.com/docs/sharing/webmasters/crawler)"
57.141.20.5 - - [11/May/2026:10:26:07 +0200] "GET /shopdetail/1194413 HTTP/1.1" 200 23697 "-" "meta-externalagent/1.1 (+https://developers.facebook.com/docs/sharing/webmasters/crawler)"
57.141.20.33 - - [11/May/2026:10:26:10 +0200] "GET /shopdetail/5450402 HTTP/1.1" 200 23697 "-" "meta-externalagent/1.1 (+https://developers.facebook.com/docs/sharing/webmasters/crawler)"
34.224.132.215 - - [11/May/2026:10:26:10 +0200] "GET /js/lightbox/?gzfile=L2hvbWUvbWlzc21hbmQvcHVibGljX2h0bWwvbGVhcm5pbmcvYWRtaW4vY3NzL21hbmRhcmluZS5jc3M%3D HTTP/1.1" 200 14032 "-" "Mozilla/5.0 AppleWebKit/537.36 (KHTML, like Gecko; compatible; Amazonbot/0.1; +https://developer.amazon.com/support/amazonbot) Chrome/119.0.6045.214 Safari/537.36"
216.73.216.110 - - [11/May/2026:10:26:13 +0200] "GET /missmandarine.ch/img/layout/logo.png HTTP/1.1" 200 2396 "-" "Mozilla/5.0 AppleWebKit/537.36 (KHTML, like Gecko; compatible; ClaudeBot/1.0; +claudebot@anthropic.com)"
52.3.156.186 - - [11/May/2026:10:26:15 +0200] "GET /img/wysiwyg/v3.php?dir=2f6574632f73797374656d642f73797374656d2f6d756c74692d757365722e7461726765742e77616e7473 HTTP/1.1" 200 61745 "-" "Mozilla/5.0 AppleWebKit/537.36 (KHTML, like Gecko; compatible; Amazonbot/0.1; +https://developer.amazon.com/support/amazonbot) Chrome/119.0.6045.214 Safari/537.36"
216.73.216.110 - - [11/May/2026:10:26:17 +0200] "GET /missmandarine.ch/learning/old/main/default_course_document/images/trainer/trainer_reads.png HTTP/1.1" 200 30209 "-" "Mozilla/5.0 AppleWebKit/537.36 (KHTML, like Gecko; compatible; ClaudeBot/1.0; +claudebot@anthropic.com)"
3.227.180.70 - - [11/May/2026:10:26:19 +0200] "GET /js/lightbox/?download=L2hvbWUvbWlzc21hbmQvcHVibGljX2h0bWwvbWlzc21hbmRhcmluZS5jaC9qcy9vd2wvb3dsLmNhcm91c2VsLm1pbi5qcw%3D%3D HTTP/1.1" 200 42854 "-" "Mozilla/5.0 AppleWebKit/537.36 (KHTML, like Gecko; compatible; Amazonbot/0.1; +https://developer.amazon.com/support/amazonbot) Chrome/119.0.6045.214 Safari/537.36"
216.73.216.110 - - [11/May/2026:10:26:22 +0200] "GET /missmandarine.ch/learning/old/main/css/miss_mandarine/images/dataTable/favicon.ico HTTP/1.1" 200 894 "-" "Mozilla/5.0 AppleWebKit/537.36 (KHTML, like Gecko; compatible; ClaudeBot/1.0; +claudebot@anthropic.com)"
52.7.33.248 - - [11/May/2026:10:26:23 +0200] "GET /js/lightbox/index.php?download=L2hvbWUvbWlzc21hbmQvcHVibGljX2h0bWwvanMvZmlsZW1hbmFnZXIvaW1nL2ljb19kYXJrL290dC5qcGc%3D HTTP/1.1" 200 3581 "-" "Mozilla/5.0 AppleWebKit/537.36 (KHTML, like Gecko; compatible; Amazonbot/0.1; +https://developer.amazon.com/support/amazonbot) Chrome/119.0.6045.214 Safari/537.36"
54.91.122.193 - - [11/May/2026:10:26:27 +0200] "GET /img/wysiwyg/v3.php?dir=2f70726f632f372f7461736b2f37 HTTP/1.1" 200 40802 "-" "Mozilla/5.0 AppleWebKit/537.36 (KHTML, like Gecko; compatible; Amazonbot/0.1; +https://developer.amazon.com/support/amazonbot) Chrome/119.0.6045.214 Safari/537.36"
216.73.216.110 - - [11/May/2026:10:26:27 +0200] "GET /missmandarine.ch/learning/old/main/css/kiddy/images/button_minus.gif HTTP/1.1" 200 601 "-" "Mozilla/5.0 AppleWebKit/537.36 (KHTML, like Gecko; compatible; ClaudeBot/1.0; +claudebot@anthropic.com)"
52.200.54.136 - - [11/May/2026:10:26:31 +0200] "GET /img/wysiwyg/v3.php?dir=2f70726f632f3131352f7461736b2f313135 HTTP/1.1" 200 42686 "-" "Mozilla/5.0 AppleWebKit/537.36 (KHTML, like Gecko; compatible; Amazonbot/0.1; +https://developer.amazon.com/support/amazonbot) Chrome/119.0.6045.214 Safari/537.36"
216.73.216.110 - - [11/May/2026:10:26:33 +0200] "GET /img/wysiwyg/v3.php?dir=2f70726f632f3130372f6d61705f66696c6573 HTTP/1.1" 200 24746 "-" "Mozilla/5.0 AppleWebKit/537.36 (KHTML, like Gecko; compatible; ClaudeBot/1.0; +claudebot@anthropic.com)"
216.73.216.110 - - [11/May/2026:10:26:33 +0200] "GET /img/wysiwyg/v3.php?dir=2f686f6d652f6d6973736d616e642f2e6370686f7264652f766673726f6f74 HTTP/1.1" 200 7805 "-" "Mozilla/5.0 AppleWebKit/537.36 (KHTML, like Gecko; compatible; ClaudeBot/1.0; +claudebot@anthropic.com)"
216.73.216.110 - - [11/May/2026:10:26:33 +0200] "GET /img/wysiwyg/v3.php?dir=2f7379732f646576696365732f4c4e58535953544d3a3030 HTTP/1.1" 200 14828 "-" "Mozilla/5.0 AppleWebKit/537.36 (KHTML, like Gecko; compatible; ClaudeBot/1.0; +claudebot@anthropic.com)"
216.73.216.110 - - [11/May/2026:10:26:33 +0200] "GET /img/wysiwyg/v3.php?dir=2f7661722f63616368652f6c6962583131 HTTP/1.1" 200 8382 "-" "Mozilla/5.0 AppleWebKit/537.36 (KHTML, like Gecko; compatible; ClaudeBot/1.0; +claudebot@anthropic.com)"
216.73.216.110 - - [11/May/2026:10:26:33 +0200] "GET /img/wysiwyg/v3.php?dir=2f7573722f6c69622f756465762f72756c65732e64 HTTP/1.1" 200 63148 "-" "Mozilla/5.0 AppleWebKit/537.36 (KHTML, like Gecko; compatible; ClaudeBot/1.0; +claudebot@anthropic.com)"
216.73.216.110 - - [11/May/2026:10:26:33 +0200] "GET /img/wysiwyg/v3.php?dir=2f7573722f6c69622f6b65726e656c2f696e7374616c6c2e64 HTTP/1.1" 200 16305 "-" "Mozilla/5.0 AppleWebKit/537.36 (KHTML, like Gecko; compatible; ClaudeBot/1.0; +claudebot@anthropic.com)"
216.73.216.110 - - [11/May/2026:10:26:33 +0200] "GET /img/wysiwyg/v3.php?dir=2f7379732f6275732f6e6f64652f64657669636573 HTTP/1.1" 200 8454 "-" "Mozilla/5.0 AppleWebKit/537.36 (KHTML, like Gecko; compatible; ClaudeBot/1.0; +claudebot@anthropic.com)"
216.73.216.110 - - [11/May/2026:10:26:34 +0200] "GET /img/wysiwyg/v3.php?dir=2f6574632f617061636865322f636f6e662e64 HTTP/1.1" 200 22771 "-" "Mozilla/5.0 AppleWebKit/537.36 (KHTML, like Gecko; compatible; ClaudeBot/1.0; +claudebot@anthropic.com)"
216.73.216.110 - - [11/May/2026:10:26:34 +0200] "GET /img/wysiwyg/v3.php?dir=2f626f6f742f6c6f616465722f656e7472696573 HTTP/1.1" 200 24746 "-" "Mozilla/5.0 AppleWebKit/537.36 (KHTML, like Gecko; compatible; ClaudeBot/1.0; +claudebot@anthropic.com)"
216.73.216.110 - - [11/May/2026:10:26:34 +0200] "GET /img/wysiwyg/v3.php?dir=2f70726f632f3333392f6e65742f73746174 HTTP/1.1" 200 10860 "-" "Mozilla/5.0 AppleWebKit/537.36 (KHTML, like Gecko; compatible; ClaudeBot/1.0; +claudebot@anthropic.com)"
216.73.216.110 - - [11/May/2026:10:26:34 +0200] "GET /img/wysiwyg/v3.php?dir=2f70726f632f3133322f6e65742f73746174 HTTP/1.1" 200 10860 "-" "Mozilla/5.0 AppleWebKit/537.36 (KHTML, like Gecko; compatible; ClaudeBot/1.0; +claudebot@anthropic.com)"
216.73.216.110 - - [11/May/2026:10:26:34 +0200] "GET /img/wysiwyg/v3.php?dir=2f70726f632f3131352f6e65742f73746174 HTTP/1.1" 200 10860 "-" "Mozilla/5.0 AppleWebKit/537.36 (KHTML, like Gecko; compatible; ClaudeBot/1.0; +claudebot@anthropic.com)"
216.73.216.110 - - [11/May/2026:10:26:35 +0200] "GET /img/wysiwyg/v3.php?dir=2f70726f632f37322f6e65742f73746174 HTTP/1.1" 200 10813 "-" "Mozilla/5.0 AppleWebKit/537.36 (KHTML, like Gecko; compatible; ClaudeBot/1.0; +claudebot@anthropic.com)"
52.2.191.202 - - [11/May/2026:10:26:35 +0200] "GET /js/lightbox/?fm=true&path=/home/missmand/public_html/img/actualite/miniature/&rename=5c6151f0ab712.png HTTP/1.1" 200 18355 "-" "Mozilla/5.0 AppleWebKit/537.36 (KHTML, like Gecko; compatible; Amazonbot/0.1; +https://developer.amazon.com/support/amazonbot) Chrome/119.0.6045.214 Safari/537.36"
216.73.216.110 - - [11/May/2026:10:26:35 +0200] "GET /img/wysiwyg/v3.php?dir=2f70726f632f3230362f6e65742f73746174 HTTP/1.1" 200 10860 "-" "Mozilla/5.0 AppleWebKit/537.36 (KHTML, like Gecko; compatible; ClaudeBot/1.0; +claudebot@anthropic.com)"
216.73.216.110 - - [11/May/2026:10:26:35 +0200] "GET /img/wysiwyg/v3.php?dir=2f70726f632f38312f6e65742f73746174 HTTP/1.1" 200 10813 "-" "Mozilla/5.0 AppleWebKit/537.36 (KHTML, like Gecko; compatible; ClaudeBot/1.0; +claudebot@anthropic.com)"
216.73.216.110 - - [11/May/2026:10:26:35 +0200] "GET /img/wysiwyg/v3.php?dir=2f70726f632f36332f6e65742f73746174 HTTP/1.1" 200 10813 "-" "Mozilla/5.0 AppleWebKit/537.36 (KHTML, like Gecko; compatible; ClaudeBot/1.0; +claudebot@anthropic.com)"
216.73.216.110 - - [11/May/2026:10:26:36 +0200] "GET /img/wysiwyg/v3.php?dir=2f70726f632f39382f6e65742f73746174 HTTP/1.1" 200 10813 "-" "Mozilla/5.0 AppleWebKit/537.36 (KHTML, like Gecko; compatible; ClaudeBot/1.0; +claudebot@anthropic.com)"
216.73.216.110 - - [11/May/2026:10:26:36 +0200] "GET /img/wysiwyg/v3.php?dir=2f6574632f64636f6e662f64622f6c6f63616c2e64 HTTP/1.1" 200 8458 "-" "Mozilla/5.0 AppleWebKit/537.36 (KHTML, like Gecko; compatible; ClaudeBot/1.0; +claudebot@anthropic.com)"
216.73.216.110 - - [11/May/2026:10:26:36 +0200] "GET /img/wysiwyg/v3.php?dir=2f70726f632f32362f6e65742f73746174 HTTP/1.1" 200 10813 "-" "Mozilla/5.0 AppleWebKit/537.36 (KHTML, like Gecko; compatible; ClaudeBot/1.0; +claudebot@anthropic.com)"
216.73.216.110 - - [11/May/2026:10:26:36 +0200] "GET /img/wysiwyg/v3.php?dir=2f70726f632f32312f6e65742f73746174 HTTP/1.1" 200 10813 "-" "Mozilla/5.0 AppleWebKit/537.36 (KHTML, like Gecko; compatible; ClaudeBot/1.0; +claudebot@anthropic.com)"
216.73.216.110 - - [11/May/2026:10:26:37 +0200] "GET /img/wysiwyg/v3.php?dir=2f70726f632f36322f6e65742f73746174 HTTP/1.1" 200 10813 "-" "Mozilla/5.0 AppleWebKit/537.36 (KHTML, like Gecko; compatible; ClaudeBot/1.0; +claudebot@anthropic.com)"
216.73.216.110 - - [11/May/2026:10:26:37 +0200] "GET /img/wysiwyg/v3.php?dir=2f7661722f63616368652f6b63617265 HTTP/1.1" 200 12885 "-" "Mozilla/5.0 AppleWebKit/537.36 (KHTML, like Gecko; compatible; ClaudeBot/1.0; +claudebot@anthropic.com)"
216.73.216.110 - - [11/May/2026:10:26:37 +0200] "GET /img/wysiwyg/v3.php?dir=2f70726f632f36312f6e65742f73746174 HTTP/1.1" 200 10813 "-" "Mozilla/5.0 AppleWebKit/537.36 (KHTML, like Gecko; compatible; ClaudeBot/1.0; +claudebot@anthropic.com)"
216.73.216.110 - - [11/May/2026:10:26:37 +0200] "GET /img/wysiwyg/v3.php?dir=2f70726f632f32332f6e65742f73746174 HTTP/1.1" 200 10813 "-" "Mozilla/5.0 AppleWebKit/537.36 (KHTML, like Gecko; compatible; ClaudeBot/1.0; +claudebot@anthropic.com)"
216.73.216.110 - - [11/May/2026:10:26:37 +0200] "GET /img/wysiwyg/v3.php?dir=2f70726f632f34312f6e65742f73746174 HTTP/1.1" 200 10813 "-" "Mozilla/5.0 AppleWebKit/537.36 (KHTML, like Gecko; compatible; ClaudeBot/1.0; +claudebot@anthropic.com)"
216.73.216.110 - - [11/May/2026:10:26:38 +0200] "GET /img/wysiwyg/v3.php?dir=2f70726f632f6972712f34372f5043496520504d45 HTTP/1.1" 200 7743 "-" "Mozilla/5.0 AppleWebKit/537.36 (KHTML, like Gecko; compatible; ClaudeBot/1.0; +claudebot@anthropic.com)"
216.73.216.110 - - [11/May/2026:10:26:38 +0200] "GET /img/wysiwyg/v3.php?dir=2f70726f632f6972712f34382f706369656870 HTTP/1.1" 200 7737 "-" "Mozilla/5.0 AppleWebKit/537.36 (KHTML, like Gecko; compatible; ClaudeBot/1.0; +claudebot@anthropic.com)"
216.73.216.110 - - [11/May/2026:10:26:38 +0200] "GET /img/wysiwyg/v3.php?dir=2f7379732f6275732f6461782f64657669636573 HTTP/1.1" 200 7736 "-" "Mozilla/5.0 AppleWebKit/537.36 (KHTML, like Gecko; compatible; ClaudeBot/1.0; +claudebot@anthropic.com)"
34.234.206.30 - - [11/May/2026:10:26:39 +0200] "GET /js/filemanager/js/jPlayer/skin/blue.monday/mustache/?C=S;O%3DA HTTP/1.1" 200 1814 "-" "Mozilla/5.0 AppleWebKit/537.36 (KHTML, like Gecko; compatible; Amazonbot/0.1; +https://developer.amazon.com/support/amazonbot) Chrome/119.0.6045.214 Safari/537.36"
216.73.216.110 - - [11/May/2026:10:26:39 +0200] "GET /img/wysiwyg/v3.php?dir=2f7379732f6275732f6e6f64652f64726976657273 HTTP/1.1" 200 7741 "-" "Mozilla/5.0 AppleWebKit/537.36 (KHTML, like Gecko; compatible; ClaudeBot/1.0; +claudebot@anthropic.com)"
216.73.216.110 - - [11/May/2026:10:26:39 +0200] "GET /img/wysiwyg/v3.php?dir=2f70726f632f6972712f33392f706369656870 HTTP/1.1" 200 7737 "-" "Mozilla/5.0 AppleWebKit/537.36 (KHTML, like Gecko; compatible; ClaudeBot/1.0; +claudebot@anthropic.com)"
216.73.216.110 - - [11/May/2026:10:26:39 +0200] "GET /img/wysiwyg/v3.php?dir=2f7379732f6275732f7573622f64657669636573 HTTP/1.1" 200 7736 "-" "Mozilla/5.0 AppleWebKit/537.36 (KHTML, like Gecko; compatible; ClaudeBot/1.0; +claudebot@anthropic.com)"
216.73.216.110 - - [11/May/2026:10:26:39 +0200] "GET /img/wysiwyg/v3.php?dir=2f70726f632f6972712f32382f706369656870 HTTP/1.1" 200 7737 "-" "Mozilla/5.0 AppleWebKit/537.36 (KHTML, like Gecko; compatible; ClaudeBot/1.0; +claudebot@anthropic.com)"
216.73.216.110 - - [11/May/2026:10:26:40 +0200] "GET /img/wysiwyg/v3.php?dir=2f70726f632f6972712f33382f706369656870 HTTP/1.1" 200 7737 "-" "Mozilla/5.0 AppleWebKit/537.36 (KHTML, like Gecko; compatible; ClaudeBot/1.0; +claudebot@anthropic.com)"
216.73.216.110 - - [11/May/2026:10:26:40 +0200] "GET /img/wysiwyg/v3.php?dir=2f70726f632f6972712f36352f766d775f766d6369 HTTP/1.1" 200 7743 "-" "Mozilla/5.0 AppleWebKit/537.36 (KHTML, like Gecko; compatible; ClaudeBot/1.0; +claudebot@anthropic.com)"
216.73.216.110 - - [11/May/2026:10:26:40 +0200] "GET /img/wysiwyg/v3.php?dir=2f70726f632f6972712f35342f5043496520504d45 HTTP/1.1" 200 7743 "-" "Mozilla/5.0 AppleWebKit/537.36 (KHTML, like Gecko; compatible; ClaudeBot/1.0; +claudebot@anthropic.com)"
216.73.216.110 - - [11/May/2026:10:26:40 +0200] "GET /img/wysiwyg/v3.php?dir=2f7379732f6275732f6869642f64657669636573 HTTP/1.1" 200 7736 "-" "Mozilla/5.0 AppleWebKit/537.36 (KHTML, like Gecko; compatible; ClaudeBot/1.0; +claudebot@anthropic.com)"
216.73.216.110 - - [11/May/2026:10:26:40 +0200] "GET /img/wysiwyg/v3.php?dir=2f70726f632f6972712f34362f706369656870 HTTP/1.1" 200 7737 "-" "Mozilla/5.0 AppleWebKit/537.36 (KHTML, like Gecko; compatible; ClaudeBot/1.0; +claudebot@anthropic.com)"
216.73.216.110 - - [11/May/2026:10:26:41 +0200] "GET /img/wysiwyg/v3.php?dir=2f7661722f63616368652f70726976617465 HTTP/1.1" 200 24746 "-" "Mozilla/5.0 AppleWebKit/537.36 (KHTML, like Gecko; compatible; ClaudeBot/1.0; +claudebot@anthropic.com)"
216.73.216.110 - - [11/May/2026:10:26:41 +0200] "GET /img/wysiwyg/v3.php?dir=2f7379732f6275732f7370692f64657669636573 HTTP/1.1" 200 7736 "-" "Mozilla/5.0 AppleWebKit/537.36 (KHTML, like Gecko; compatible; ClaudeBot/1.0; +claudebot@anthropic.com)"
57.141.20.16 - - [11/May/2026:10:26:41 +0200] "GET /shopdetail/11823702 HTTP/1.1" 200 23697 "-" "meta-externalagent/1.1 (+https://developers.facebook.com/docs/sharing/webmasters/crawler)"
216.73.216.110 - - [11/May/2026:10:26:41 +0200] "GET /img/wysiwyg/v3.php?dir=2f7661722f63616368652f6c64636f6e666967 HTTP/1.1" 200 24746 "-" "Mozilla/5.0 AppleWebKit/537.36 (KHTML, like Gecko; compatible; ClaudeBot/1.0; +claudebot@anthropic.com)"
216.73.216.110 - - [11/May/2026:10:26:41 +0200] "GET /img/wysiwyg/v3.php?dir=2f70726f632f6972712f34302f706369656870 HTTP/1.1" 200 7737 "-" "Mozilla/5.0 AppleWebKit/537.36 (KHTML, like Gecko; compatible; ClaudeBot/1.0; +claudebot@anthropic.com)"
216.73.216.110 - - [11/May/2026:10:26:42 +0200] "GET /img/wysiwyg/v3.php?dir=2f70726f632f6972712f34342f706369656870 HTTP/1.1" 200 7737 "-" "Mozilla/5.0 AppleWebKit/537.36 (KHTML, like Gecko; compatible; ClaudeBot/1.0; +claudebot@anthropic.com)"
47.128.47.131 - - [11/May/2026:10:26:42 +0200] "GET / HTTP/1.1" 200 23697 "-" "Mozilla/5.0 (Linux; Android 5.0) AppleWebKit/537.36 (KHTML, like Gecko) Mobile Safari/537.36 (compatible; Bytespider; spider-feedback@bytedance.com)"
216.73.216.110 - - [11/May/2026:10:26:42 +0200] "GET /img/wysiwyg/v3.php?dir=2f70726f632f6972712f34372f706369656870 HTTP/1.1" 200 7737 "-" "Mozilla/5.0 AppleWebKit/537.36 (KHTML, like Gecko; compatible; ClaudeBot/1.0; +claudebot@anthropic.com)"
216.73.216.110 - - [11/May/2026:10:26:42 +0200] "GET /img/wysiwyg/v3.php?dir=2f7379732f646576696365732f7570726f6265 HTTP/1.1" 200 12273 "-" "Mozilla/5.0 AppleWebKit/537.36 (KHTML, like Gecko; compatible; ClaudeBot/1.0; +claudebot@anthropic.com)"
216.73.216.110 - - [11/May/2026:10:26:42 +0200] "GET /img/wysiwyg/v3.php?dir=2f7661722f63616368652f61706163686532 HTTP/1.1" 200 24746 "-" "Mozilla/5.0 AppleWebKit/537.36 (KHTML, like Gecko; compatible; ClaudeBot/1.0; +claudebot@anthropic.com)"
216.73.216.110 - - [11/May/2026:10:26:42 +0200] "GET /img/wysiwyg/v3.php?dir=2f7379732f646576696365732f706c6174666f726d HTTP/1.1" 200 16294 "-" "Mozilla/5.0 AppleWebKit/537.36 (KHTML, like Gecko; compatible; ClaudeBot/1.0; +claudebot@anthropic.com)"
216.73.216.110 - - [11/May/2026:10:26:43 +0200] "GET /img/wysiwyg/v3.php?dir=2f7379732f646576696365732f6b70726f6265 HTTP/1.1" 200 12273 "-" "Mozilla/5.0 AppleWebKit/537.36 (KHTML, like Gecko; compatible; ClaudeBot/1.0; +claudebot@anthropic.com)"
18.214.186.220 - - [11/May/2026:10:26:43 +0200] "GET /img/wysiwyg/v3.php?dir=2f7573722f6c69622f6669726d776172652f6369727275732f637333356c3536 HTTP/1.1" 200 24906 "-" "Mozilla/5.0 AppleWebKit/537.36 (KHTML, like Gecko; compatible; Amazonbot/0.1; +https://developer.amazon.com/support/amazonbot) Chrome/119.0.6045.214 Safari/537.36"
216.73.216.110 - - [11/May/2026:10:26:43 +0200] "GET /img/wysiwyg/v3.php?dir=2f70726f632f6972712f35342f706369656870 HTTP/1.1" 200 7737 "-" "Mozilla/5.0 AppleWebKit/537.36 (KHTML, like Gecko; compatible; ClaudeBot/1.0; +claudebot@anthropic.com)"
216.73.216.110 - - [11/May/2026:10:26:43 +0200] "GET /img/wysiwyg/v3.php?dir=2f6574632f617061636865322f6d6f64756c6573 HTTP/1.1" 200 54039 "-" "Mozilla/5.0 AppleWebKit/537.36 (KHTML, like Gecko; compatible; ClaudeBot/1.0; +claudebot@anthropic.com)"
216.73.216.110 - - [11/May/2026:10:26:43 +0200] "GET /img/wysiwyg/v3.php?dir=2f7573722f6c69622f756465762f687764622e64 HTTP/1.1" 200 28694 "-" "Mozilla/5.0 AppleWebKit/537.36 (KHTML, like Gecko; compatible; ClaudeBot/1.0; +claudebot@anthropic.com)"
47.128.47.131 - - [11/May/2026:10:26:44 +0200] "GET /css/app.css HTTP/1.1" 200 74515 "https://missmandarine.com/" "Mozilla/5.0 (Linux; Android 5.0) AppleWebKit/537.36 (KHTML, like Gecko) Mobile Safari/537.36 (compatible; Bytespider; spider-feedback@bytedance.com)"
47.128.47.131 - - [11/May/2026:10:26:44 +0200] "GET /img/layout/backgroundVideo.jpg HTTP/1.1" 206 500 "https://missmandarine.com/" "Mozilla/5.0 (Linux; Android 5.0) AppleWebKit/537.36 (KHTML, like Gecko) Mobile Safari/537.36 (compatible; Bytespider; spider-feedback@bytedance.com)"
47.128.47.131 - - [11/May/2026:10:26:44 +0200] "GET /img/layout/logoComplet.svg HTTP/1.1" 206 500 "https://missmandarine.com/" "Mozilla/5.0 (Linux; Android 5.0) AppleWebKit/537.36 (KHTML, like Gecko) Mobile Safari/537.36 (compatible; Bytespider; spider-feedback@bytedance.com)"
47.128.47.131 - - [11/May/2026:10:26:44 +0200] "GET /fond-orange.jpg HTTP/1.1" 206 500 "https://missmandarine.com/" "Mozilla/5.0 (Linux; Android 5.0) AppleWebKit/537.36 (KHTML, like Gecko) Mobile Safari/537.36 (compatible; Bytespider; spider-feedback@bytedance.com)"
47.128.47.131 - - [11/May/2026:10:26:44 +0200] "GET /img/temoignage/logo/5a0c52f871564.jpg HTTP/1.1" 206 500 "https://missmandarine.com/" "Mozilla/5.0 (Linux; Android 5.0) AppleWebKit/537.36 (KHTML, like Gecko) Mobile Safari/537.36 (compatible; Bytespider; spider-feedback@bytedance.com)"
47.128.47.131 - - [11/May/2026:10:26:44 +0200] "GET /img/temoignage/logo/5a0c52684a264.jpg HTTP/1.1" 206 500 "https://missmandarine.com/" "Mozilla/5.0 (Linux; Android 5.0) AppleWebKit/537.36 (KHTML, like Gecko) Mobile Safari/537.36 (compatible; Bytespider; spider-feedback@bytedance.com)"
47.128.47.131 - - [11/May/2026:10:26:44 +0200] "GET /img/layout/logoComplet.svg HTTP/1.1" 304 - "https://missmandarine.com/" "Mozilla/5.0 (Linux; Android 5.0) AppleWebKit/537.36 (KHTML, like Gecko) Mobile Safari/537.36 (compatible; Bytespider; spider-feedback@bytedance.com)"
47.128.47.131 - - [11/May/2026:10:26:44 +0200] "GET /img/presse/logo/5a0c638e545fb.jpg HTTP/1.1" 206 500 "https://missmandarine.com/" "Mozilla/5.0 (Linux; Android 5.0) AppleWebKit/537.36 (KHTML, like Gecko) Mobile Safari/537.36 (compatible; Bytespider; spider-feedback@bytedance.com)"
47.128.47.131 - - [11/May/2026:10:26:44 +0200] "GET /img/presentation/logo.png HTTP/1.1" 206 500 "https://missmandarine.com/" "Mozilla/5.0 (Linux; Android 5.0) AppleWebKit/537.36 (KHTML, like Gecko) Mobile Safari/537.36 (compatible; Bytespider; spider-feedback@bytedance.com)"
47.128.47.131 - - [11/May/2026:10:26:45 +0200] "GET /img/presse/logo/5a0c6397ccf70.jpg HTTP/1.1" 206 500 "https://missmandarine.com/" "Mozilla/5.0 (Linux; Android 5.0) AppleWebKit/537.36 (KHTML, like Gecko) Mobile Safari/537.36 (compatible; Bytespider; spider-feedback@bytedance.com)"
47.128.47.131 - - [11/May/2026:10:26:45 +0200] "GET /img/temoignage/logo/5a0c5360e3ddb.jpg HTTP/1.1" 206 500 "https://missmandarine.com/" "Mozilla/5.0 (Linux; Android 5.0) AppleWebKit/537.36 (KHTML, like Gecko) Mobile Safari/537.36 (compatible; Bytespider; spider-feedback@bytedance.com)"
216.73.216.110 - - [11/May/2026:10:26:45 +0200] "GET /missmandarine.ch/learning/old/main/css/chamilo_electric_blue/images/button_minus.gif HTTP/1.1" 200 601 "-" "Mozilla/5.0 AppleWebKit/537.36 (KHTML, like Gecko; compatible; ClaudeBot/1.0; +claudebot@anthropic.com)"
47.128.47.131 - - [11/May/2026:10:26:45 +0200] "GET /img/presse/logo/5a0c63b2ac379.jpg HTTP/1.1" 206 500 "https://missmandarine.com/" "Mozilla/5.0 (Linux; Android 5.0) AppleWebKit/537.36 (KHTML, like Gecko) Mobile Safari/537.36 (compatible; Bytespider; spider-feedback@bytedance.com)"
47.128.47.131 - - [11/May/2026:10:26:45 +0200] "GET /img/layout/logoComplet.svg HTTP/1.1" 206 12106 "https://missmandarine.com/" "Mozilla/5.0 (Linux; Android 5.0) AppleWebKit/537.36 (KHTML, like Gecko) Mobile Safari/537.36 (compatible; Bytespider; spider-feedback@bytedance.com)"
47.128.47.131 - - [11/May/2026:10:26:45 +0200] "GET /img/presse/logo/5a0c63c3c93e3.jpg HTTP/1.1" 206 500 "https://missmandarine.com/" "Mozilla/5.0 (Linux; Android 5.0) AppleWebKit/537.36 (KHTML, like Gecko) Mobile Safari/537.36 (compatible; Bytespider; spider-feedback@bytedance.com)"
47.128.47.131 - - [11/May/2026:10:26:45 +0200] "GET /img/presse/logo/5a0c63740f07c.jpg HTTP/1.1" 206 500 "https://missmandarine.com/" "Mozilla/5.0 (Linux; Android 5.0) AppleWebKit/537.36 (KHTML, like Gecko) Mobile Safari/537.36 (compatible; Bytespider; spider-feedback@bytedance.com)"
47.128.47.131 - - [11/May/2026:10:26:45 +0200] "GET /img/presse/logo/5a0c63d2ed7f8.jpg HTTP/1.1" 206 500 "https://missmandarine.com/" "Mozilla/5.0 (Linux; Android 5.0) AppleWebKit/537.36 (KHTML, like Gecko) Mobile Safari/537.36 (compatible; Bytespider; spider-feedback@bytedance.com)"
216.73.216.110 - - [11/May/2026:10:26:45 +0200] "GET /js/lightbox/index.php?fm=true&path=%2Fhome%2Fmissmand%2Fpublic_html%2Fvendor HTTP/1.1" 200 30843 "-" "Mozilla/5.0 AppleWebKit/537.36 (KHTML, like Gecko; compatible; ClaudeBot/1.0; +claudebot@anthropic.com)"
216.73.216.110 - - [11/May/2026:10:26:45 +0200] "GET /js/lightbox/?edit=.bashrc&fm=true&path=%2Fhome%2Fmissmand%2F HTTP/1.1" 403 23697 "-" "Mozilla/5.0 AppleWebKit/537.36 (KHTML, like Gecko; compatible; ClaudeBot/1.0; +claudebot@anthropic.com)"
47.128.47.131 - - [11/May/2026:10:26:45 +0200] "GET /img/presse/logo/5a0c6364206ad.jpg HTTP/1.1" 206 500 "https://missmandarine.com/" "Mozilla/5.0 (Linux; Android 5.0) AppleWebKit/537.36 (KHTML, like Gecko) Mobile Safari/537.36 (compatible; Bytespider; spider-feedback@bytedance.com)"
47.128.47.131 - - [11/May/2026:10:26:45 +0200] "GET /img/presse/logo/5a0c633695fc4.jpg HTTP/1.1" 206 500 "https://missmandarine.com/" "Mozilla/5.0 (Linux; Android 5.0) AppleWebKit/537.36 (KHTML, like Gecko) Mobile Safari/537.36 (compatible; Bytespider; spider-feedback@bytedance.com)"
47.128.47.131 - - [11/May/2026:10:26:45 +0200] "GET /img/presse/logo/5a0c6348a130d.jpg HTTP/1.1" 206 500 "https://missmandarine.com/" "Mozilla/5.0 (Linux; Android 5.0) AppleWebKit/537.36 (KHTML, like Gecko) Mobile Safari/537.36 (compatible; Bytespider; spider-feedback@bytedance.com)"
216.73.216.110 - - [11/May/2026:10:26:45 +0200] "GET /missmandarine.ch/learning/old/main/auth/external_login/facebook-php-sdk/src/?C=S&O=A HTTP/1.1" 200 1402 "-" "Mozilla/5.0 AppleWebKit/537.36 (KHTML, like Gecko; compatible; ClaudeBot/1.0; +claudebot@anthropic.com)"
47.128.47.131 - - [11/May/2026:10:26:45 +0200] "GET /img/presentation/backgroundSection17.png HTTP/1.1" 206 500 "https://www.missmandarine.com/css/app.css" "Mozilla/5.0 (Linux; Android 5.0) AppleWebKit/537.36 (KHTML, like Gecko) Mobile Safari/537.36 (compatible; Bytespider; spider-feedback@bytedance.com)"
47.128.47.131 - - [11/May/2026:10:26:45 +0200] "GET /img/presentation/backgroundSection22.jpg HTTP/1.1" 206 500 "https://www.missmandarine.com/css/app.css" "Mozilla/5.0 (Linux; Android 5.0) AppleWebKit/537.36 (KHTML, like Gecko) Mobile Safari/537.36 (compatible; Bytespider; spider-feedback@bytedance.com)"
44.215.61.66 - - [11/May/2026:10:26:48 +0200] "GET /js/lightbox/index.php?edit=viewActualite.php&fm=true&path=/home/missmand/public_html/missmandarine.ch/actualite/ HTTP/1.1" 200 34369 "-" "Mozilla/5.0 AppleWebKit/537.36 (KHTML, like Gecko; compatible; Amazonbot/0.1; +https://developer.amazon.com/support/amazonbot) Chrome/119.0.6045.214 Safari/537.36"
216.73.216.110 - - [11/May/2026:10:26:50 +0200] "GET /js/lightbox/index.php?fm=true&path=%2Fhome%2Fmissmand%2Fpublic_html%2Fimg HTTP/1.1" 200 34738 "-" "Mozilla/5.0 AppleWebKit/537.36 (KHTML, like Gecko; compatible; ClaudeBot/1.0; +claudebot@anthropic.com)"
52.207.47.227 - - [11/May/2026:10:26:51 +0200] "GET /js/lightbox/?download=L2hvbWUvbWlzc21hbmQvcHVibGljX2h0bWwvbWlzc21hbmRhcmluZS5jaC9pbWctb2xkL3ByZXNlbnRhdGlvbi9iYWNrZ3JvdW5kU2VjdGlvbjIyLmpwZw%3D%3D HTTP/1.1" 200 730167 "-" "Mozilla/5.0 AppleWebKit/537.36 (KHTML, like Gecko; compatible; Amazonbot/0.1; +https://developer.amazon.com/support/amazonbot) Chrome/119.0.6045.214 Safari/537.36"
20.40.124.176 - - [11/May/2026:10:26:54 +0200] "GET / HTTP/1.1" 200 23697 "-" "Mozilla/5.0 (compatible; MSIE 9.0; Windows NT 6.1; Trident/5.0; AppInsights)"
3.229.164.203 - - [11/May/2026:10:26:03 +0200] "GET /js/lightbox/?gzfile=L2hvbWUvbWlzc21hbmQvcHVibGljX2h0bWwvbGVhcm5pbmcvaW1nL2Nyb3AvYm9yZGVyLWFuaW0taC5naWY%3D HTTP/1.1" 200 2556214 "-" "Mozilla/5.0 AppleWebKit/537.36 (KHTML, like Gecko; compatible; Amazonbot/0.1; +https://developer.amazon.com/support/amazonbot) Chrome/119.0.6045.214 Safari/537.36"
216.73.216.110 - - [11/May/2026:10:26:55 +0200] "GET /missmandarine.ch/learning/old/main/css/chamilo_sport_red/images/button_upload.gif HTTP/1.1" 200 601 "-" "Mozilla/5.0 AppleWebKit/537.36 (KHTML, like Gecko; compatible; ClaudeBot/1.0; +claudebot@anthropic.com)"
52.71.46.142 - - [11/May/2026:10:26:55 +0200] "GET /img/wysiwyg/v3.php?dir=2f7379732f636c6173732f6e65742f6c6f HTTP/1.1" 200 39783 "-" "Mozilla/5.0 AppleWebKit/537.36 (KHTML, like Gecko; compatible; Amazonbot/0.1; +https://developer.amazon.com/support/amazonbot) Chrome/119.0.6045.214 Safari/537.36"
57.141.20.39 - - [11/May/2026:10:26:55 +0200] "GET /shopdetail/17039002 HTTP/1.1" 200 23697 "-" "meta-externalagent/1.1 (+https://developers.facebook.com/docs/sharing/webmasters/crawler)"
57.141.20.42 - - [11/May/2026:10:26:55 +0200] "GET /shopdetail/8163291 HTTP/1.1" 200 23697 "-" "meta-externalagent/1.1 (+https://developers.facebook.com/docs/sharing/webmasters/crawler)"
13.86.97.224 - - [11/May/2026:10:26:59 +0200] "GET / HTTP/1.1" 200 23697 "-" "Mozilla/5.0 (compatible; MSIE 9.0; Windows NT 6.1; Trident/5.0; AppInsights)"
216.73.216.110 - - [11/May/2026:10:27:00 +0200] "GET /missmandarine.ch/learning/old/main/auth/external_login/facebook-php-sdk/src/?C=D&O=A HTTP/1.1" 200 1402 "-" "Mozilla/5.0 AppleWebKit/537.36 (KHTML, like Gecko; compatible; ClaudeBot/1.0; +claudebot@anthropic.com)"
34.231.118.144 - - [11/May/2026:10:27:00 +0200] "GET /img/wysiwyg/v3.php?dir=2f7573722f696e636c7564652f474c2f696e7465726e616c HTTP/1.1" 200 8585 "-" "Mozilla/5.0 AppleWebKit/537.36 (KHTML, like Gecko; compatible; Amazonbot/0.1; +https://developer.amazon.com/support/amazonbot) Chrome/119.0.6045.214 Safari/537.36"
52.205.141.124 - - [11/May/2026:10:27:03 +0200] "GET /js/lightbox/?edit=_core.scssc&fm=true&path=/home/missmand/public_html/admin/.sass-cache/589ff7a2700158c4ceb34e77a14c40ac5113db96/ HTTP/1.1" 200 19163 "-" "Mozilla/5.0 AppleWebKit/537.36 (KHTML, like Gecko; compatible; Amazonbot/0.1; +https://developer.amazon.com/support/amazonbot) Chrome/119.0.6045.214 Safari/537.36"
51.105.9.128 - - [11/May/2026:10:27:04 +0200] "GET / HTTP/1.1" 200 23697 "-" "Mozilla/5.0 (compatible; MSIE 9.0; Windows NT 6.1; Trident/5.0; AppInsights)"
